{"id":6636,"date":"2025-09-05T06:27:45","date_gmt":"2025-09-05T06:27:45","guid":{"rendered":"http:\/\/www.pro-vo.at\/?page_id=6636"},"modified":"2026-04-29T09:58:37","modified_gmt":"2026-04-29T09:58:37","slug":"katarina-milisavljevic","status":"publish","type":"page","link":"https:\/\/www.pro-vo.at\/index.php\/lehrer\/katarina-milisavljevic\/","title":{"rendered":"katarina milisavljevic"},"content":{"rendered":"<h1>Katarina Milisavljevi\u0107 Fussenegger<\/h1>\n<p><a href=\"http:\/\/www.pro-vo.at\/wp-content\/uploads\/2025\/09\/Katarina-SW.jpg\" data-rel=\"lightbox-gallery-CQrLs7fu\" data-rl_title=\"Katarina SW\" data-rl_caption=\"\" title=\"Katarina SW\"><img loading=\"lazy\" decoding=\"async\" class=\"alignnone size-thumbnail wp-image-6637\" src=\"http:\/\/www.pro-vo.at\/wp-content\/uploads\/2025\/09\/Katarina-SW-111x150.jpg\" alt=\"\" width=\"111\" height=\"150\" srcset=\"https:\/\/www.pro-vo.at\/wp-content\/uploads\/2025\/09\/Katarina-SW-111x150.jpg 111w, https:\/\/www.pro-vo.at\/wp-content\/uploads\/2025\/09\/Katarina-SW-222x300.jpg 222w, https:\/\/www.pro-vo.at\/wp-content\/uploads\/2025\/09\/Katarina-SW.jpg 318w\" sizes=\"auto, (max-width: 111px) 100vw, 111px\" \/><\/a><\/p>\n<p>Violine<\/p>\n<p>Beginn der musikalischen Ausbildung auf der Geige mit acht Jahren.<\/p>\n<p>K\u00fcnstlerische Impulse erhielt sie sowohl durch die bedeutendsten serbischen Professoren<br \/>\nals auch durch international renommierte Professorinnen und Professoren wie Sergiu Schwartz,<br \/>\nFederico Pivato, Hanna Melnyk, Tymur Melnyk, Suyeon Kang und Dominika Falger.<\/p>\n<p>Studium an der Musik und Kunst Privatuniversit\u00e4t der Stadt Wien,<br \/>\nMaster of Arts Education (MAE) Geige, Abschluss Februar 2024<\/p>\n<p>Studium Richard Wagner Konservatorium, Konzertfach Geige, Diplomabschluss 2020<\/p>\n<p>Preise und Auszeichnungen:<br \/>\nYoung Virtuosa \u2013 Belgrad<br \/>\nEugen Cuteanu \u2013 Rum\u00e4nien<br \/>\nAlma Cornea Ionescu \u2013 Rum\u00e4nien<br \/>\nNMGCS III International Ensemble competition \u2013 New York\u2026.<\/p>\n<p>Teilnahmen an Projekten und Festivals:<br \/>\nWiener Jeunesse Orchester<br \/>\nJunge Philharmonie Wien<\/p>\n<p>Tiroler Festspiele Erl<\/p>\n<p>Oper im Berg Festival<br \/>\nJunge Brucknertage<\/p>\n<p>Wiener Festwochen<\/p>\n<p>\u00d6st Ensemble\u2026.<\/p>\n<p>Meisterkurse:<br \/>\nTrio \u201eTimbre\u201c der Belgrader Philharmoniker \u2013 Belgrad 2012<br \/>\nAssociazione Mozart Italia \u2013 Narni, Italien 2012 und 2013<br \/>\nEufonia Festival \u2013 Timisoara 2019<br \/>\nKulturwelten Summer Academy 2021<\/p>\n<p>Orchesterakademie der Tiroler Festspiele Erl 2018<\/p>\n<p>Unterrichtserfahrung:<br \/>\nDie soziale Musikschule DoReMi<br \/>\nEl Sistema Austria Musikschule<\/p>\n<p>Unterrichtsphilosophie:<\/p>\n<p>Wichtig ist die Schaffung von Vertrauen und Offenheit im Unterricht.<br \/>\nPers\u00f6nliche Lehrpl\u00e4ne, die die technischen und kreativen Aspekte des Geigenspiels erm\u00f6glichen.<br \/>\nEine positive Lernumgebung, wo nicht nur musikalische Entwicklung,<br \/>\nsondern auch soziale F\u00e4higkeiten und Selbstvertrauen gest\u00e4rkt werden.<\/p>\n<p>Unterrichtssprache:<br \/>\nDeutsch, Englisch, BKS<\/p>\n<p><a href=\"http:\/\/www.pro-vo.at\/index.php\/lehrer\/\">Zur\u00fcck zum Team<\/a><\/p>\n","protected":false},"excerpt":{"rendered":"<p>Katarina Milisavljevi\u0107 Fussenegger Violine Beginn der musikalischen Ausbildung auf der Geige mit acht Jahren. K\u00fcnstlerische Impulse erhielt sie sowohl durch die bedeutendsten serbischen Professoren als auch durch international renommierte Professorinnen und Professoren wie Sergiu Schwartz, Federico Pivato, Hanna Melnyk, Tymur Melnyk, Suyeon Kang und Dominika Falger. Studium an der Musik und Kunst Privatuniversit\u00e4t der Stadt &#8230; <a title=\"katarina milisavljevic\" class=\"read-more\" href=\"https:\/\/www.pro-vo.at\/index.php\/lehrer\/katarina-milisavljevic\/\" aria-label=\"Mehr Informationen \u00fcber katarina milisavljevic\">Weiterlesen<\/a><\/p>\n","protected":false},"author":1,"featured_media":0,"parent":26,"menu_order":0,"comment_status":"closed","ping_status":"closed","template":"","meta":{"footnotes":""},"class_list":["post-6636","page","type-page","status-publish"],"_links":{"self":[{"href":"https:\/\/www.pro-vo.at\/index.php\/wp-json\/wp\/v2\/pages\/6636","targetHints":{"allow":["GET"]}}],"collection":[{"href":"https:\/\/www.pro-vo.at\/index.php\/wp-json\/wp\/v2\/pages"}],"about":[{"href":"https:\/\/www.pro-vo.at\/index.php\/wp-json\/wp\/v2\/types\/page"}],"author":[{"embeddable":true,"href":"https:\/\/www.pro-vo.at\/index.php\/wp-json\/wp\/v2\/users\/1"}],"replies":[{"embeddable":true,"href":"https:\/\/www.pro-vo.at\/index.php\/wp-json\/wp\/v2\/comments?post=6636"}],"version-history":[{"count":5,"href":"https:\/\/www.pro-vo.at\/index.php\/wp-json\/wp\/v2\/pages\/6636\/revisions"}],"predecessor-version":[{"id":6955,"href":"https:\/\/www.pro-vo.at\/index.php\/wp-json\/wp\/v2\/pages\/6636\/revisions\/6955"}],"up":[{"embeddable":true,"href":"https:\/\/www.pro-vo.at\/index.php\/wp-json\/wp\/v2\/pages\/26"}],"wp:attachment":[{"href":"https:\/\/www.pro-vo.at\/index.php\/wp-json\/wp\/v2\/media?parent=6636"}],"curies":[{"name":"wp","href":"https:\/\/api.w.org\/{rel}","templated":true}]}}

<h1>Katarina Milisavljević Fussenegger</h1>
<p><a href="http://www.pro-vo.at/wp-content/uploads/2025/09/Katarina-SW.jpg" data-rel="lightbox-gallery-CQrLs7fu" data-rl_title="Katarina SW" data-rl_caption="" title="Katarina SW"><img loading="lazy" decoding="async" class="alignnone size-thumbnail wp-image-6637" src="http://www.pro-vo.at/wp-content/uploads/2025/09/Katarina-SW-111x150.jpg" alt="" width="111" height="150" srcset="https://www.pro-vo.at/wp-content/uploads/2025/09/Katarina-SW-111x150.jpg 111w, https://www.pro-vo.at/wp-content/uploads/2025/09/Katarina-SW-222x300.jpg 222w, https://www.pro-vo.at/wp-content/uploads/2025/09/Katarina-SW.jpg 318w" sizes="auto, (max-width: 111px) 100vw, 111px" /></a></p>
<p>Violine</p>
<p>Beginn der musikalischen Ausbildung auf der Geige mit acht Jahren.</p>
<p>Künstlerische Impulse erhielt sie sowohl durch die bedeutendsten serbischen Professoren<br />
als auch durch international renommierte Professorinnen und Professoren wie Sergiu Schwartz,<br />
Federico Pivato, Hanna Melnyk, Tymur Melnyk, Suyeon Kang und Dominika Falger.</p>
<p>Studium an der Musik und Kunst Privatuniversität der Stadt Wien,<br />
Master of Arts Education (MAE) Geige, Abschluss Februar 2024</p>
<p>Studium Richard Wagner Konservatorium, Konzertfach Geige, Diplomabschluss 2020</p>
<p>Preise und Auszeichnungen:<br />
Young Virtuosa – Belgrad<br />
Eugen Cuteanu – Rumänien<br />
Alma Cornea Ionescu – Rumänien<br />
NMGCS III International Ensemble competition – New York….</p>
<p>Teilnahmen an Projekten und Festivals:<br />
Wiener Jeunesse Orchester<br />
Junge Philharmonie Wien</p>
<p>Tiroler Festspiele Erl</p>
<p>Oper im Berg Festival<br />
Junge Brucknertage</p>
<p>Wiener Festwochen</p>
<p>Öst Ensemble….</p>
<p>Meisterkurse:<br />
Trio „Timbre“ der Belgrader Philharmoniker – Belgrad 2012<br />
Associazione Mozart Italia – Narni, Italien 2012 und 2013<br />
Eufonia Festival – Timisoara 2019<br />
Kulturwelten Summer Academy 2021</p>
<p>Orchesterakademie der Tiroler Festspiele Erl 2018</p>
<p>Unterrichtserfahrung:<br />
Die soziale Musikschule DoReMi<br />
El Sistema Austria Musikschule</p>
<p>Unterrichtsphilosophie:</p>
<p>Wichtig ist die Schaffung von Vertrauen und Offenheit im Unterricht.<br />
Persönliche Lehrpläne, die die technischen und kreativen Aspekte des Geigenspiels ermöglichen.<br />
Eine positive Lernumgebung, wo nicht nur musikalische Entwicklung,<br />
sondern auch soziale Fähigkeiten und Selbstvertrauen gestärkt werden.</p>
<p>Unterrichtssprache:<br />
Deutsch, Englisch, BKS</p>
<p><a href="http://www.pro-vo.at/index.php/lehrer/">Zurück zum Team</a></p>

<p>Katarina Milisavljević Fussenegger Violine Beginn der musikalischen Ausbildung auf der Geige mit acht Jahren. Künstlerische Impulse erhielt sie sowohl durch die bedeutendsten serbischen Professoren als auch durch international renommierte Professorinnen und Professoren wie Sergiu Schwartz, Federico Pivato, Hanna Melnyk, Tymur Melnyk, Suyeon Kang und Dominika Falger. Studium an der Musik und Kunst Privatuniversität der Stadt &#8230; <a title="katarina milisavljevic" class="read-more" href="https://www.pro-vo.at/index.php/lehrer/katarina-milisavljevic/" aria-label="Mehr Informationen über katarina milisavljevic">Weiterlesen</a></p>
