{"id":6625,"date":"2025-09-04T07:14:24","date_gmt":"2025-09-04T07:14:24","guid":{"rendered":"http:\/\/www.pro-vo.at\/?page_id=6625"},"modified":"2025-09-20T17:28:28","modified_gmt":"2025-09-20T17:28:28","slug":"max-leon-gutierrez","status":"publish","type":"page","link":"https:\/\/www.pro-vo.at\/index.php\/lehrer\/max-leon-gutierrez\/","title":{"rendered":"max leon gutierrez"},"content":{"rendered":"<h1 class=\"html-h1 xdj266r x14z9mp xat24cr x1lziwak xexx8yu xyri2b x18d9i69 x1c1uobl x1vvkbs x1heor9g x1qlqyl8 x1pd3egz x1a2a7pz\">Max Leon Gutierrez<\/h1>\n<p><a href=\"http:\/\/www.pro-vo.at\/wp-content\/uploads\/2025\/09\/Max-Leon-Foto-SW.jpg\" data-rel=\"lightbox-gallery-361nLLXP\" data-rl_title=\"Max Leon Foto SW\" data-rl_caption=\"\" title=\"Max Leon Foto SW\"><img loading=\"lazy\" decoding=\"async\" class=\"alignnone size-thumbnail wp-image-6626\" src=\"http:\/\/www.pro-vo.at\/wp-content\/uploads\/2025\/09\/Max-Leon-Foto-SW-99x150.jpg\" alt=\"\" width=\"99\" height=\"150\" srcset=\"https:\/\/www.pro-vo.at\/wp-content\/uploads\/2025\/09\/Max-Leon-Foto-SW-99x150.jpg 99w, https:\/\/www.pro-vo.at\/wp-content\/uploads\/2025\/09\/Max-Leon-Foto-SW.jpg 142w\" sizes=\"auto, (max-width: 99px) 100vw, 99px\" \/><\/a><\/p>\n<p>Percussion, Gitarre, Panfl\u00f6te<\/p>\n<p>&nbsp;<\/p>\n<p>&#8230;der musikalische Lebenslauf von Max folgt demn\u00e4chst&#8230;.<\/p>\n<p>&nbsp;<\/p>\n<p><a href=\"http:\/\/www.pro-vo.at\/index.php\/lehrer\/\">Zur\u00fcck zum Team<\/a><\/p>\n","protected":false},"excerpt":{"rendered":"<p>Max Leon Gutierrez Percussion, Gitarre, Panfl\u00f6te &nbsp; &#8230;der musikalische Lebenslauf von Max folgt demn\u00e4chst&#8230;. &nbsp; Zur\u00fcck zum Team<\/p>\n","protected":false},"author":1,"featured_media":0,"parent":26,"menu_order":0,"comment_status":"closed","ping_status":"closed","template":"","meta":{"footnotes":""},"class_list":["post-6625","page","type-page","status-publish"],"_links":{"self":[{"href":"https:\/\/www.pro-vo.at\/index.php\/wp-json\/wp\/v2\/pages\/6625","targetHints":{"allow":["GET"]}}],"collection":[{"href":"https:\/\/www.pro-vo.at\/index.php\/wp-json\/wp\/v2\/pages"}],"about":[{"href":"https:\/\/www.pro-vo.at\/index.php\/wp-json\/wp\/v2\/types\/page"}],"author":[{"embeddable":true,"href":"https:\/\/www.pro-vo.at\/index.php\/wp-json\/wp\/v2\/users\/1"}],"replies":[{"embeddable":true,"href":"https:\/\/www.pro-vo.at\/index.php\/wp-json\/wp\/v2\/comments?post=6625"}],"version-history":[{"count":4,"href":"https:\/\/www.pro-vo.at\/index.php\/wp-json\/wp\/v2\/pages\/6625\/revisions"}],"predecessor-version":[{"id":6676,"href":"https:\/\/www.pro-vo.at\/index.php\/wp-json\/wp\/v2\/pages\/6625\/revisions\/6676"}],"up":[{"embeddable":true,"href":"https:\/\/www.pro-vo.at\/index.php\/wp-json\/wp\/v2\/pages\/26"}],"wp:attachment":[{"href":"https:\/\/www.pro-vo.at\/index.php\/wp-json\/wp\/v2\/media?parent=6625"}],"curies":[{"name":"wp","href":"https:\/\/api.w.org\/{rel}","templated":true}]}}

<h1 class="html-h1 xdj266r x14z9mp xat24cr x1lziwak xexx8yu xyri2b x18d9i69 x1c1uobl x1vvkbs x1heor9g x1qlqyl8 x1pd3egz x1a2a7pz">Max Leon Gutierrez</h1>
<p><a href="http://www.pro-vo.at/wp-content/uploads/2025/09/Max-Leon-Foto-SW.jpg" data-rel="lightbox-gallery-361nLLXP" data-rl_title="Max Leon Foto SW" data-rl_caption="" title="Max Leon Foto SW"><img loading="lazy" decoding="async" class="alignnone size-thumbnail wp-image-6626" src="http://www.pro-vo.at/wp-content/uploads/2025/09/Max-Leon-Foto-SW-99x150.jpg" alt="" width="99" height="150" srcset="https://www.pro-vo.at/wp-content/uploads/2025/09/Max-Leon-Foto-SW-99x150.jpg 99w, https://www.pro-vo.at/wp-content/uploads/2025/09/Max-Leon-Foto-SW.jpg 142w" sizes="auto, (max-width: 99px) 100vw, 99px" /></a></p>
<p>Percussion, Gitarre, Panflöte</p>
<p>&nbsp;</p>
<p>&#8230;der musikalische Lebenslauf von Max folgt demnächst&#8230;.</p>
<p>&nbsp;</p>
<p><a href="http://www.pro-vo.at/index.php/lehrer/">Zurück zum Team</a></p>

<p>Max Leon Gutierrez Percussion, Gitarre, Panflöte &nbsp; &#8230;der musikalische Lebenslauf von Max folgt demnächst&#8230;. &nbsp; Zurück zum Team</p>
