{"id":5937,"date":"2023-08-20T16:13:14","date_gmt":"2023-08-20T16:13:14","guid":{"rendered":"http:\/\/www.pro-vo.at\/?page_id=5937"},"modified":"2025-09-20T17:33:15","modified_gmt":"2025-09-20T17:33:15","slug":"paul-straznicky","status":"publish","type":"page","link":"https:\/\/www.pro-vo.at\/index.php\/lehrer\/paul-straznicky\/","title":{"rendered":"paul straznicky"},"content":{"rendered":"<h1><span style=\"font-size: large;\"><b>Paul Straznicky<\/b><\/span><\/h1>\n<p><a href=\"http:\/\/www.pro-vo.at\/wp-content\/uploads\/2023\/08\/Foto-Paul.jpg\" data-rel=\"lightbox-gallery-hPtPKkRZ\" data-rl_title=\"Foto Paul\" data-rl_caption=\"\" title=\"Foto Paul\"><img loading=\"lazy\" decoding=\"async\" class=\"alignnone size-full wp-image-5938\" src=\"http:\/\/www.pro-vo.at\/wp-content\/uploads\/2023\/08\/Foto-Paul.jpg\" alt=\"\" width=\"198\" height=\"290\" srcset=\"https:\/\/www.pro-vo.at\/wp-content\/uploads\/2023\/08\/Foto-Paul.jpg 198w, https:\/\/www.pro-vo.at\/wp-content\/uploads\/2023\/08\/Foto-Paul-102x150.jpg 102w\" sizes=\"auto, (max-width: 198px) 100vw, 198px\" \/><\/a><\/p>\n<p><strong>Akustik Gitarre &amp; E-Gitarre<\/strong><\/p>\n<p>Geboren 1999 in Wien<\/p>\n<p>Mit 9 Jahren Beginn des Gitarrespielens bei verschiedenen Lehrern<br \/>\n2018 Matura (unter anderem in Musik und Gitarre) am BORG Hegelgasse 12 in Wien<br \/>\nSeit 2019 Bachelorstudium an der Universit\u00e4t f\u00fcr Musik und darstellende Kunst Wien<br \/>\nbei Arnoldo Moreno, Wolfgang Pointner und Peter Legat<br \/>\n2025 Abschlu\u00df Bachelor Gitarre Popularmusik IGP<br \/>\nSeit 2025 Masterstudium<\/p>\n<p><b>Unterrichtserfahrung<\/b><\/p>\n<p>Seit 2018 Einzelunterricht mit Sch\u00fclerinnen und Sch\u00fclern aller Altersstufen<br \/>\n2022-2023 Gitarrelehrer bei musica-mobile<br \/>\nSeit 2023 Gitarrelehrer in der pro-vo<\/p>\n<p><b>K\u00fcnstlerische T\u00e4tigkeiten<\/b><\/p>\n<p>Regelm\u00e4\u00dfige Auftritte mit Bands: Hochzeits-\/Kommerz-Band \u201cSpicyTrisha\u201c;<br \/>\nPopband \u201cHochwald\u201c<br \/>\nViele verschiedene kleinere Projekte an der Universit\u00e4t und au\u00dferhalb,<br \/>\nvon Pop, Rock, \u00fcber Klassik, Fingerstyle, Latin bis Jazz<\/p>\n<p><b>Unterrichtsphilosophie<\/b><\/p>\n<p>Am wichtigsten ist mir der Spa\u00df am Musik machen, ganz egal auf welchem Level man steht!<br \/>\nIch versuche alle dort abzuholen wo sie stehen und zu f\u00f6rdern wo sie hin wollen. Der Unterricht findet ohne Druck statt und ist immer individuell an die Sch\u00fclerinnen und Sch\u00fcler angepasst.<\/p>\n<p>&nbsp;<\/p>\n<p><a href=\"http:\/\/www.pro-vo.at\/index.php\/lehrer\/\">Zur\u00fcck zum Team<\/a><\/p>\n","protected":false},"excerpt":{"rendered":"<p>Paul Straznicky Akustik Gitarre &amp; E-Gitarre Geboren 1999 in Wien Mit 9 Jahren Beginn des Gitarrespielens bei verschiedenen Lehrern 2018 Matura (unter anderem in Musik und Gitarre) am BORG Hegelgasse 12 in Wien Seit 2019 Bachelorstudium an der Universit\u00e4t f\u00fcr Musik und darstellende Kunst Wien bei Arnoldo Moreno, Wolfgang Pointner und Peter Legat 2025 Abschlu\u00df &#8230; <a title=\"paul straznicky\" class=\"read-more\" href=\"https:\/\/www.pro-vo.at\/index.php\/lehrer\/paul-straznicky\/\" aria-label=\"Mehr Informationen \u00fcber paul straznicky\">Weiterlesen<\/a><\/p>\n","protected":false},"author":1,"featured_media":0,"parent":26,"menu_order":0,"comment_status":"closed","ping_status":"closed","template":"","meta":{"footnotes":""},"class_list":["post-5937","page","type-page","status-publish"],"_links":{"self":[{"href":"https:\/\/www.pro-vo.at\/index.php\/wp-json\/wp\/v2\/pages\/5937","targetHints":{"allow":["GET"]}}],"collection":[{"href":"https:\/\/www.pro-vo.at\/index.php\/wp-json\/wp\/v2\/pages"}],"about":[{"href":"https:\/\/www.pro-vo.at\/index.php\/wp-json\/wp\/v2\/types\/page"}],"author":[{"embeddable":true,"href":"https:\/\/www.pro-vo.at\/index.php\/wp-json\/wp\/v2\/users\/1"}],"replies":[{"embeddable":true,"href":"https:\/\/www.pro-vo.at\/index.php\/wp-json\/wp\/v2\/comments?post=5937"}],"version-history":[{"count":4,"href":"https:\/\/www.pro-vo.at\/index.php\/wp-json\/wp\/v2\/pages\/5937\/revisions"}],"predecessor-version":[{"id":6682,"href":"https:\/\/www.pro-vo.at\/index.php\/wp-json\/wp\/v2\/pages\/5937\/revisions\/6682"}],"up":[{"embeddable":true,"href":"https:\/\/www.pro-vo.at\/index.php\/wp-json\/wp\/v2\/pages\/26"}],"wp:attachment":[{"href":"https:\/\/www.pro-vo.at\/index.php\/wp-json\/wp\/v2\/media?parent=5937"}],"curies":[{"name":"wp","href":"https:\/\/api.w.org\/{rel}","templated":true}]}}

<h1><span style="font-size: large;"><b>Paul Straznicky</b></span></h1>
<p><a href="http://www.pro-vo.at/wp-content/uploads/2023/08/Foto-Paul.jpg" data-rel="lightbox-gallery-hPtPKkRZ" data-rl_title="Foto Paul" data-rl_caption="" title="Foto Paul"><img loading="lazy" decoding="async" class="alignnone size-full wp-image-5938" src="http://www.pro-vo.at/wp-content/uploads/2023/08/Foto-Paul.jpg" alt="" width="198" height="290" srcset="https://www.pro-vo.at/wp-content/uploads/2023/08/Foto-Paul.jpg 198w, https://www.pro-vo.at/wp-content/uploads/2023/08/Foto-Paul-102x150.jpg 102w" sizes="auto, (max-width: 198px) 100vw, 198px" /></a></p>
<p><strong>Akustik Gitarre &amp; E-Gitarre</strong></p>
<p>Geboren 1999 in Wien</p>
<p>Mit 9 Jahren Beginn des Gitarrespielens bei verschiedenen Lehrern<br />
2018 Matura (unter anderem in Musik und Gitarre) am BORG Hegelgasse 12 in Wien<br />
Seit 2019 Bachelorstudium an der Universität für Musik und darstellende Kunst Wien<br />
bei Arnoldo Moreno, Wolfgang Pointner und Peter Legat<br />
2025 Abschluß Bachelor Gitarre Popularmusik IGP<br />
Seit 2025 Masterstudium</p>
<p><b>Unterrichtserfahrung</b></p>
<p>Seit 2018 Einzelunterricht mit Schülerinnen und Schülern aller Altersstufen<br />
2022-2023 Gitarrelehrer bei musica-mobile<br />
Seit 2023 Gitarrelehrer in der pro-vo</p>
<p><b>Künstlerische Tätigkeiten</b></p>
<p>Regelmäßige Auftritte mit Bands: Hochzeits-/Kommerz-Band “SpicyTrisha“;<br />
Popband “Hochwald“<br />
Viele verschiedene kleinere Projekte an der Universität und außerhalb,<br />
von Pop, Rock, über Klassik, Fingerstyle, Latin bis Jazz</p>
<p><b>Unterrichtsphilosophie</b></p>
<p>Am wichtigsten ist mir der Spaß am Musik machen, ganz egal auf welchem Level man steht!<br />
Ich versuche alle dort abzuholen wo sie stehen und zu fördern wo sie hin wollen. Der Unterricht findet ohne Druck statt und ist immer individuell an die Schülerinnen und Schüler angepasst.</p>
<p>&nbsp;</p>
<p><a href="http://www.pro-vo.at/index.php/lehrer/">Zurück zum Team</a></p>

<p>Paul Straznicky Akustik Gitarre &amp; E-Gitarre Geboren 1999 in Wien Mit 9 Jahren Beginn des Gitarrespielens bei verschiedenen Lehrern 2018 Matura (unter anderem in Musik und Gitarre) am BORG Hegelgasse 12 in Wien Seit 2019 Bachelorstudium an der Universität für Musik und darstellende Kunst Wien bei Arnoldo Moreno, Wolfgang Pointner und Peter Legat 2025 Abschluß &#8230; <a title="paul straznicky" class="read-more" href="https://www.pro-vo.at/index.php/lehrer/paul-straznicky/" aria-label="Mehr Informationen über paul straznicky">Weiterlesen</a></p>
