{"id":5528,"date":"2022-09-11T09:43:32","date_gmt":"2022-09-11T09:43:32","guid":{"rendered":"http:\/\/www.pro-vo.at\/?page_id=5528"},"modified":"2023-08-29T08:35:51","modified_gmt":"2023-08-29T08:35:51","slug":"lisa-hoppe","status":"publish","type":"page","link":"https:\/\/www.pro-vo.at\/index.php\/lehrer\/lisa-hoppe\/","title":{"rendered":"lisa hoppe"},"content":{"rendered":"<h1>Lisa Hoppe<\/h1>\n<p><img loading=\"lazy\" decoding=\"async\" class=\"alignnone size-thumbnail wp-image-5529\" src=\"http:\/\/www.pro-vo.at\/wp-content\/uploads\/2022\/09\/Foto-pro-vosw-150x113.jpg\" alt=\"\" width=\"150\" height=\"113\" srcset=\"https:\/\/www.pro-vo.at\/wp-content\/uploads\/2022\/09\/Foto-pro-vosw-150x113.jpg 150w, https:\/\/www.pro-vo.at\/wp-content\/uploads\/2022\/09\/Foto-pro-vosw.jpg 283w\" sizes=\"auto, (max-width: 150px) 100vw, 150px\" \/><br \/>\nGitarre<\/p>\n<p>Geboren 2000 in Wien<\/p>\n<p><strong>Musikalische Ausbildung<\/strong><\/p>\n<p>2008 \u2013 2019<br \/>\nGitarrenunterricht in der Musikschule Langenzersdorf bei Marianne Vedral<\/p>\n<p>2011 \u2013 2019<br \/>\nGitarrenunterricht am Musikgymnasium HIB3 Boerhaavegasse bei Stefan Angerer<\/p>\n<p>2019<br \/>\nmit sehr gut in Gitarre maturiert<\/p>\n<p>Seit 2020<br \/>\nStudium an der Universit\u00e4t f\u00fcr Musik und darstellende Kunst Wien<br \/>\nin Musikerziehung Gitarre Popularmusik<br \/>\nbei Gonzalo Manrique-Vallier und Peter Legat und<br \/>\nseit Oktober 2022 mit Schwerpunkt Schul-Ensemble.<br \/>\nAls zweites Lehramtsfach Inklusive P\u00e4dagogik an der Universit\u00e4t Wien.<\/p>\n<p>Neben dem Studium Privat-Gitarrensch\u00fclerInnen<br \/>\nsowie 2021 Mitwirken am Projekt \u201eZusammenkl\u00e4nge\u201c,<br \/>\nbei dem man als Lehrperson gefl\u00fcchteten Kindern und Jugendlichen<br \/>\nkostenlosen Instrumentalunterricht bietet.<\/p>\n<p>Ich freue mich nach meinem Studium an einem (Musik)gymnasium als Musiklehrerin t\u00e4tig zu sein<br \/>\nund gemeinsam mit den Sch\u00fclerInnen einen kreativen, vielf\u00e4ltigen und spannenden Unterricht zu gestalten,<br \/>\nbei dem die Freude am Lernen und am Tun wieder im Vordergrund stehen!<\/p>\n<p><strong>Meine Vision<\/strong><br \/>\nMusik ist f\u00fcr mich eine Insel.<br \/>\nDer Ort wo ich am besten zur\u00fcckgehen und zu mir finden kann.<br \/>\nSie bedeutet f\u00fcr mich den Ausdruck von Gef\u00fchl, Spa\u00df und Leidenschaft.<br \/>\nDurch sie k\u00f6nnen wir unser Potenzial entfalten und in Welten eintauchen, die uns sonst verborgen bleiben.<br \/>\nDiese Welt und diesen Spa\u00df m\u00f6chte ich mit den Sch\u00fclerinnen und Sch\u00fclern in der pro-vo teilen.<\/p>\n<p>Jeder soll die M\u00f6glichkeit haben, sich selbst \u00fcber die Musik auszudr\u00fccken<br \/>\nund den Spa\u00df am ureigenen Schaffen, am Musizieren zu erfahren.<br \/>\nAus diesem Grund ist es mir besonders wichtig,<br \/>\ndass die Sch\u00fclerinnen und Sch\u00fcler dabei St\u00fccke und Dinge lernen,<br \/>\ndie f\u00fcr sie von Bedeutung sind und die sie k\u00f6nnen <em>wollen<\/em>.<br \/>\nAuf diese Weise passiert das \u00dcben dann von ganz alleine \ud83d\ude09<\/p>\n<p><a href=\"http:\/\/www.pro-vo.at\/index.php\/lehrer\/\">Zur\u00fcck zum Team<\/a><\/p>\n","protected":false},"excerpt":{"rendered":"<p>Lisa Hoppe Gitarre Geboren 2000 in Wien Musikalische Ausbildung 2008 \u2013 2019 Gitarrenunterricht in der Musikschule Langenzersdorf bei Marianne Vedral 2011 \u2013 2019 Gitarrenunterricht am Musikgymnasium HIB3 Boerhaavegasse bei Stefan Angerer 2019 mit sehr gut in Gitarre maturiert Seit 2020 Studium an der Universit\u00e4t f\u00fcr Musik und darstellende Kunst Wien in Musikerziehung Gitarre Popularmusik bei &#8230; <a title=\"lisa hoppe\" class=\"read-more\" href=\"https:\/\/www.pro-vo.at\/index.php\/lehrer\/lisa-hoppe\/\" aria-label=\"Mehr Informationen \u00fcber lisa hoppe\">Weiterlesen<\/a><\/p>\n","protected":false},"author":1,"featured_media":0,"parent":26,"menu_order":0,"comment_status":"closed","ping_status":"closed","template":"","meta":{"footnotes":""},"class_list":["post-5528","page","type-page","status-publish"],"_links":{"self":[{"href":"https:\/\/www.pro-vo.at\/index.php\/wp-json\/wp\/v2\/pages\/5528","targetHints":{"allow":["GET"]}}],"collection":[{"href":"https:\/\/www.pro-vo.at\/index.php\/wp-json\/wp\/v2\/pages"}],"about":[{"href":"https:\/\/www.pro-vo.at\/index.php\/wp-json\/wp\/v2\/types\/page"}],"author":[{"embeddable":true,"href":"https:\/\/www.pro-vo.at\/index.php\/wp-json\/wp\/v2\/users\/1"}],"replies":[{"embeddable":true,"href":"https:\/\/www.pro-vo.at\/index.php\/wp-json\/wp\/v2\/comments?post=5528"}],"version-history":[{"count":4,"href":"https:\/\/www.pro-vo.at\/index.php\/wp-json\/wp\/v2\/pages\/5528\/revisions"}],"predecessor-version":[{"id":5977,"href":"https:\/\/www.pro-vo.at\/index.php\/wp-json\/wp\/v2\/pages\/5528\/revisions\/5977"}],"up":[{"embeddable":true,"href":"https:\/\/www.pro-vo.at\/index.php\/wp-json\/wp\/v2\/pages\/26"}],"wp:attachment":[{"href":"https:\/\/www.pro-vo.at\/index.php\/wp-json\/wp\/v2\/media?parent=5528"}],"curies":[{"name":"wp","href":"https:\/\/api.w.org\/{rel}","templated":true}]}}