{"id":5364,"date":"2022-05-01T10:49:56","date_gmt":"2022-05-01T10:49:56","guid":{"rendered":"http:\/\/www.pro-vo.at\/?page_id=5364"},"modified":"2022-06-28T10:21:04","modified_gmt":"2022-06-28T10:21:04","slug":"gtdm-2022","status":"publish","type":"page","link":"https:\/\/www.pro-vo.at\/index.php\/gtdm-2022\/","title":{"rendered":"GTdM 2022"},"content":{"rendered":"<h1>Gro\u00dfer Tag der Musik<br \/>\n30. April 2022<\/h1>\n<p>Nach einer langen Pause feierten wir wieder den Gro\u00dfen Tag der Musik!<\/p>\n<p>Es musizierten Sch\u00fclerinnen und Sch\u00fcler der pro-vo<br \/>\nund boten ein abwechslungsreiches und schwungvolles Programm.<\/p>\n<p>Danke an alle, die mitgeholfen haben,<br \/>\ndiesen Tag zu einem wirklich Gro\u00dfen Tag der Musik zu machen.<\/p>\n<p>11:30<\/p>\n<p>Nina Altenburger \u2013 Blockfl\u00f6te<br \/>\nElisabeth Koch \u2013 Gitarre<br \/>\nYukari Hagino &#8211; Klavier<br \/>\nMartin Sch\u00f6nlieb \u2013 Gitarre, Jazzcombo<\/p>\n<p><a href=\"http:\/\/www.pro-vo.at\/wp-content\/uploads\/2022\/05\/11-Uhr-30-web.jpg\" data-rel=\"lightbox-gallery-B5jfs91M\" data-rl_title=\"OLYMPUS DIGITAL CAMERA\" data-rl_caption=\"\" title=\"OLYMPUS DIGITAL CAMERA\"><img loading=\"lazy\" decoding=\"async\" class=\"alignnone wp-image-5371 size-medium\" src=\"http:\/\/www.pro-vo.at\/wp-content\/uploads\/2022\/05\/11-Uhr-30-web-300x225.jpg\" alt=\"\" width=\"300\" height=\"225\" srcset=\"https:\/\/www.pro-vo.at\/wp-content\/uploads\/2022\/05\/11-Uhr-30-web-300x225.jpg 300w, https:\/\/www.pro-vo.at\/wp-content\/uploads\/2022\/05\/11-Uhr-30-web-150x113.jpg 150w, https:\/\/www.pro-vo.at\/wp-content\/uploads\/2022\/05\/11-Uhr-30-web-768x576.jpg 768w, https:\/\/www.pro-vo.at\/wp-content\/uploads\/2022\/05\/11-Uhr-30-web-1024x768.jpg 1024w\" sizes=\"auto, (max-width: 300px) 100vw, 300px\" \/><\/a><\/p>\n<p>13:00<\/p>\n<p>Severin Chen \u2013 Klavier<br \/>\nNikolas G\u00f6hl \u2013 Gitarre<br \/>\nYukari Hagino \u2013 Querfl\u00f6te<br \/>\nCornelia Reutner &#8211; Gesang<\/p>\n<p><a href=\"http:\/\/www.pro-vo.at\/wp-content\/uploads\/2022\/05\/13-Uhr-web.jpg\" data-rel=\"lightbox-gallery-B5jfs91M\" data-rl_title=\"13 Uhr web\" data-rl_caption=\"\" title=\"13 Uhr web\"><img loading=\"lazy\" decoding=\"async\" class=\"alignnone wp-image-5373 size-medium\" src=\"http:\/\/www.pro-vo.at\/wp-content\/uploads\/2022\/05\/13-Uhr-web-300x188.jpg\" alt=\"\" width=\"300\" height=\"188\" srcset=\"https:\/\/www.pro-vo.at\/wp-content\/uploads\/2022\/05\/13-Uhr-web-300x188.jpg 300w, https:\/\/www.pro-vo.at\/wp-content\/uploads\/2022\/05\/13-Uhr-web-150x94.jpg 150w, https:\/\/www.pro-vo.at\/wp-content\/uploads\/2022\/05\/13-Uhr-web-768x482.jpg 768w, https:\/\/www.pro-vo.at\/wp-content\/uploads\/2022\/05\/13-Uhr-web-1024x642.jpg 1024w\" sizes=\"auto, (max-width: 300px) 100vw, 300px\" \/><\/a><\/p>\n<p>14:30<\/p>\n<p>Arthur Zuschin \u2013 Gitarre<br \/>\nMichaela Khom \u2013 Gesang, Klavier<br \/>\nDorian Windegger \u2013 Gesang, Klavier<br \/>\nKaoru Asayama \u2013 Violine \u2013 Vertreten durch Valeria Bolognani<br \/>\nAgnes Randl \u2013 Cello<br \/>\n<a href=\"http:\/\/www.pro-vo.at\/wp-content\/uploads\/2022\/05\/14-Uhr-30-web.jpg\" data-rel=\"lightbox-gallery-B5jfs91M\" data-rl_title=\"\" data-rl_caption=\"\" title=\"\"><img loading=\"lazy\" decoding=\"async\" class=\"alignnone wp-image-5374 size-medium\" src=\"http:\/\/www.pro-vo.at\/wp-content\/uploads\/2022\/05\/14-Uhr-30-web-300x225.jpg\" alt=\"\" width=\"300\" height=\"225\" srcset=\"https:\/\/www.pro-vo.at\/wp-content\/uploads\/2022\/05\/14-Uhr-30-web-300x225.jpg 300w, https:\/\/www.pro-vo.at\/wp-content\/uploads\/2022\/05\/14-Uhr-30-web-150x113.jpg 150w, https:\/\/www.pro-vo.at\/wp-content\/uploads\/2022\/05\/14-Uhr-30-web-768x576.jpg 768w, https:\/\/www.pro-vo.at\/wp-content\/uploads\/2022\/05\/14-Uhr-30-web-1024x768.jpg 1024w\" sizes=\"auto, (max-width: 300px) 100vw, 300px\" \/><\/a><\/p>\n<p>16:00<\/p>\n<p>Benedikt M\u00fcller \u2013 Gitarre<br \/>\nHarry Hammerer \u2013 Schlagzeug, E-Bass, Klavier<br \/>\nX-Tiam Jurado \u2013 Panfl\u00f6te<br \/>\nDominik Stumpfel &#8211; Saxophon<\/p>\n<p><a href=\"http:\/\/www.pro-vo.at\/wp-content\/uploads\/2022\/05\/16-Uhr-web.jpg\" data-rel=\"lightbox-gallery-B5jfs91M\" data-rl_title=\"\" data-rl_caption=\"\" title=\"\"><img loading=\"lazy\" decoding=\"async\" class=\"alignnone wp-image-5375 size-medium\" src=\"http:\/\/www.pro-vo.at\/wp-content\/uploads\/2022\/05\/16-Uhr-web-300x225.jpg\" alt=\"\" width=\"300\" height=\"225\" srcset=\"https:\/\/www.pro-vo.at\/wp-content\/uploads\/2022\/05\/16-Uhr-web-300x225.jpg 300w, https:\/\/www.pro-vo.at\/wp-content\/uploads\/2022\/05\/16-Uhr-web-150x113.jpg 150w, https:\/\/www.pro-vo.at\/wp-content\/uploads\/2022\/05\/16-Uhr-web-768x576.jpg 768w, https:\/\/www.pro-vo.at\/wp-content\/uploads\/2022\/05\/16-Uhr-web-1024x768.jpg 1024w\" sizes=\"auto, (max-width: 300px) 100vw, 300px\" \/><\/a><\/p>\n<p>Hier ist das gesamte Programm:<\/p>\n<p><strong>11:30<\/strong><\/p>\n<p>Klasse Nina Altenburger NA \u2013 Blockfl\u00f6te<br \/>\nKlasse Elisabeth Koch EK \u2013 Gitarre<br \/>\nKlasse Yukari Hagino YH &#8211; Klavier<br \/>\nKlasse Martin Sch\u00f6nlieb MS \u2013 Gitarre, Jazzcombo<\/p>\n<p>&nbsp;<\/p>\n<p>Sara EK \u2013 Sonnenuntergang &#8211; H. Krug<br \/>\nFlora NA und\u00a0 Matilda Lia YH &#8211; \u00a0Der kleine Indianer \u00a0&#8211;\u00a0 A.T.<br \/>\nEna YH &#8211; Kuckuck &#8211; Volksweise (Yukari Hagino \u2013 Klavier)<br \/>\nCharlotte EK &#8211; Smoke on the Blue(s) Water &#8211; Deep Purple\/E. Koch<br \/>\nKarla NA und Lena YH \u2013 Rondo &#8211; anonym<br \/>\nNikolas EK &#8211; Erinnerung an Spanien &#8211; T. Stachak<br \/>\nJonas YH &#8211; Old Mac Donald &#8211; Trad. (Yukari Hagino\u2013 Klavier)<br \/>\nTila NA &#8211; Ode an die Freude &#8211; L.v. Beethoven<br \/>\nJosie YH &#8211;\u00a0 Kuckuck &#8211;\u00a0 Volksweise<br \/>\nJosie YH &#8211;\u00a0 Tanzparty -aus: Tastenzauberei (Yukari Hagino \u2013 Klavier)<br \/>\nEmil EK &#8211; Folias de Espa\u00f1a &#8211; trad. span. Tanz<br \/>\nEmil EK &#8211; Lichterglanz\u00a0\u00a0\u00a0\u00a0\u00a0\u00a0\u00a0\u00a0 &#8211; Emil Trainacher<br \/>\nMatilda Lia YH &#8211;\u00a0\u00a0\u00a0\u00a0\u00a0\u00a0\u00a0\u00a0 Tanz aus dem Orient -A.T.<br \/>\nFlorian EK &#8211; Dance Monkey- Tones and I<br \/>\nSia NA, Linda NA und Carla NA &#8211; Merrily we roll along &#8211; aus England<br \/>\nZofia EK \u2013 Regenwalzer &#8211; T. Stachak<br \/>\nMaria EK \u2013 Kirschbl\u00fcte &#8211; T. Stachak<br \/>\nZofia\u00a0 EK, Maria EK und Nikolas EK \u2013 Cancan -J. Offenbach\/T. Hoppstock<br \/>\nJosef YH &#8211; Oboe Tune &#8211; aus: Microjazz<br \/>\nJosef YH &#8211; Bike Blues &#8211; aus: Microjazz<br \/>\nKarla NA, Alma MK und Daria AZ \u2013 Se\u00f1orita &#8211; Shawn Mendes Karla Camila Cabello<\/p>\n<p>Combo:<br \/>\nFabian MS \u2013 E-Bass<br \/>\nLukas \u2013 Tenorsaxophon<br \/>\nLukas MS \u2013 E-Gitarre<br \/>\nMartin Sch\u00f6nlieb \u2013 Leitung d. Combo\/Schlagzeug<\/p>\n<p>Union Pacific\u00a0\u00a0\u00a0\u00a0\u00a0\u00a0\u00a0\u00a0\u00a0\u00a0\u00a0\u00a0\u00a0 Marc Johnson<br \/>\nAngel Eyes\u00a0\u00a0\u00a0\u00a0\u00a0\u00a0\u00a0\u00a0\u00a0\u00a0\u00a0\u00a0\u00a0\u00a0\u00a0\u00a0\u00a0 Matt Dennis, Earl Brent<br \/>\nChameleon\u00a0\u00a0\u00a0\u00a0\u00a0\u00a0\u00a0\u00a0\u00a0\u00a0\u00a0\u00a0\u00a0\u00a0\u00a0 Herbie Hancock<\/p>\n<p><strong>13:00<\/strong><\/p>\n<p>Klasse Severin Chen SC \u2013 Klavier<br \/>\nKlasse Nikolas G\u00f6hl NG \u2013 Gitarre<br \/>\nKlasse Yukari Hagino YH \u2013Querfl\u00f6te<br \/>\nKlasse Cornelia Reutner CR\u2013 Gesang, Klavier<\/p>\n<p>Eleonora YH und Petra YH &#8211; Kuckuck\u00a0\u00a0\u00a0\u00a0\u00a0\u00a0\u00a0\u00a0 -Volkslied<br \/>\nSarah NG und Hannah NG &#8211; Zum Geburtstag viel Gl\u00fcck &#8211; Trad.<br \/>\nHannah NG &#8211; Sascha geizte mit den Worten &#8211; Trad.<br \/>\nEmilia SC &#8211;\u00a0\u00a0\u00a0\u00a0\u00a0\u00a0\u00a0\u00a0 Froschkonzert &#8211; Volkslied<br \/>\nFlora SC und Laura SC &#8211; Mysterious Adventure &#8211; Melody Bober<br \/>\nLena YH \u2013 Halleluja &#8211; L. Cohen (Yukari Hagino \u2013 Klavier)<br \/>\nSimon NG &#8211; \u00dcber fernen Bergen\u00a0\u00a0\u00a0\u00a0\u00a0\u00a0\u00a0 &#8211; anonym<br \/>\nNicole SC und Anna AZ \u2013 Bellabimba &#8211; Aniko Drabon Italienisches Volkslied<br \/>\nMia SC &#8211; Apple Pie Waltz -P. Wedgewood<br \/>\nRosemarie Ava YH -Never enough &#8211; The greatest showman<br \/>\n(Severin Chen \u2013 Klavier)<br \/>\nMelody NG und Emma NG \u2013Clocks &#8211; Coldplay<br \/>\nLuise SC &#8211; At the Circus &#8211; William Gillock<br \/>\nTila SC &#8211; Wir wollen ein Tier &#8211; Schule d. magischen Tiere<br \/>\nJulius SC \u2013 Moonlight &#8211; William Gillock<br \/>\nStella NG -Mephisto\u2019s Nightwalk &#8211; Klaus Schindler\u00a0\u00a0\u00a0\u00a0\u00a0\u00a0\u00a0\u00a0\u00a0\u00a0\u00a0\u00a0\u00a0 \u00a0\u00a0\u00a0\u00a0\u00a0\u00a0\u00a0\u00a0 Stella NG &#8211; African Dance &#8211; Siegfried Steinkogler<br \/>\nTheresa YH &#8211; On and on- James Rae (Yukari Hagino \u2013 Querfl\u00f6te)<br \/>\nStella SC &#8211; Malaguena &#8211; Spanischer Volkstanz<br \/>\nXaver SC &#8211; He&#8217;s a Pirate &#8211; Hans Zimmer\/Klaus Badelt<br \/>\nMax Xaver SC und Mia Marie KA &#8211; Menuett &#8211; J.S. Bach<br \/>\nTimon SC &#8211; Timbo&#8217;s Gumbo &#8211; Tim Richards<br \/>\nGil SC &#8211; Perdi\u00f3 &#8211; Gil Rebic<br \/>\nGideon SC &#8211; Walzer in a-moll &#8211; Fredreric Chopin<br \/>\nLili SC &#8211; Toccata &#8211; J.S. Bach<br \/>\nEdeltraud CR und Gideon SC \u2013 Fr\u00fchlingslied &#8211; Franz Schubert<br \/>\nMelda SC &#8211; Wiegenlied &#8211; Edvard Grieg<br \/>\nTheresa YH &#8211; Thema und Variationen\u00a0\u00a0\u00a0\u00a0\u00a0\u00a0\u00a0 &#8211; J. Quantz (Yukari Hagino \u2013 Querfl\u00f6te)<\/p>\n<p>Lukas SC &#8211; Gnossienne 1 &#8211; Erik Satie<br \/>\nElina SC &#8211; Nuvole Bianche &#8211; Ludovico Einaudi<\/p>\n<p><strong>14:30<\/strong><\/p>\n<p>Klasse Arthur Zuschin AZ \u2013 Gitarre<br \/>\nKlasse Dorian Windegger DW &#8211; Klavier<br \/>\nKlasse Kaoru Asayama KA, Vertretung Valeria Bolognani \u2013 Violine<br \/>\nKlasse Agnes Randl AR \u2013 Cello<\/p>\n<p>&nbsp;<\/p>\n<p>Valentina KA und Mia KA &#8211; Musette &#8211;\u00a0\u00a0\u00a0\u00a0\u00a0\u00a0\u00a0 J.S.Bach (Yukari Hagino Klavier)<br \/>\nEmma SC &#8211; Old MacDonald &#8211; \u00a0Engl. Volkslied<br \/>\nDidem AZ und Helena AZ -Do you want to build a snowman &#8211;\u00a0 \u00a0\u00a0\u00a0\u00a0\u00a0\u00a0\u00a0\u00a0\u00a0\u00a0\u00a0\u00a0\u00a0\u00a0\u00a0\u00a0\u00a0K. Anderson-Lopez, R. Lopez<br \/>\nDivine Matapisi Kwarkwen SC\u2013Unglaublich-ung. Volklied\/A. Drabon<br \/>\nMaxim AR &#8211; erstes Duo (Agnes Randl \u2013 Cello)<br \/>\nMaxim AR &#8211; Achtung, ruft der M\u00e4usevater<br \/>\nJulian KA \u2013 Chorus aus Judas Maccab\u00e4us -G.F. H\u00e4ndel (Nikolas G\u00f6hl \u2013 Gitarre)<br \/>\nYuna DW- Wir segeln \u00fcbers weite Meer &#8211; Trad.<br \/>\nJohanna AZ &#8211; Walzer f\u00fcr die Tiere<br \/>\nSara KA \u2013 Bourr\u00e9e &#8211; G.F. H\u00e4ndel (Severin Chen Klavier)<br \/>\nMathilde AR &#8211;\u00a0 Komm doch, was bist du f\u00fcr\u2018n Feigling (Agnes Randl \u2013 Cello)<br \/>\nKonstantin KA- Menuett &#8211; L.v. Beethoven (Yukari Hagino Klavier)<br \/>\nLarissa AZ, Lorena AZ und Lina AZ \u2013 Sweden &#8211; C418<br \/>\nKonstantin KA 1. Geige \u2013 Minuett &#8211; G.P. Telemann (Valeria Bolognani &#8211; 2. Geige)<br \/>\nHannah KA -Violin Konzert Nr.5 -3 Satz &#8222;Rondo&#8220; &#8211; Friedrich Seitz (Severin Chen Klavier)<br \/>\nNoemi AR &#8211; Rondeau &#8211; E. Ph. Ch\u00e9deville<br \/>\nNoemi AT \u2013 Menuett &#8211; aus dem Notenb\u00fcchlein der Anna M. Bach (Agnes Randl \u2013 Cello)<\/p>\n<p>Arcolinis:<br \/>\nKonstantin\u00a0\u00a0\u00a0\u00a0\u00a0\u00a0\u00a0\u00a0 &#8211; Violine<br \/>\nJulian &#8211; Violine<br \/>\nLore &#8211; Violine<br \/>\nSimeone &#8211; Violine<br \/>\nNoemi \u2013 Cello<br \/>\nThis Old Man\u00a0\u00a0\u00a0 Trad.\/Arr. D. Brooker<br \/>\nLes Bouffons\u00a0\u00a0\u00a0\u00a0 T. Arbeau\/Arr. D. Brooker<br \/>\nOde to Joy\u00a0\u00a0\u00a0\u00a0\u00a0\u00a0 L.v. Beethofen\/Arr. D. Brooker<\/p>\n<p><strong>16:00<\/strong><\/p>\n<p>Klasse Harry Hammerer HH \u2013 Schlagzeug, E-Bass, Klavier<br \/>\nKlasse Benedikt M\u00fcller BM \u2013 Gitarre<br \/>\nKlasse X-Tiam Jurado XJ \u2013 Panfl\u00f6te<br \/>\nKlasse Dominik Stumpfel DS \u2013 Saxophon<\/p>\n<p>Kiran BM &#8211; Drei Chinesen mit dem Kontrabass &#8211; Trad.<br \/>\nEleonore XJ &#8211; Eleonores Song &#8211; X-Tiam Jurado<br \/>\nGeorg BM &#8211; La Valse d&#8217;Amelie &#8211; Yann Tiersen<br \/>\nPauline \u2013 von A nach B<br \/>\nDominik XJ, Philipp Jakob XJ und Thomas XJ -Lamento Boliviano &#8211; \u00a0Los Enanitos Verdes<br \/>\nDominik XJ, Philipp Jakob XJ und Thomas XJ &#8211; \u00d1uca Ilacta &#8211; Trad. Ecuador<br \/>\nAyleen HH &#8211; Mad World &#8211; Roland Orzabal<br \/>\nThomas XJ &#8211; Quisiera ser tu sombra &#8211; M. Otero<br \/>\nMusa BM &#8211; Signe -Eric Clapton<br \/>\nJonathan HH &#8211; Groovy<br \/>\nAlvin DS &#8211; Hedwig\u2019s Theme &#8211; John Williams<br \/>\nNikolaus HH &#8211; Sonatine in G &#8211; L.v.Beethoven<br \/>\nCathrin HH &#8211; Children\u2019s Song Nr 1 und 2 &#8211; Chick Corea<\/p>\n<p>Nikolaus HH &#8211; Schlagzeug<br \/>\nManuel BM &#8211; Gitarre<br \/>\nSimon HH &#8211; E-Bass<br \/>\nChill Song\u00a0\u00a0\u00a0\u00a0\u00a0\u00a0\u00a0\u00a0\u00a0 \u00a0\u00a0\u00a0\u00a0\u00a0\u00a0\u00a0\u00a0 \u00a0 S. und M. Helscher<br \/>\nFunk Song\u00a0\u00a0\u00a0\u00a0\u00a0\u00a0\u00a0\u00a0\u00a0\u00a0\u00a0\u00a0\u00a0\u00a0\u00a0\u00a0\u00a0\u00a0\u00a0\u00a0\u00a0\u00a0\u00a0\u00a0\u00a0\u00a0\u00a0 \u00a0 S. und M. Helscher<\/p>\n<p><a href=\"http:\/\/www.pro-vo.at\/wp-content\/uploads\/2022\/05\/Buffet-1-1.jpg\" data-rel=\"lightbox-gallery-B5jfs91M\" data-rl_title=\"Buffet 1\" data-rl_caption=\"\" title=\"Buffet 1\"><img loading=\"lazy\" decoding=\"async\" class=\"alignnone wp-image-5359 size-thumbnail\" src=\"http:\/\/www.pro-vo.at\/wp-content\/uploads\/2022\/05\/Buffet-1-1-150x113.jpg\" alt=\"\" width=\"150\" height=\"113\" srcset=\"https:\/\/www.pro-vo.at\/wp-content\/uploads\/2022\/05\/Buffet-1-1-150x113.jpg 150w, https:\/\/www.pro-vo.at\/wp-content\/uploads\/2022\/05\/Buffet-1-1-300x225.jpg 300w, https:\/\/www.pro-vo.at\/wp-content\/uploads\/2022\/05\/Buffet-1-1-768x576.jpg 768w, https:\/\/www.pro-vo.at\/wp-content\/uploads\/2022\/05\/Buffet-1-1.jpg 960w\" sizes=\"auto, (max-width: 150px) 100vw, 150px\" \/><\/a> <a href=\"http:\/\/www.pro-vo.at\/wp-content\/uploads\/2022\/05\/Buffett-2.jpg\" data-rel=\"lightbox-gallery-B5jfs91M\" data-rl_title=\"Buffett 2\" data-rl_caption=\"\" title=\"Buffett 2\"><img loading=\"lazy\" decoding=\"async\" class=\"alignnone wp-image-5355 size-thumbnail\" src=\"http:\/\/www.pro-vo.at\/wp-content\/uploads\/2022\/05\/Buffett-2-113x150.jpg\" alt=\"\" width=\"113\" height=\"150\" srcset=\"https:\/\/www.pro-vo.at\/wp-content\/uploads\/2022\/05\/Buffett-2-113x150.jpg 113w, https:\/\/www.pro-vo.at\/wp-content\/uploads\/2022\/05\/Buffett-2-225x300.jpg 225w, https:\/\/www.pro-vo.at\/wp-content\/uploads\/2022\/05\/Buffett-2.jpg 720w\" sizes=\"auto, (max-width: 113px) 100vw, 113px\" \/><\/a><\/p>\n<p><a href=\"http:\/\/www.pro-vo.at\/index.php\/chronik\/\">Zur\u00fcck zur Chronik<\/a><\/p>\n","protected":false},"excerpt":{"rendered":"<p>Gro\u00dfer Tag der Musik 30. April 2022 Nach einer langen Pause feierten wir wieder den Gro\u00dfen Tag der Musik! Es musizierten Sch\u00fclerinnen und Sch\u00fcler der pro-vo und boten ein abwechslungsreiches und schwungvolles Programm. Danke an alle, die mitgeholfen haben, diesen Tag zu einem wirklich Gro\u00dfen Tag der Musik zu machen. 11:30 Nina Altenburger \u2013 Blockfl\u00f6te &#8230; <a title=\"GTdM 2022\" class=\"read-more\" href=\"https:\/\/www.pro-vo.at\/index.php\/gtdm-2022\/\" aria-label=\"Mehr Informationen \u00fcber GTdM 2022\">Weiterlesen<\/a><\/p>\n","protected":false},"author":1,"featured_media":0,"parent":0,"menu_order":0,"comment_status":"closed","ping_status":"closed","template":"","meta":{"footnotes":""},"class_list":["post-5364","page","type-page","status-publish"],"_links":{"self":[{"href":"https:\/\/www.pro-vo.at\/index.php\/wp-json\/wp\/v2\/pages\/5364","targetHints":{"allow":["GET"]}}],"collection":[{"href":"https:\/\/www.pro-vo.at\/index.php\/wp-json\/wp\/v2\/pages"}],"about":[{"href":"https:\/\/www.pro-vo.at\/index.php\/wp-json\/wp\/v2\/types\/page"}],"author":[{"embeddable":true,"href":"https:\/\/www.pro-vo.at\/index.php\/wp-json\/wp\/v2\/users\/1"}],"replies":[{"embeddable":true,"href":"https:\/\/www.pro-vo.at\/index.php\/wp-json\/wp\/v2\/comments?post=5364"}],"version-history":[{"count":5,"href":"https:\/\/www.pro-vo.at\/index.php\/wp-json\/wp\/v2\/pages\/5364\/revisions"}],"predecessor-version":[{"id":5494,"href":"https:\/\/www.pro-vo.at\/index.php\/wp-json\/wp\/v2\/pages\/5364\/revisions\/5494"}],"wp:attachment":[{"href":"https:\/\/www.pro-vo.at\/index.php\/wp-json\/wp\/v2\/media?parent=5364"}],"curies":[{"name":"wp","href":"https:\/\/api.w.org\/{rel}","templated":true}]}}