{"id":3613,"date":"2017-11-16T08:10:51","date_gmt":"2017-11-16T08:10:51","guid":{"rendered":"http:\/\/www.pro-vo.at\/?page_id=3613"},"modified":"2017-11-16T08:10:51","modified_gmt":"2017-11-16T08:10:51","slug":"violine-03-2013","status":"publish","type":"page","link":"https:\/\/www.pro-vo.at\/index.php\/chronik\/violine-03-2013\/","title":{"rendered":"Violine 03 2013"},"content":{"rendered":"<h1>Vorspielstunde<\/h1>\n<p>Violine<\/p>\n<p>Es musizierten Sch\u00fclerinnen und Sch\u00fcler<br \/>\nvon Lisa Stephanie Charvat<\/p>\n<p>Donnerstag, 21. M\u00e4rz 2013<br \/>\n18:30 Uhr<br \/>\ngro\u00dfer Veranstaltungsraum pro-vo<br \/>\n1150 Wien, Huglgasse 24<\/p>\n<p>Klavier:<br \/>\nJordan Joel Lindinger<br \/>\nViktoria Knust<br \/>\nSeverin Chen<\/p>\n<p><a href=\"http:\/\/www.pro-vo.at\/wp-content\/uploads\/2017\/11\/1-12.jpg\" data-rel=\"lightbox-gallery-Q0WoRehs\" data-rl_title=\"1\" data-rl_caption=\"\" title=\"1\"><img loading=\"lazy\" decoding=\"async\" class=\"alignnone size-thumbnail wp-image-3614\" src=\"http:\/\/www.pro-vo.at\/wp-content\/uploads\/2017\/11\/1-12-150x150.jpg\" alt=\"\" width=\"150\" height=\"150\" \/><\/a> <a href=\"http:\/\/www.pro-vo.at\/wp-content\/uploads\/2017\/11\/2-12.jpg\" data-rel=\"lightbox-gallery-Q0WoRehs\" data-rl_title=\"2\" data-rl_caption=\"\" title=\"2\"><img loading=\"lazy\" decoding=\"async\" class=\"alignnone size-thumbnail wp-image-3615\" src=\"http:\/\/www.pro-vo.at\/wp-content\/uploads\/2017\/11\/2-12-150x150.jpg\" alt=\"\" width=\"150\" height=\"150\" \/><\/a> <a href=\"http:\/\/www.pro-vo.at\/wp-content\/uploads\/2017\/11\/3-12.jpg\" data-rel=\"lightbox-gallery-Q0WoRehs\" data-rl_title=\"3\" data-rl_caption=\"\" title=\"3\"><img loading=\"lazy\" decoding=\"async\" class=\"alignnone size-thumbnail wp-image-3616\" src=\"http:\/\/www.pro-vo.at\/wp-content\/uploads\/2017\/11\/3-12-150x150.jpg\" alt=\"\" width=\"150\" height=\"150\" \/><\/a> <a href=\"http:\/\/www.pro-vo.at\/wp-content\/uploads\/2017\/11\/4-12.jpg\" data-rel=\"lightbox-gallery-Q0WoRehs\" data-rl_title=\"4\" data-rl_caption=\"\" title=\"4\"><img loading=\"lazy\" decoding=\"async\" class=\"alignnone size-thumbnail wp-image-3617\" src=\"http:\/\/www.pro-vo.at\/wp-content\/uploads\/2017\/11\/4-12-150x150.jpg\" alt=\"\" width=\"150\" height=\"150\" \/><\/a> <a href=\"http:\/\/www.pro-vo.at\/wp-content\/uploads\/2017\/11\/5-12.jpg\" data-rel=\"lightbox-gallery-Q0WoRehs\" data-rl_title=\"5\" data-rl_caption=\"\" title=\"5\"><img loading=\"lazy\" decoding=\"async\" class=\"alignnone size-thumbnail wp-image-3618\" src=\"http:\/\/www.pro-vo.at\/wp-content\/uploads\/2017\/11\/5-12-150x150.jpg\" alt=\"\" width=\"150\" height=\"150\" \/><\/a> <a href=\"http:\/\/www.pro-vo.at\/wp-content\/uploads\/2017\/11\/6-12.jpg\" data-rel=\"lightbox-gallery-Q0WoRehs\" data-rl_title=\"6\" data-rl_caption=\"\" title=\"6\"><img loading=\"lazy\" decoding=\"async\" class=\"alignnone size-thumbnail wp-image-3619\" src=\"http:\/\/www.pro-vo.at\/wp-content\/uploads\/2017\/11\/6-12-150x150.jpg\" alt=\"\" width=\"150\" height=\"150\" \/><\/a> <a href=\"http:\/\/www.pro-vo.at\/wp-content\/uploads\/2017\/11\/7-12.jpg\" data-rel=\"lightbox-gallery-Q0WoRehs\" data-rl_title=\"7\" data-rl_caption=\"\" title=\"7\"><img loading=\"lazy\" decoding=\"async\" class=\"alignnone size-thumbnail wp-image-3620\" src=\"http:\/\/www.pro-vo.at\/wp-content\/uploads\/2017\/11\/7-12-150x150.jpg\" alt=\"\" width=\"150\" height=\"150\" \/><\/a> <a href=\"http:\/\/www.pro-vo.at\/wp-content\/uploads\/2017\/11\/8-12.jpg\" data-rel=\"lightbox-gallery-Q0WoRehs\" data-rl_title=\"8\" data-rl_caption=\"\" title=\"8\"><img loading=\"lazy\" decoding=\"async\" class=\"alignnone size-thumbnail wp-image-3621\" src=\"http:\/\/www.pro-vo.at\/wp-content\/uploads\/2017\/11\/8-12-150x150.jpg\" alt=\"\" width=\"150\" height=\"150\" \/><\/a> <a href=\"http:\/\/www.pro-vo.at\/wp-content\/uploads\/2017\/11\/9-12.jpg\" data-rel=\"lightbox-gallery-Q0WoRehs\" data-rl_title=\"9\" data-rl_caption=\"\" title=\"9\"><img loading=\"lazy\" decoding=\"async\" class=\"alignnone size-thumbnail wp-image-3622\" src=\"http:\/\/www.pro-vo.at\/wp-content\/uploads\/2017\/11\/9-12-150x150.jpg\" alt=\"\" width=\"150\" height=\"150\" \/><\/a> <a href=\"http:\/\/www.pro-vo.at\/wp-content\/uploads\/2017\/11\/10-15.jpg\" data-rel=\"lightbox-gallery-Q0WoRehs\" data-rl_title=\"10\" data-rl_caption=\"\" title=\"10\"><img loading=\"lazy\" decoding=\"async\" class=\"alignnone size-thumbnail wp-image-3623\" src=\"http:\/\/www.pro-vo.at\/wp-content\/uploads\/2017\/11\/10-15-150x150.jpg\" alt=\"\" width=\"150\" height=\"150\" \/><\/a> <a href=\"http:\/\/www.pro-vo.at\/wp-content\/uploads\/2017\/11\/11-14.jpg\" data-rel=\"lightbox-gallery-Q0WoRehs\" data-rl_title=\"11\" data-rl_caption=\"\" title=\"11\"><img loading=\"lazy\" decoding=\"async\" class=\"alignnone size-thumbnail wp-image-3624\" src=\"http:\/\/www.pro-vo.at\/wp-content\/uploads\/2017\/11\/11-14-150x150.jpg\" alt=\"\" width=\"150\" height=\"150\" \/><\/a> <a href=\"http:\/\/www.pro-vo.at\/wp-content\/uploads\/2017\/11\/12-14.jpg\" data-rel=\"lightbox-gallery-Q0WoRehs\" data-rl_title=\"12\" data-rl_caption=\"\" title=\"12\"><img loading=\"lazy\" decoding=\"async\" class=\"alignnone size-thumbnail wp-image-3625\" src=\"http:\/\/www.pro-vo.at\/wp-content\/uploads\/2017\/11\/12-14-150x150.jpg\" alt=\"\" width=\"150\" height=\"150\" \/><\/a> <a href=\"http:\/\/www.pro-vo.at\/wp-content\/uploads\/2017\/11\/13-13.jpg\" data-rel=\"lightbox-gallery-Q0WoRehs\" data-rl_title=\"13\" data-rl_caption=\"\" title=\"13\"><img loading=\"lazy\" decoding=\"async\" class=\"alignnone size-thumbnail wp-image-3626\" src=\"http:\/\/www.pro-vo.at\/wp-content\/uploads\/2017\/11\/13-13-150x150.jpg\" alt=\"\" width=\"150\" height=\"150\" \/><\/a> <a href=\"http:\/\/www.pro-vo.at\/wp-content\/uploads\/2017\/11\/14-11.jpg\" data-rel=\"lightbox-gallery-Q0WoRehs\" data-rl_title=\"14\" data-rl_caption=\"\" title=\"14\"><img loading=\"lazy\" decoding=\"async\" class=\"alignnone size-thumbnail wp-image-3627\" src=\"http:\/\/www.pro-vo.at\/wp-content\/uploads\/2017\/11\/14-11-150x150.jpg\" alt=\"\" width=\"150\" height=\"150\" \/><\/a> <a href=\"http:\/\/www.pro-vo.at\/wp-content\/uploads\/2017\/11\/15-11.jpg\" data-rel=\"lightbox-gallery-Q0WoRehs\" data-rl_title=\"15\" data-rl_caption=\"\" title=\"15\"><img loading=\"lazy\" decoding=\"async\" class=\"alignnone size-thumbnail wp-image-3628\" src=\"http:\/\/www.pro-vo.at\/wp-content\/uploads\/2017\/11\/15-11-150x150.jpg\" alt=\"\" width=\"150\" height=\"150\" \/><\/a><\/p>\n<p><a href=\"http:\/\/www.pro-vo.at\/index.php\/chronik\/\">Zur\u00fcck zur Chronik<\/a><\/p>\n<p>&nbsp;<\/p>\n","protected":false},"excerpt":{"rendered":"<p>Vorspielstunde Violine Es musizierten Sch\u00fclerinnen und Sch\u00fcler von Lisa Stephanie Charvat Donnerstag, 21. M\u00e4rz 2013 18:30 Uhr gro\u00dfer Veranstaltungsraum pro-vo 1150 Wien, Huglgasse 24 Klavier: Jordan Joel Lindinger Viktoria Knust Severin Chen Zur\u00fcck zur Chronik &nbsp;<\/p>\n","protected":false},"author":1,"featured_media":0,"parent":28,"menu_order":0,"comment_status":"closed","ping_status":"closed","template":"","meta":{"footnotes":""},"class_list":["post-3613","page","type-page","status-publish"],"_links":{"self":[{"href":"https:\/\/www.pro-vo.at\/index.php\/wp-json\/wp\/v2\/pages\/3613","targetHints":{"allow":["GET"]}}],"collection":[{"href":"https:\/\/www.pro-vo.at\/index.php\/wp-json\/wp\/v2\/pages"}],"about":[{"href":"https:\/\/www.pro-vo.at\/index.php\/wp-json\/wp\/v2\/types\/page"}],"author":[{"embeddable":true,"href":"https:\/\/www.pro-vo.at\/index.php\/wp-json\/wp\/v2\/users\/1"}],"replies":[{"embeddable":true,"href":"https:\/\/www.pro-vo.at\/index.php\/wp-json\/wp\/v2\/comments?post=3613"}],"version-history":[{"count":1,"href":"https:\/\/www.pro-vo.at\/index.php\/wp-json\/wp\/v2\/pages\/3613\/revisions"}],"predecessor-version":[{"id":3629,"href":"https:\/\/www.pro-vo.at\/index.php\/wp-json\/wp\/v2\/pages\/3613\/revisions\/3629"}],"up":[{"embeddable":true,"href":"https:\/\/www.pro-vo.at\/index.php\/wp-json\/wp\/v2\/pages\/28"}],"wp:attachment":[{"href":"https:\/\/www.pro-vo.at\/index.php\/wp-json\/wp\/v2\/media?parent=3613"}],"curies":[{"name":"wp","href":"https:\/\/api.w.org\/{rel}","templated":true}]}}