{"id":3467,"date":"2017-11-15T15:29:48","date_gmt":"2017-11-15T15:29:48","guid":{"rendered":"http:\/\/www.pro-vo.at\/?page_id=3467"},"modified":"2017-11-15T15:29:48","modified_gmt":"2017-11-15T15:29:48","slug":"lisi-10-2012","status":"publish","type":"page","link":"https:\/\/www.pro-vo.at\/index.php\/chronik\/lisi-10-2012\/","title":{"rendered":"Lisi 10 2012"},"content":{"rendered":"<h1>Klassenabend<\/h1>\n<p>Elisabeth Jungmayer-K\u00f6gler<\/p>\n<p>Samstag, 20. Oktober 2012, 17 Uhr<\/p>\n<p><a href=\"http:\/\/www.pro-vo.at\/wp-content\/uploads\/2017\/11\/1-9.jpg\" data-rel=\"lightbox-gallery-U51sGPYA\" data-rl_title=\"1\" data-rl_caption=\"\" title=\"1\"><img loading=\"lazy\" decoding=\"async\" class=\"alignnone size-thumbnail wp-image-3468\" src=\"http:\/\/www.pro-vo.at\/wp-content\/uploads\/2017\/11\/1-9-150x150.jpg\" alt=\"\" width=\"150\" height=\"150\" \/><\/a> <a href=\"http:\/\/www.pro-vo.at\/wp-content\/uploads\/2017\/11\/2-9.jpg\" data-rel=\"lightbox-gallery-U51sGPYA\" data-rl_title=\"2\" data-rl_caption=\"\" title=\"2\"><img loading=\"lazy\" decoding=\"async\" class=\"alignnone size-thumbnail wp-image-3469\" src=\"http:\/\/www.pro-vo.at\/wp-content\/uploads\/2017\/11\/2-9-150x150.jpg\" alt=\"\" width=\"150\" height=\"150\" \/><\/a> <a href=\"http:\/\/www.pro-vo.at\/wp-content\/uploads\/2017\/11\/3-9.jpg\" data-rel=\"lightbox-gallery-U51sGPYA\" data-rl_title=\"3\" data-rl_caption=\"\" title=\"3\"><img loading=\"lazy\" decoding=\"async\" class=\"alignnone size-thumbnail wp-image-3470\" src=\"http:\/\/www.pro-vo.at\/wp-content\/uploads\/2017\/11\/3-9-150x150.jpg\" alt=\"\" width=\"150\" height=\"150\" \/><\/a> <a href=\"http:\/\/www.pro-vo.at\/wp-content\/uploads\/2017\/11\/4-9.jpg\" data-rel=\"lightbox-gallery-U51sGPYA\" data-rl_title=\"4\" data-rl_caption=\"\" title=\"4\"><img loading=\"lazy\" decoding=\"async\" class=\"alignnone size-thumbnail wp-image-3471\" src=\"http:\/\/www.pro-vo.at\/wp-content\/uploads\/2017\/11\/4-9-150x150.jpg\" alt=\"\" width=\"150\" height=\"150\" \/><\/a> <a href=\"http:\/\/www.pro-vo.at\/wp-content\/uploads\/2017\/11\/5-9.jpg\" data-rel=\"lightbox-gallery-U51sGPYA\" data-rl_title=\"5\" data-rl_caption=\"\" title=\"5\"><img loading=\"lazy\" decoding=\"async\" class=\"alignnone size-thumbnail wp-image-3472\" src=\"http:\/\/www.pro-vo.at\/wp-content\/uploads\/2017\/11\/5-9-150x150.jpg\" alt=\"\" width=\"150\" height=\"150\" \/><\/a> <a href=\"http:\/\/www.pro-vo.at\/wp-content\/uploads\/2017\/11\/6-9.jpg\" data-rel=\"lightbox-gallery-U51sGPYA\" data-rl_title=\"6\" data-rl_caption=\"\" title=\"6\"><img loading=\"lazy\" decoding=\"async\" class=\"alignnone size-thumbnail wp-image-3473\" src=\"http:\/\/www.pro-vo.at\/wp-content\/uploads\/2017\/11\/6-9-150x150.jpg\" alt=\"\" width=\"150\" height=\"150\" \/><\/a> <a href=\"http:\/\/www.pro-vo.at\/wp-content\/uploads\/2017\/11\/7-9.jpg\" data-rel=\"lightbox-gallery-U51sGPYA\" data-rl_title=\"7\" data-rl_caption=\"\" title=\"7\"><img loading=\"lazy\" decoding=\"async\" class=\"alignnone size-thumbnail wp-image-3474\" src=\"http:\/\/www.pro-vo.at\/wp-content\/uploads\/2017\/11\/7-9-150x150.jpg\" alt=\"\" width=\"150\" height=\"150\" \/><\/a> <a href=\"http:\/\/www.pro-vo.at\/wp-content\/uploads\/2017\/11\/8-9.jpg\" data-rel=\"lightbox-gallery-U51sGPYA\" data-rl_title=\"8\" data-rl_caption=\"\" title=\"8\"><img loading=\"lazy\" decoding=\"async\" class=\"alignnone size-thumbnail wp-image-3475\" src=\"http:\/\/www.pro-vo.at\/wp-content\/uploads\/2017\/11\/8-9-150x150.jpg\" alt=\"\" width=\"150\" height=\"150\" \/><\/a> <a href=\"http:\/\/www.pro-vo.at\/wp-content\/uploads\/2017\/11\/9-9.jpg\" data-rel=\"lightbox-gallery-U51sGPYA\" data-rl_title=\"9\" data-rl_caption=\"\" title=\"9\"><img loading=\"lazy\" decoding=\"async\" class=\"alignnone size-thumbnail wp-image-3476\" src=\"http:\/\/www.pro-vo.at\/wp-content\/uploads\/2017\/11\/9-9-150x150.jpg\" alt=\"\" width=\"150\" height=\"150\" \/><\/a> <a href=\"http:\/\/www.pro-vo.at\/wp-content\/uploads\/2017\/11\/10-11.jpg\" data-rel=\"lightbox-gallery-U51sGPYA\" data-rl_title=\"10\" data-rl_caption=\"\" title=\"10\"><img loading=\"lazy\" decoding=\"async\" class=\"alignnone size-thumbnail wp-image-3477\" src=\"http:\/\/www.pro-vo.at\/wp-content\/uploads\/2017\/11\/10-11-150x150.jpg\" alt=\"\" width=\"150\" height=\"150\" \/><\/a> <a href=\"http:\/\/www.pro-vo.at\/wp-content\/uploads\/2017\/11\/11-10.jpg\" data-rel=\"lightbox-gallery-U51sGPYA\" data-rl_title=\"11\" data-rl_caption=\"\" title=\"11\"><img loading=\"lazy\" decoding=\"async\" class=\"alignnone size-thumbnail wp-image-3478\" src=\"http:\/\/www.pro-vo.at\/wp-content\/uploads\/2017\/11\/11-10-150x150.jpg\" alt=\"\" width=\"150\" height=\"150\" \/><\/a> <a href=\"http:\/\/www.pro-vo.at\/wp-content\/uploads\/2017\/11\/12-10.jpg\" data-rel=\"lightbox-gallery-U51sGPYA\" data-rl_title=\"12\" data-rl_caption=\"\" title=\"12\"><img loading=\"lazy\" decoding=\"async\" class=\"alignnone size-thumbnail wp-image-3479\" src=\"http:\/\/www.pro-vo.at\/wp-content\/uploads\/2017\/11\/12-10-150x150.jpg\" alt=\"\" width=\"150\" height=\"150\" \/><\/a> <a href=\"http:\/\/www.pro-vo.at\/wp-content\/uploads\/2017\/11\/13-9.jpg\" data-rel=\"lightbox-gallery-U51sGPYA\" data-rl_title=\"13\" data-rl_caption=\"\" title=\"13\"><img loading=\"lazy\" decoding=\"async\" class=\"alignnone size-thumbnail wp-image-3480\" src=\"http:\/\/www.pro-vo.at\/wp-content\/uploads\/2017\/11\/13-9-150x150.jpg\" alt=\"\" width=\"150\" height=\"150\" \/><\/a><\/p>\n<p>Kira<br \/>\nDer fr\u00f6hliche Blockfl\u00f6tenspieler<br \/>\nM. de Backer<\/p>\n<p>Lara<br \/>\nAu clair de la lune<br \/>\nFranz\u00f6sisches Kinderlied<\/p>\n<p>Stefan<br \/>\n7 Tage Regenwetter<br \/>\nKinderlied<\/p>\n<p>Florine<br \/>\nKuckuck<br \/>\nKinderlied<\/p>\n<p>Stefan<br \/>\nOld McDonald<br \/>\nKinderlied<br \/>\nAlena<br \/>\nOld McDonald<br \/>\nKinderlied<br \/>\nKlasse: Martha Manrique<\/p>\n<p>Elias<br \/>\nBig Ben<br \/>\nK. Daxb\u00f6ck<br \/>\nKlasse: Severin Chen<\/p>\n<p>Lara<br \/>\nBourr\u00e9e<br \/>\nJ.B. de Boismortier<\/p>\n<p>Davy<br \/>\nZinnsoldatenblues<br \/>\nD. Semmler<br \/>\nKlasse: Martha Manrique<\/p>\n<p>Florine<br \/>\nTrompete und Trommel<br \/>\nK. Daxb\u00f6ck<\/p>\n<p>Linnea<br \/>\nEdlyn<br \/>\nErbsenspaziergang<br \/>\nB. Ertl<br \/>\nHexe Wackelzahn<br \/>\nKinderlied<br \/>\nA la Nanita Nana<br \/>\nSpanisches Lied<br \/>\nLeitertanz<br \/>\nB. Ertl<\/p>\n<p><a href=\"http:\/\/www.pro-vo.at\/index.php\/chronik\/\">Zur\u00fcck zur Chronik<\/a><\/p>\n","protected":false},"excerpt":{"rendered":"<p>Klassenabend Elisabeth Jungmayer-K\u00f6gler Samstag, 20. Oktober 2012, 17 Uhr Kira Der fr\u00f6hliche Blockfl\u00f6tenspieler M. de Backer Lara Au clair de la lune Franz\u00f6sisches Kinderlied Stefan 7 Tage Regenwetter Kinderlied Florine Kuckuck Kinderlied Stefan Old McDonald Kinderlied Alena Old McDonald Kinderlied Klasse: Martha Manrique Elias Big Ben K. Daxb\u00f6ck Klasse: Severin Chen Lara Bourr\u00e9e J.B. de &#8230; <a title=\"Lisi 10 2012\" class=\"read-more\" href=\"https:\/\/www.pro-vo.at\/index.php\/chronik\/lisi-10-2012\/\" aria-label=\"Mehr Informationen \u00fcber Lisi 10 2012\">Weiterlesen<\/a><\/p>\n","protected":false},"author":1,"featured_media":0,"parent":28,"menu_order":0,"comment_status":"closed","ping_status":"closed","template":"","meta":{"footnotes":""},"class_list":["post-3467","page","type-page","status-publish"],"_links":{"self":[{"href":"https:\/\/www.pro-vo.at\/index.php\/wp-json\/wp\/v2\/pages\/3467","targetHints":{"allow":["GET"]}}],"collection":[{"href":"https:\/\/www.pro-vo.at\/index.php\/wp-json\/wp\/v2\/pages"}],"about":[{"href":"https:\/\/www.pro-vo.at\/index.php\/wp-json\/wp\/v2\/types\/page"}],"author":[{"embeddable":true,"href":"https:\/\/www.pro-vo.at\/index.php\/wp-json\/wp\/v2\/users\/1"}],"replies":[{"embeddable":true,"href":"https:\/\/www.pro-vo.at\/index.php\/wp-json\/wp\/v2\/comments?post=3467"}],"version-history":[{"count":1,"href":"https:\/\/www.pro-vo.at\/index.php\/wp-json\/wp\/v2\/pages\/3467\/revisions"}],"predecessor-version":[{"id":3481,"href":"https:\/\/www.pro-vo.at\/index.php\/wp-json\/wp\/v2\/pages\/3467\/revisions\/3481"}],"up":[{"embeddable":true,"href":"https:\/\/www.pro-vo.at\/index.php\/wp-json\/wp\/v2\/pages\/28"}],"wp:attachment":[{"href":"https:\/\/www.pro-vo.at\/index.php\/wp-json\/wp\/v2\/media?parent=3467"}],"curies":[{"name":"wp","href":"https:\/\/api.w.org\/{rel}","templated":true}]}}