{"id":3352,"date":"2017-11-15T14:37:23","date_gmt":"2017-11-15T14:37:23","guid":{"rendered":"http:\/\/www.pro-vo.at\/?page_id=3352"},"modified":"2017-11-15T14:37:23","modified_gmt":"2017-11-15T14:37:23","slug":"martin-01-2012","status":"publish","type":"page","link":"https:\/\/www.pro-vo.at\/index.php\/chronik\/martin-01-2012\/","title":{"rendered":"Martin 01 2012"},"content":{"rendered":"<h1>Klassenabend Gitarre<\/h1>\n<p>Freitag, 27.01.2012 um 18.30 Uhr<br \/>\nEs spielten Sch\u00fcler der Gitarreklasse Martin Sch\u00f6nlieb<br \/>\nSchlagzeug: Walter M\u00fcller<\/p>\n<p><a href=\"http:\/\/www.pro-vo.at\/wp-content\/uploads\/2017\/11\/1-6.jpg\" data-rel=\"lightbox-gallery-MRrtrjoA\" data-rl_title=\"1\" data-rl_caption=\"\" title=\"1\"><img loading=\"lazy\" decoding=\"async\" class=\"alignnone size-thumbnail wp-image-3353\" src=\"http:\/\/www.pro-vo.at\/wp-content\/uploads\/2017\/11\/1-6-150x150.jpg\" alt=\"\" width=\"150\" height=\"150\" \/><\/a> <a href=\"http:\/\/www.pro-vo.at\/wp-content\/uploads\/2017\/11\/2-6.jpg\" data-rel=\"lightbox-gallery-MRrtrjoA\" data-rl_title=\"2\" data-rl_caption=\"\" title=\"2\"><img loading=\"lazy\" decoding=\"async\" class=\"alignnone size-thumbnail wp-image-3354\" src=\"http:\/\/www.pro-vo.at\/wp-content\/uploads\/2017\/11\/2-6-150x150.jpg\" alt=\"\" width=\"150\" height=\"150\" \/><\/a> <a href=\"http:\/\/www.pro-vo.at\/wp-content\/uploads\/2017\/11\/3-6.jpg\" data-rel=\"lightbox-gallery-MRrtrjoA\" data-rl_title=\"3\" data-rl_caption=\"\" title=\"3\"><img loading=\"lazy\" decoding=\"async\" class=\"alignnone size-thumbnail wp-image-3355\" src=\"http:\/\/www.pro-vo.at\/wp-content\/uploads\/2017\/11\/3-6-150x150.jpg\" alt=\"\" width=\"150\" height=\"150\" \/><\/a> <a href=\"http:\/\/www.pro-vo.at\/wp-content\/uploads\/2017\/11\/4-6.jpg\" data-rel=\"lightbox-gallery-MRrtrjoA\" data-rl_title=\"4\" data-rl_caption=\"\" title=\"4\"><img loading=\"lazy\" decoding=\"async\" class=\"alignnone size-thumbnail wp-image-3356\" src=\"http:\/\/www.pro-vo.at\/wp-content\/uploads\/2017\/11\/4-6-150x150.jpg\" alt=\"\" width=\"150\" height=\"150\" \/><\/a> <a href=\"http:\/\/www.pro-vo.at\/wp-content\/uploads\/2017\/11\/5-6.jpg\" data-rel=\"lightbox-gallery-MRrtrjoA\" data-rl_title=\"5\" data-rl_caption=\"\" title=\"5\"><img loading=\"lazy\" decoding=\"async\" class=\"alignnone size-thumbnail wp-image-3357\" src=\"http:\/\/www.pro-vo.at\/wp-content\/uploads\/2017\/11\/5-6-150x150.jpg\" alt=\"\" width=\"150\" height=\"150\" \/><\/a> <a href=\"http:\/\/www.pro-vo.at\/wp-content\/uploads\/2017\/11\/6-6.jpg\" data-rel=\"lightbox-gallery-MRrtrjoA\" data-rl_title=\"6\" data-rl_caption=\"\" title=\"6\"><img loading=\"lazy\" decoding=\"async\" class=\"alignnone size-thumbnail wp-image-3358\" src=\"http:\/\/www.pro-vo.at\/wp-content\/uploads\/2017\/11\/6-6-150x150.jpg\" alt=\"\" width=\"150\" height=\"150\" \/><\/a> <a href=\"http:\/\/www.pro-vo.at\/wp-content\/uploads\/2017\/11\/7-6.jpg\" data-rel=\"lightbox-gallery-MRrtrjoA\" data-rl_title=\"7\" data-rl_caption=\"\" title=\"7\"><img loading=\"lazy\" decoding=\"async\" class=\"alignnone size-thumbnail wp-image-3359\" src=\"http:\/\/www.pro-vo.at\/wp-content\/uploads\/2017\/11\/7-6-150x150.jpg\" alt=\"\" width=\"150\" height=\"150\" \/><\/a> <a href=\"http:\/\/www.pro-vo.at\/wp-content\/uploads\/2017\/11\/8-6.jpg\" data-rel=\"lightbox-gallery-MRrtrjoA\" data-rl_title=\"8\" data-rl_caption=\"\" title=\"8\"><img loading=\"lazy\" decoding=\"async\" class=\"alignnone size-thumbnail wp-image-3360\" src=\"http:\/\/www.pro-vo.at\/wp-content\/uploads\/2017\/11\/8-6-150x150.jpg\" alt=\"\" width=\"150\" height=\"150\" \/><\/a> <a href=\"http:\/\/www.pro-vo.at\/wp-content\/uploads\/2017\/11\/9-6.jpg\" data-rel=\"lightbox-gallery-MRrtrjoA\" data-rl_title=\"9\" data-rl_caption=\"\" title=\"9\"><img loading=\"lazy\" decoding=\"async\" class=\"alignnone size-thumbnail wp-image-3361\" src=\"http:\/\/www.pro-vo.at\/wp-content\/uploads\/2017\/11\/9-6-150x150.jpg\" alt=\"\" width=\"150\" height=\"150\" \/><\/a> <a href=\"http:\/\/www.pro-vo.at\/wp-content\/uploads\/2017\/11\/10-9.jpg\" data-rel=\"lightbox-gallery-MRrtrjoA\" data-rl_title=\"10\" data-rl_caption=\"\" title=\"10\"><img loading=\"lazy\" decoding=\"async\" class=\"alignnone size-thumbnail wp-image-3362\" src=\"http:\/\/www.pro-vo.at\/wp-content\/uploads\/2017\/11\/10-9-150x150.jpg\" alt=\"\" width=\"150\" height=\"150\" \/><\/a> <a href=\"http:\/\/www.pro-vo.at\/wp-content\/uploads\/2017\/11\/11-8.jpg\" data-rel=\"lightbox-gallery-MRrtrjoA\" data-rl_title=\"11\" data-rl_caption=\"\" title=\"11\"><img loading=\"lazy\" decoding=\"async\" class=\"alignnone size-thumbnail wp-image-3363\" src=\"http:\/\/www.pro-vo.at\/wp-content\/uploads\/2017\/11\/11-8-150x150.jpg\" alt=\"\" width=\"150\" height=\"150\" \/><\/a> <a href=\"http:\/\/www.pro-vo.at\/wp-content\/uploads\/2017\/11\/12-8.jpg\" data-rel=\"lightbox-gallery-MRrtrjoA\" data-rl_title=\"12\" data-rl_caption=\"\" title=\"12\"><img loading=\"lazy\" decoding=\"async\" class=\"alignnone size-thumbnail wp-image-3364\" src=\"http:\/\/www.pro-vo.at\/wp-content\/uploads\/2017\/11\/12-8-150x150.jpg\" alt=\"\" width=\"150\" height=\"150\" \/><\/a> <a href=\"http:\/\/www.pro-vo.at\/wp-content\/uploads\/2017\/11\/13-7.jpg\" data-rel=\"lightbox-gallery-MRrtrjoA\" data-rl_title=\"13\" data-rl_caption=\"\" title=\"13\"><img loading=\"lazy\" decoding=\"async\" class=\"alignnone size-thumbnail wp-image-3365\" src=\"http:\/\/www.pro-vo.at\/wp-content\/uploads\/2017\/11\/13-7-150x150.jpg\" alt=\"\" width=\"150\" height=\"150\" \/><\/a><\/p>\n<p>Valentin<br \/>\nEstudios Sencillos II, III, VI (Leo Brouwer)<\/p>\n<p>Matthias<br \/>\nCalifornication (Red Hot Chili Peppers)<\/p>\n<p>Marcus<br \/>\nLet it be (Lennon\/Mc Cartney)<\/p>\n<p>Marcus , Lukas<br \/>\nTake Five (Paul Desmond)<\/p>\n<p>Simon<br \/>\nMore than words (Bettencourt\/Cherone)<br \/>\nSolitary Man (Neil Diamond)<\/p>\n<p>Michael<br \/>\nBefore you accuse me (Bo Diddley)<br \/>\nBoom, Boom (John Lee Hooker)<\/p>\n<p><a href=\"http:\/\/www.pro-vo.at\/index.php\/chronik\/\">Zur\u00fcck zur Chronik<\/a><\/p>\n","protected":false},"excerpt":{"rendered":"<p>Klassenabend Gitarre Freitag, 27.01.2012 um 18.30 Uhr Es spielten Sch\u00fcler der Gitarreklasse Martin Sch\u00f6nlieb Schlagzeug: Walter M\u00fcller Valentin Estudios Sencillos II, III, VI (Leo Brouwer) Matthias Californication (Red Hot Chili Peppers) Marcus Let it be (Lennon\/Mc Cartney) Marcus , Lukas Take Five (Paul Desmond) Simon More than words (Bettencourt\/Cherone) Solitary Man (Neil Diamond) Michael Before &#8230; <a title=\"Martin 01 2012\" class=\"read-more\" href=\"https:\/\/www.pro-vo.at\/index.php\/chronik\/martin-01-2012\/\" aria-label=\"Mehr Informationen \u00fcber Martin 01 2012\">Weiterlesen<\/a><\/p>\n","protected":false},"author":1,"featured_media":0,"parent":28,"menu_order":0,"comment_status":"closed","ping_status":"closed","template":"","meta":{"footnotes":""},"class_list":["post-3352","page","type-page","status-publish"],"_links":{"self":[{"href":"https:\/\/www.pro-vo.at\/index.php\/wp-json\/wp\/v2\/pages\/3352","targetHints":{"allow":["GET"]}}],"collection":[{"href":"https:\/\/www.pro-vo.at\/index.php\/wp-json\/wp\/v2\/pages"}],"about":[{"href":"https:\/\/www.pro-vo.at\/index.php\/wp-json\/wp\/v2\/types\/page"}],"author":[{"embeddable":true,"href":"https:\/\/www.pro-vo.at\/index.php\/wp-json\/wp\/v2\/users\/1"}],"replies":[{"embeddable":true,"href":"https:\/\/www.pro-vo.at\/index.php\/wp-json\/wp\/v2\/comments?post=3352"}],"version-history":[{"count":1,"href":"https:\/\/www.pro-vo.at\/index.php\/wp-json\/wp\/v2\/pages\/3352\/revisions"}],"predecessor-version":[{"id":3366,"href":"https:\/\/www.pro-vo.at\/index.php\/wp-json\/wp\/v2\/pages\/3352\/revisions\/3366"}],"up":[{"embeddable":true,"href":"https:\/\/www.pro-vo.at\/index.php\/wp-json\/wp\/v2\/pages\/28"}],"wp:attachment":[{"href":"https:\/\/www.pro-vo.at\/index.php\/wp-json\/wp\/v2\/media?parent=3352"}],"curies":[{"name":"wp","href":"https:\/\/api.w.org\/{rel}","templated":true}]}}