{"id":2997,"date":"2017-11-14T19:11:36","date_gmt":"2017-11-14T19:11:36","guid":{"rendered":"http:\/\/www.pro-vo.at\/?page_id=2997"},"modified":"2017-11-14T19:11:36","modified_gmt":"2017-11-14T19:11:36","slug":"gonzalo-2011","status":"publish","type":"page","link":"https:\/\/www.pro-vo.at\/index.php\/chronik\/gonzalo-2011\/","title":{"rendered":"Gonzalo 2011"},"content":{"rendered":"<h1>Konzert Gonzalo Manrique Vallier<\/h1>\n<p>Gitarrekonzert<\/p>\n<p>Samstag 28. Mai<br \/>\n17:00 Uhr<\/p>\n<p>Werke von<br \/>\nJ.S. Bach<br \/>\nGiulio Regondi<br \/>\nAgust\u00edn Barrios<br \/>\nJoaqu\u00edn Rodrigo<br \/>\nGonzalo Manrique, Gitarre<\/p>\n<p>pro-vo, gro\u00dfer Veranstaltungsraum<br \/>\nHuglgasse 24, 1150 Wien<br \/>\nDer Eintritt ist frei<\/p>\n<p><a href=\"http:\/\/www.pro-vo.at\/wp-content\/uploads\/2017\/11\/G1.jpg\" data-rel=\"lightbox-gallery-xqoUOL2V\" data-rl_title=\"G1\" data-rl_caption=\"\" title=\"G1\"><img loading=\"lazy\" decoding=\"async\" class=\"alignnone size-thumbnail wp-image-2998\" src=\"http:\/\/www.pro-vo.at\/wp-content\/uploads\/2017\/11\/G1-150x150.jpg\" alt=\"\" width=\"150\" height=\"150\" \/><\/a> <a href=\"http:\/\/www.pro-vo.at\/wp-content\/uploads\/2017\/11\/G9.jpg\" data-rel=\"lightbox-gallery-xqoUOL2V\" data-rl_title=\"\" data-rl_caption=\"\" title=\"\"><img loading=\"lazy\" decoding=\"async\" class=\"alignnone size-thumbnail wp-image-3006\" src=\"http:\/\/www.pro-vo.at\/wp-content\/uploads\/2017\/11\/G9-150x150.jpg\" alt=\"\" width=\"150\" height=\"150\" \/><\/a> <a href=\"http:\/\/www.pro-vo.at\/wp-content\/uploads\/2017\/11\/G8.jpg\" data-rel=\"lightbox-gallery-xqoUOL2V\" data-rl_title=\"\" data-rl_caption=\"\" title=\"\"><img loading=\"lazy\" decoding=\"async\" class=\"alignnone size-thumbnail wp-image-3005\" src=\"http:\/\/www.pro-vo.at\/wp-content\/uploads\/2017\/11\/G8-150x150.jpg\" alt=\"\" width=\"150\" height=\"150\" \/><\/a> <a href=\"http:\/\/www.pro-vo.at\/wp-content\/uploads\/2017\/11\/G7.jpg\" data-rel=\"lightbox-gallery-xqoUOL2V\" data-rl_title=\"\" data-rl_caption=\"\" title=\"\"><img loading=\"lazy\" decoding=\"async\" class=\"alignnone size-thumbnail wp-image-3004\" src=\"http:\/\/www.pro-vo.at\/wp-content\/uploads\/2017\/11\/G7-150x150.jpg\" alt=\"\" width=\"150\" height=\"150\" \/><\/a> <a href=\"http:\/\/www.pro-vo.at\/wp-content\/uploads\/2017\/11\/G6.jpg\" data-rel=\"lightbox-gallery-xqoUOL2V\" data-rl_title=\"\" data-rl_caption=\"\" title=\"\"><img loading=\"lazy\" decoding=\"async\" class=\"alignnone size-thumbnail wp-image-3003\" src=\"http:\/\/www.pro-vo.at\/wp-content\/uploads\/2017\/11\/G6-150x150.jpg\" alt=\"\" width=\"150\" height=\"150\" \/><\/a> <a href=\"http:\/\/www.pro-vo.at\/wp-content\/uploads\/2017\/11\/G5.jpg\" data-rel=\"lightbox-gallery-xqoUOL2V\" data-rl_title=\"\" data-rl_caption=\"\" title=\"\"><img loading=\"lazy\" decoding=\"async\" class=\"alignnone size-thumbnail wp-image-3002\" src=\"http:\/\/www.pro-vo.at\/wp-content\/uploads\/2017\/11\/G5-150x150.jpg\" alt=\"\" width=\"150\" height=\"150\" \/><\/a> <a href=\"http:\/\/www.pro-vo.at\/wp-content\/uploads\/2017\/11\/G4.jpg\" data-rel=\"lightbox-gallery-xqoUOL2V\" data-rl_title=\"\" data-rl_caption=\"\" title=\"\"><img loading=\"lazy\" decoding=\"async\" class=\"alignnone size-thumbnail wp-image-3001\" src=\"http:\/\/www.pro-vo.at\/wp-content\/uploads\/2017\/11\/G4-150x150.jpg\" alt=\"\" width=\"150\" height=\"150\" \/><\/a> <a href=\"http:\/\/www.pro-vo.at\/wp-content\/uploads\/2017\/11\/G3.jpg\" data-rel=\"lightbox-gallery-xqoUOL2V\" data-rl_title=\"\" data-rl_caption=\"\" title=\"\"><img loading=\"lazy\" decoding=\"async\" class=\"alignnone size-thumbnail wp-image-3000\" src=\"http:\/\/www.pro-vo.at\/wp-content\/uploads\/2017\/11\/G3-150x150.jpg\" alt=\"\" width=\"150\" height=\"150\" \/><\/a> <a href=\"http:\/\/www.pro-vo.at\/wp-content\/uploads\/2017\/11\/G2.jpg\" data-rel=\"lightbox-gallery-xqoUOL2V\" data-rl_title=\"\" data-rl_caption=\"\" title=\"\"><img loading=\"lazy\" decoding=\"async\" class=\"alignnone size-thumbnail wp-image-2999\" src=\"http:\/\/www.pro-vo.at\/wp-content\/uploads\/2017\/11\/G2-150x150.jpg\" alt=\"\" width=\"150\" height=\"150\" \/><\/a><\/p>\n<p><a href=\"http:\/\/www.pro-vo.at\/index.php\/chronik\/\">Zur\u00fcck zur Chronik<\/a><\/p>\n","protected":false},"excerpt":{"rendered":"<p>Konzert Gonzalo Manrique Vallier Gitarrekonzert Samstag 28. Mai 17:00 Uhr Werke von J.S. Bach Giulio Regondi Agust\u00edn Barrios Joaqu\u00edn Rodrigo Gonzalo Manrique, Gitarre pro-vo, gro\u00dfer Veranstaltungsraum Huglgasse 24, 1150 Wien Der Eintritt ist frei Zur\u00fcck zur Chronik<\/p>\n","protected":false},"author":1,"featured_media":0,"parent":28,"menu_order":0,"comment_status":"closed","ping_status":"closed","template":"","meta":{"footnotes":""},"class_list":["post-2997","page","type-page","status-publish"],"_links":{"self":[{"href":"https:\/\/www.pro-vo.at\/index.php\/wp-json\/wp\/v2\/pages\/2997","targetHints":{"allow":["GET"]}}],"collection":[{"href":"https:\/\/www.pro-vo.at\/index.php\/wp-json\/wp\/v2\/pages"}],"about":[{"href":"https:\/\/www.pro-vo.at\/index.php\/wp-json\/wp\/v2\/types\/page"}],"author":[{"embeddable":true,"href":"https:\/\/www.pro-vo.at\/index.php\/wp-json\/wp\/v2\/users\/1"}],"replies":[{"embeddable":true,"href":"https:\/\/www.pro-vo.at\/index.php\/wp-json\/wp\/v2\/comments?post=2997"}],"version-history":[{"count":1,"href":"https:\/\/www.pro-vo.at\/index.php\/wp-json\/wp\/v2\/pages\/2997\/revisions"}],"predecessor-version":[{"id":3007,"href":"https:\/\/www.pro-vo.at\/index.php\/wp-json\/wp\/v2\/pages\/2997\/revisions\/3007"}],"up":[{"embeddable":true,"href":"https:\/\/www.pro-vo.at\/index.php\/wp-json\/wp\/v2\/pages\/28"}],"wp:attachment":[{"href":"https:\/\/www.pro-vo.at\/index.php\/wp-json\/wp\/v2\/media?parent=2997"}],"curies":[{"name":"wp","href":"https:\/\/api.w.org\/{rel}","templated":true}]}}