{"id":2919,"date":"2017-11-14T13:17:12","date_gmt":"2017-11-14T13:17:12","guid":{"rendered":"http:\/\/www.pro-vo.at\/?page_id=2919"},"modified":"2017-11-14T13:17:12","modified_gmt":"2017-11-14T13:17:12","slug":"advent-2010","status":"publish","type":"page","link":"https:\/\/www.pro-vo.at\/index.php\/chronik\/advent-2010\/","title":{"rendered":"Advent 2010"},"content":{"rendered":"<h1>Adventfeier in der pro-vo<\/h1>\n<p>Samstag, 11. Dezember 2010\u00a0 ab 17:00 Uhr<\/p>\n<p>Veranstaltungsraum Verein pro-vo<br \/>\nHuglgasse 24, 1150 Wien<\/p>\n<p><a href=\"http:\/\/www.pro-vo.at\/wp-content\/uploads\/2017\/11\/Advent1.jpg\" data-rel=\"lightbox-gallery-o6bxz38p\" data-rl_title=\"Advent1\" data-rl_caption=\"\" title=\"Advent1\"><img loading=\"lazy\" decoding=\"async\" class=\"alignnone size-thumbnail wp-image-2920\" src=\"http:\/\/www.pro-vo.at\/wp-content\/uploads\/2017\/11\/Advent1-150x150.jpg\" alt=\"\" width=\"150\" height=\"150\" \/><\/a> <a href=\"http:\/\/www.pro-vo.at\/wp-content\/uploads\/2017\/11\/Advent2.jpg\" data-rel=\"lightbox-gallery-o6bxz38p\" data-rl_title=\"Advent2\" data-rl_caption=\"\" title=\"Advent2\"><img loading=\"lazy\" decoding=\"async\" class=\"alignnone size-thumbnail wp-image-2921\" src=\"http:\/\/www.pro-vo.at\/wp-content\/uploads\/2017\/11\/Advent2-150x150.jpg\" alt=\"\" width=\"150\" height=\"150\" \/><\/a> <a href=\"http:\/\/www.pro-vo.at\/wp-content\/uploads\/2017\/11\/Advent3.jpg\" data-rel=\"lightbox-gallery-o6bxz38p\" data-rl_title=\"Advent3\" data-rl_caption=\"\" title=\"Advent3\"><img loading=\"lazy\" decoding=\"async\" class=\"alignnone size-thumbnail wp-image-2922\" src=\"http:\/\/www.pro-vo.at\/wp-content\/uploads\/2017\/11\/Advent3-150x150.jpg\" alt=\"\" width=\"150\" height=\"150\" \/><\/a> <a href=\"http:\/\/www.pro-vo.at\/wp-content\/uploads\/2017\/11\/Advent4.jpg\" data-rel=\"lightbox-gallery-o6bxz38p\" data-rl_title=\"Advent4\" data-rl_caption=\"\" title=\"Advent4\"><img loading=\"lazy\" decoding=\"async\" class=\"alignnone size-thumbnail wp-image-2923\" src=\"http:\/\/www.pro-vo.at\/wp-content\/uploads\/2017\/11\/Advent4-150x150.jpg\" alt=\"\" width=\"150\" height=\"150\" \/><\/a> <a href=\"http:\/\/www.pro-vo.at\/wp-content\/uploads\/2017\/11\/Advent5.jpg\" data-rel=\"lightbox-gallery-o6bxz38p\" data-rl_title=\"Advent5\" data-rl_caption=\"\" title=\"Advent5\"><img loading=\"lazy\" decoding=\"async\" class=\"alignnone size-thumbnail wp-image-2924\" src=\"http:\/\/www.pro-vo.at\/wp-content\/uploads\/2017\/11\/Advent5-150x150.jpg\" alt=\"\" width=\"150\" height=\"150\" \/><\/a> <a href=\"http:\/\/www.pro-vo.at\/wp-content\/uploads\/2017\/11\/Advent6.jpg\" data-rel=\"lightbox-gallery-o6bxz38p\" data-rl_title=\"Advent6\" data-rl_caption=\"\" title=\"Advent6\"><img loading=\"lazy\" decoding=\"async\" class=\"alignnone size-thumbnail wp-image-2925\" src=\"http:\/\/www.pro-vo.at\/wp-content\/uploads\/2017\/11\/Advent6-150x150.jpg\" alt=\"\" width=\"150\" height=\"150\" \/><\/a> <a href=\"http:\/\/www.pro-vo.at\/wp-content\/uploads\/2017\/11\/Advent7.jpg\" data-rel=\"lightbox-gallery-o6bxz38p\" data-rl_title=\"Advent7\" data-rl_caption=\"\" title=\"Advent7\"><img loading=\"lazy\" decoding=\"async\" class=\"alignnone size-thumbnail wp-image-2926\" src=\"http:\/\/www.pro-vo.at\/wp-content\/uploads\/2017\/11\/Advent7-150x150.jpg\" alt=\"\" width=\"150\" height=\"150\" \/><\/a> <a href=\"http:\/\/www.pro-vo.at\/wp-content\/uploads\/2017\/11\/Advent8.jpg\" data-rel=\"lightbox-gallery-o6bxz38p\" data-rl_title=\"Advent8\" data-rl_caption=\"\" title=\"Advent8\"><img loading=\"lazy\" decoding=\"async\" class=\"alignnone size-thumbnail wp-image-2927\" src=\"http:\/\/www.pro-vo.at\/wp-content\/uploads\/2017\/11\/Advent8-150x150.jpg\" alt=\"\" width=\"150\" height=\"150\" \/><\/a> <a href=\"http:\/\/www.pro-vo.at\/wp-content\/uploads\/2017\/11\/Advent9.jpg\" data-rel=\"lightbox-gallery-o6bxz38p\" data-rl_title=\"Advent9\" data-rl_caption=\"\" title=\"Advent9\"><img loading=\"lazy\" decoding=\"async\" class=\"alignnone size-thumbnail wp-image-2928\" src=\"http:\/\/www.pro-vo.at\/wp-content\/uploads\/2017\/11\/Advent9-150x150.jpg\" alt=\"\" width=\"150\" height=\"150\" \/><\/a> <a href=\"http:\/\/www.pro-vo.at\/wp-content\/uploads\/2017\/11\/Advent10.jpg\" data-rel=\"lightbox-gallery-o6bxz38p\" data-rl_title=\"Advent10\" data-rl_caption=\"\" title=\"Advent10\"><img loading=\"lazy\" decoding=\"async\" class=\"alignnone size-thumbnail wp-image-2929\" src=\"http:\/\/www.pro-vo.at\/wp-content\/uploads\/2017\/11\/Advent10-150x150.jpg\" alt=\"\" width=\"150\" height=\"150\" \/><\/a> <a href=\"http:\/\/www.pro-vo.at\/wp-content\/uploads\/2017\/11\/Advent11.jpg\" data-rel=\"lightbox-gallery-o6bxz38p\" data-rl_title=\"Advent11\" data-rl_caption=\"\" title=\"Advent11\"><img loading=\"lazy\" decoding=\"async\" class=\"alignnone size-thumbnail wp-image-2930\" src=\"http:\/\/www.pro-vo.at\/wp-content\/uploads\/2017\/11\/Advent11-150x150.jpg\" alt=\"\" width=\"150\" height=\"150\" \/><\/a> <a href=\"http:\/\/www.pro-vo.at\/wp-content\/uploads\/2017\/11\/Advent12.jpg\" data-rel=\"lightbox-gallery-o6bxz38p\" data-rl_title=\"Advent12\" data-rl_caption=\"\" title=\"Advent12\"><img loading=\"lazy\" decoding=\"async\" class=\"alignnone size-thumbnail wp-image-2931\" src=\"http:\/\/www.pro-vo.at\/wp-content\/uploads\/2017\/11\/Advent12-150x150.jpg\" alt=\"\" width=\"150\" height=\"150\" \/><\/a> <a href=\"http:\/\/www.pro-vo.at\/wp-content\/uploads\/2017\/11\/Advent13.jpg\" data-rel=\"lightbox-gallery-o6bxz38p\" data-rl_title=\"Advent13\" data-rl_caption=\"\" title=\"Advent13\"><img loading=\"lazy\" decoding=\"async\" class=\"alignnone size-thumbnail wp-image-2932\" src=\"http:\/\/www.pro-vo.at\/wp-content\/uploads\/2017\/11\/Advent13-150x150.jpg\" alt=\"\" width=\"150\" height=\"150\" \/><\/a> <a href=\"http:\/\/www.pro-vo.at\/wp-content\/uploads\/2017\/11\/Advent14.jpg\" data-rel=\"lightbox-gallery-o6bxz38p\" data-rl_title=\"Advent14\" data-rl_caption=\"\" title=\"Advent14\"><img loading=\"lazy\" decoding=\"async\" class=\"alignnone size-thumbnail wp-image-2933\" src=\"http:\/\/www.pro-vo.at\/wp-content\/uploads\/2017\/11\/Advent14-150x150.jpg\" alt=\"\" width=\"150\" height=\"150\" \/><\/a> <a href=\"http:\/\/www.pro-vo.at\/wp-content\/uploads\/2017\/11\/Advent15.jpg\" data-rel=\"lightbox-gallery-o6bxz38p\" data-rl_title=\"Advent15\" data-rl_caption=\"\" title=\"Advent15\"><img loading=\"lazy\" decoding=\"async\" class=\"alignnone size-thumbnail wp-image-2934\" src=\"http:\/\/www.pro-vo.at\/wp-content\/uploads\/2017\/11\/Advent15-150x150.jpg\" alt=\"\" width=\"150\" height=\"150\" \/><\/a><\/p>\n<p>Wir luden zu unserer traditionellen Adventfeier herzlich ein.<br \/>\nVielen Dank f\u00fcr Ihren Besuch, unser gro\u00dfer Veranstaltungsraum war bis zum allerletzten Platz gef\u00fcllt.<br \/>\nVielen Dank auch an die Sch\u00fclerinnen und Sch\u00fcler, sowie an die Lehrer der pro-vo,<br \/>\ndie durch Ihre musikalischen Darbietungen zum Gelingen dieses Festes beigetragen haben.<\/p>\n<p>Im Hof gab&#8217;s neben &#8222;Kinderpunsch&#8220; einige weihnachtliche Leckereien,<br \/>\nauch daf\u00fcr sagen wir Dankesch\u00f6n an alle Spender.<\/p>\n<p><a href=\"http:\/\/www.pro-vo.at\/index.php\/chronik\/\">Zur\u00fcck zur Chronik<\/a><\/p>\n","protected":false},"excerpt":{"rendered":"<p>Adventfeier in der pro-vo Samstag, 11. Dezember 2010\u00a0 ab 17:00 Uhr Veranstaltungsraum Verein pro-vo Huglgasse 24, 1150 Wien Wir luden zu unserer traditionellen Adventfeier herzlich ein. Vielen Dank f\u00fcr Ihren Besuch, unser gro\u00dfer Veranstaltungsraum war bis zum allerletzten Platz gef\u00fcllt. Vielen Dank auch an die Sch\u00fclerinnen und Sch\u00fcler, sowie an die Lehrer der pro-vo, die &#8230; <a title=\"Advent 2010\" class=\"read-more\" href=\"https:\/\/www.pro-vo.at\/index.php\/chronik\/advent-2010\/\" aria-label=\"Mehr Informationen \u00fcber Advent 2010\">Weiterlesen<\/a><\/p>\n","protected":false},"author":1,"featured_media":0,"parent":28,"menu_order":0,"comment_status":"closed","ping_status":"closed","template":"","meta":{"footnotes":""},"class_list":["post-2919","page","type-page","status-publish"],"_links":{"self":[{"href":"https:\/\/www.pro-vo.at\/index.php\/wp-json\/wp\/v2\/pages\/2919","targetHints":{"allow":["GET"]}}],"collection":[{"href":"https:\/\/www.pro-vo.at\/index.php\/wp-json\/wp\/v2\/pages"}],"about":[{"href":"https:\/\/www.pro-vo.at\/index.php\/wp-json\/wp\/v2\/types\/page"}],"author":[{"embeddable":true,"href":"https:\/\/www.pro-vo.at\/index.php\/wp-json\/wp\/v2\/users\/1"}],"replies":[{"embeddable":true,"href":"https:\/\/www.pro-vo.at\/index.php\/wp-json\/wp\/v2\/comments?post=2919"}],"version-history":[{"count":1,"href":"https:\/\/www.pro-vo.at\/index.php\/wp-json\/wp\/v2\/pages\/2919\/revisions"}],"predecessor-version":[{"id":2935,"href":"https:\/\/www.pro-vo.at\/index.php\/wp-json\/wp\/v2\/pages\/2919\/revisions\/2935"}],"up":[{"embeddable":true,"href":"https:\/\/www.pro-vo.at\/index.php\/wp-json\/wp\/v2\/pages\/28"}],"wp:attachment":[{"href":"https:\/\/www.pro-vo.at\/index.php\/wp-json\/wp\/v2\/media?parent=2919"}],"curies":[{"name":"wp","href":"https:\/\/api.w.org\/{rel}","templated":true}]}}