{"id":2791,"date":"2017-11-13T16:53:43","date_gmt":"2017-11-13T16:53:43","guid":{"rendered":"http:\/\/www.pro-vo.at\/?page_id=2791"},"modified":"2017-11-13T16:53:43","modified_gmt":"2017-11-13T16:53:43","slug":"acryl-2009","status":"publish","type":"page","link":"https:\/\/www.pro-vo.at\/index.php\/chronik\/acryl-2009\/","title":{"rendered":"Acryl 2009"},"content":{"rendered":"<h1>Acryl-Intensiv-Workshop<\/h1>\n<p>Samstag, 7. November 2009<br \/>\n10:00 \u2013 13:00<\/p>\n<p>Kursleitung: Hannes Margreiter<\/p>\n<p>Dieser Acryl-Intensiv-Workshop gab uns die Gelegenheit, unter fachkundiger<br \/>\nAnleitung neue Ideen zu verwirklichen.<\/p>\n<p>Hannes Margreiter wurde 1954 in Tirol geboren.<br \/>\nNational und international bekannt wurde er u.a. durch die Gestaltung von<br \/>\nBriefmarken f\u00fcr die \u00f6sterreichische Post und zahlreiche Ausstellungen.<\/p>\n<p><a href=\"http:\/\/www.pro-vo.at\/wp-content\/uploads\/2017\/11\/acryl_1.jpg\" data-rel=\"lightbox-gallery-b0YCKgKF\" data-rl_title=\"acryl_1\" data-rl_caption=\"\" title=\"acryl_1\"><img loading=\"lazy\" decoding=\"async\" class=\"alignnone size-thumbnail wp-image-2792\" src=\"http:\/\/www.pro-vo.at\/wp-content\/uploads\/2017\/11\/acryl_1-150x150.jpg\" alt=\"\" width=\"150\" height=\"150\" \/><\/a> <a href=\"http:\/\/www.pro-vo.at\/wp-content\/uploads\/2017\/11\/vor_acryl_1.jpg\" data-rel=\"lightbox-gallery-b0YCKgKF\" data-rl_title=\"vor_acryl_1\" data-rl_caption=\"\" title=\"vor_acryl_1\"><img loading=\"lazy\" decoding=\"async\" class=\"alignnone size-thumbnail wp-image-2793\" src=\"http:\/\/www.pro-vo.at\/wp-content\/uploads\/2017\/11\/vor_acryl_1-150x150.jpg\" alt=\"\" width=\"150\" height=\"150\" \/><\/a><\/p>\n<p><a href=\"http:\/\/www.pro-vo.at\/index.php\/chronik\/\">Zur\u00fcck zur Chronik<\/a><\/p>\n","protected":false},"excerpt":{"rendered":"<p>Acryl-Intensiv-Workshop Samstag, 7. November 2009 10:00 \u2013 13:00 Kursleitung: Hannes Margreiter Dieser Acryl-Intensiv-Workshop gab uns die Gelegenheit, unter fachkundiger Anleitung neue Ideen zu verwirklichen. Hannes Margreiter wurde 1954 in Tirol geboren. National und international bekannt wurde er u.a. durch die Gestaltung von Briefmarken f\u00fcr die \u00f6sterreichische Post und zahlreiche Ausstellungen. Zur\u00fcck zur Chronik<\/p>\n","protected":false},"author":1,"featured_media":0,"parent":28,"menu_order":0,"comment_status":"closed","ping_status":"closed","template":"","meta":{"footnotes":""},"class_list":["post-2791","page","type-page","status-publish"],"_links":{"self":[{"href":"https:\/\/www.pro-vo.at\/index.php\/wp-json\/wp\/v2\/pages\/2791","targetHints":{"allow":["GET"]}}],"collection":[{"href":"https:\/\/www.pro-vo.at\/index.php\/wp-json\/wp\/v2\/pages"}],"about":[{"href":"https:\/\/www.pro-vo.at\/index.php\/wp-json\/wp\/v2\/types\/page"}],"author":[{"embeddable":true,"href":"https:\/\/www.pro-vo.at\/index.php\/wp-json\/wp\/v2\/users\/1"}],"replies":[{"embeddable":true,"href":"https:\/\/www.pro-vo.at\/index.php\/wp-json\/wp\/v2\/comments?post=2791"}],"version-history":[{"count":1,"href":"https:\/\/www.pro-vo.at\/index.php\/wp-json\/wp\/v2\/pages\/2791\/revisions"}],"predecessor-version":[{"id":2794,"href":"https:\/\/www.pro-vo.at\/index.php\/wp-json\/wp\/v2\/pages\/2791\/revisions\/2794"}],"up":[{"embeddable":true,"href":"https:\/\/www.pro-vo.at\/index.php\/wp-json\/wp\/v2\/pages\/28"}],"wp:attachment":[{"href":"https:\/\/www.pro-vo.at\/index.php\/wp-json\/wp\/v2\/media?parent=2791"}],"curies":[{"name":"wp","href":"https:\/\/api.w.org\/{rel}","templated":true}]}}