{"id":2678,"date":"2017-11-13T13:00:54","date_gmt":"2017-11-13T13:00:54","guid":{"rendered":"http:\/\/www.pro-vo.at\/?page_id=2678"},"modified":"2017-11-13T13:00:54","modified_gmt":"2017-11-13T13:00:54","slug":"sommerfestival-2009","status":"publish","type":"page","link":"https:\/\/www.pro-vo.at\/index.php\/chronik\/sommerfestival-2009\/","title":{"rendered":"Sommerfestival 2009"},"content":{"rendered":"<h1>Sommerfestival 2009<\/h1>\n<p>Samstag, 20. Juni 2009<br \/>\n17 Uhr<\/p>\n<p>Ja, das Wetter kann man sich leider nicht aussuchen! Es hat bis 16:30 noch immens gesch\u00fcttet,<br \/>\naber mit tatkr\u00e4ftiger Mithilfe von vielen G\u00e4sten konnte das Fest (mit kleinen Ab\u00e4nderungen)<br \/>\ndoch noch stattfinden.<\/p>\n<p>Ein herzliches Dankesch\u00f6n an alle Musikerinnen und Musiker,<br \/>\nan alle &#8222;sichtbaren&#8220; und &#8222;unsichtbaren&#8220; Helfer und Mitwirkenden,<br \/>\ndie dieses Fest m\u00f6glich gemacht haben&#8230;<br \/>\nUnd nat\u00fcrlich auch Danke an Julian Hammerer und Michael Sauer f\u00fcr die Fotodokumentation!<\/p>\n<p><a href=\"http:\/\/www.pro-vo.at\/wp-content\/uploads\/2017\/11\/IMG_3191.jpg\" data-rel=\"lightbox-gallery-HvuNIxkM\" data-rl_title=\"IMG_3191\" data-rl_caption=\"\" title=\"IMG_3191\"><img loading=\"lazy\" decoding=\"async\" class=\"alignnone size-thumbnail wp-image-2679\" src=\"http:\/\/www.pro-vo.at\/wp-content\/uploads\/2017\/11\/IMG_3191-150x150.jpg\" alt=\"\" width=\"150\" height=\"150\" \/><\/a> <a href=\"http:\/\/www.pro-vo.at\/wp-content\/uploads\/2017\/11\/IMG_3203.jpg\" data-rel=\"lightbox-gallery-HvuNIxkM\" data-rl_title=\"IMG_3203\" data-rl_caption=\"\" title=\"IMG_3203\"><img loading=\"lazy\" decoding=\"async\" class=\"alignnone size-thumbnail wp-image-2680\" src=\"http:\/\/www.pro-vo.at\/wp-content\/uploads\/2017\/11\/IMG_3203-150x150.jpg\" alt=\"\" width=\"150\" height=\"150\" \/><\/a> <a href=\"http:\/\/www.pro-vo.at\/wp-content\/uploads\/2017\/11\/IMG_3220.jpg\" data-rel=\"lightbox-gallery-HvuNIxkM\" data-rl_title=\"IMG_3220\" data-rl_caption=\"\" title=\"IMG_3220\"><img loading=\"lazy\" decoding=\"async\" class=\"alignnone size-thumbnail wp-image-2681\" src=\"http:\/\/www.pro-vo.at\/wp-content\/uploads\/2017\/11\/IMG_3220-150x150.jpg\" alt=\"\" width=\"150\" height=\"150\" \/><\/a> <a href=\"http:\/\/www.pro-vo.at\/wp-content\/uploads\/2017\/11\/IMG_3238.jpg\" data-rel=\"lightbox-gallery-HvuNIxkM\" data-rl_title=\"IMG_3238\" data-rl_caption=\"\" title=\"IMG_3238\"><img loading=\"lazy\" decoding=\"async\" class=\"alignnone size-thumbnail wp-image-2682\" src=\"http:\/\/www.pro-vo.at\/wp-content\/uploads\/2017\/11\/IMG_3238-150x150.jpg\" alt=\"\" width=\"150\" height=\"150\" \/><\/a> <a href=\"http:\/\/www.pro-vo.at\/wp-content\/uploads\/2017\/11\/IMG_3243.jpg\" data-rel=\"lightbox-gallery-HvuNIxkM\" data-rl_title=\"IMG_3243\" data-rl_caption=\"\" title=\"IMG_3243\"><img loading=\"lazy\" decoding=\"async\" class=\"alignnone size-thumbnail wp-image-2683\" src=\"http:\/\/www.pro-vo.at\/wp-content\/uploads\/2017\/11\/IMG_3243-150x150.jpg\" alt=\"\" width=\"150\" height=\"150\" \/><\/a> <a href=\"http:\/\/www.pro-vo.at\/wp-content\/uploads\/2017\/11\/IMG_3256.jpg\" data-rel=\"lightbox-gallery-HvuNIxkM\" data-rl_title=\"IMG_3256\" data-rl_caption=\"\" title=\"IMG_3256\"><img loading=\"lazy\" decoding=\"async\" class=\"alignnone size-thumbnail wp-image-2684\" src=\"http:\/\/www.pro-vo.at\/wp-content\/uploads\/2017\/11\/IMG_3256-150x150.jpg\" alt=\"\" width=\"150\" height=\"150\" \/><\/a> <a href=\"http:\/\/www.pro-vo.at\/wp-content\/uploads\/2017\/11\/IMG_3258.jpg\" data-rel=\"lightbox-gallery-HvuNIxkM\" data-rl_title=\"IMG_3258\" data-rl_caption=\"\" title=\"IMG_3258\"><img loading=\"lazy\" decoding=\"async\" class=\"alignnone size-thumbnail wp-image-2685\" src=\"http:\/\/www.pro-vo.at\/wp-content\/uploads\/2017\/11\/IMG_3258-150x150.jpg\" alt=\"\" width=\"150\" height=\"150\" \/><\/a> <a href=\"http:\/\/www.pro-vo.at\/wp-content\/uploads\/2017\/11\/IMG_3280.jpg\" data-rel=\"lightbox-gallery-HvuNIxkM\" data-rl_title=\"IMG_3280\" data-rl_caption=\"\" title=\"IMG_3280\"><img loading=\"lazy\" decoding=\"async\" class=\"alignnone size-thumbnail wp-image-2686\" src=\"http:\/\/www.pro-vo.at\/wp-content\/uploads\/2017\/11\/IMG_3280-150x150.jpg\" alt=\"\" width=\"150\" height=\"150\" \/><\/a> <a href=\"http:\/\/www.pro-vo.at\/wp-content\/uploads\/2017\/11\/IMG_3292.jpg\" data-rel=\"lightbox-gallery-HvuNIxkM\" data-rl_title=\"IMG_3292\" data-rl_caption=\"\" title=\"IMG_3292\"><img loading=\"lazy\" decoding=\"async\" class=\"alignnone size-thumbnail wp-image-2687\" src=\"http:\/\/www.pro-vo.at\/wp-content\/uploads\/2017\/11\/IMG_3292-150x150.jpg\" alt=\"\" width=\"150\" height=\"150\" \/><\/a> <a href=\"http:\/\/www.pro-vo.at\/wp-content\/uploads\/2017\/11\/IMG_3294.jpg\" data-rel=\"lightbox-gallery-HvuNIxkM\" data-rl_title=\"IMG_3294\" data-rl_caption=\"\" title=\"IMG_3294\"><img loading=\"lazy\" decoding=\"async\" class=\"alignnone size-thumbnail wp-image-2688\" src=\"http:\/\/www.pro-vo.at\/wp-content\/uploads\/2017\/11\/IMG_3294-150x150.jpg\" alt=\"\" width=\"150\" height=\"150\" \/><\/a> <a href=\"http:\/\/www.pro-vo.at\/wp-content\/uploads\/2017\/11\/IMG_3313.jpg\" data-rel=\"lightbox-gallery-HvuNIxkM\" data-rl_title=\"IMG_3313\" data-rl_caption=\"\" title=\"IMG_3313\"><img loading=\"lazy\" decoding=\"async\" class=\"alignnone size-thumbnail wp-image-2689\" src=\"http:\/\/www.pro-vo.at\/wp-content\/uploads\/2017\/11\/IMG_3313-150x150.jpg\" alt=\"\" width=\"150\" height=\"150\" \/><\/a> <a href=\"http:\/\/www.pro-vo.at\/wp-content\/uploads\/2017\/11\/IMG_3324.jpg\" data-rel=\"lightbox-gallery-HvuNIxkM\" data-rl_title=\"IMG_3324\" data-rl_caption=\"\" title=\"IMG_3324\"><img loading=\"lazy\" decoding=\"async\" class=\"alignnone size-thumbnail wp-image-2690\" src=\"http:\/\/www.pro-vo.at\/wp-content\/uploads\/2017\/11\/IMG_3324-150x150.jpg\" alt=\"\" width=\"150\" height=\"150\" \/><\/a> <a href=\"http:\/\/www.pro-vo.at\/wp-content\/uploads\/2017\/11\/IMG_8380.jpg\" data-rel=\"lightbox-gallery-HvuNIxkM\" data-rl_title=\"IMG_8380\" data-rl_caption=\"\" title=\"IMG_8380\"><img loading=\"lazy\" decoding=\"async\" class=\"alignnone size-thumbnail wp-image-2691\" src=\"http:\/\/www.pro-vo.at\/wp-content\/uploads\/2017\/11\/IMG_8380-150x150.jpg\" alt=\"\" width=\"150\" height=\"150\" \/><\/a> <a href=\"http:\/\/www.pro-vo.at\/wp-content\/uploads\/2017\/11\/IMG_8390.jpg\" data-rel=\"lightbox-gallery-HvuNIxkM\" data-rl_title=\"IMG_8390\" data-rl_caption=\"\" title=\"IMG_8390\"><img loading=\"lazy\" decoding=\"async\" class=\"alignnone size-thumbnail wp-image-2692\" src=\"http:\/\/www.pro-vo.at\/wp-content\/uploads\/2017\/11\/IMG_8390-150x150.jpg\" alt=\"\" width=\"150\" height=\"150\" \/><\/a> <a href=\"http:\/\/www.pro-vo.at\/wp-content\/uploads\/2017\/11\/IMG_8392.jpg\" data-rel=\"lightbox-gallery-HvuNIxkM\" data-rl_title=\"IMG_8392\" data-rl_caption=\"\" title=\"IMG_8392\"><img loading=\"lazy\" decoding=\"async\" class=\"alignnone size-thumbnail wp-image-2693\" src=\"http:\/\/www.pro-vo.at\/wp-content\/uploads\/2017\/11\/IMG_8392-150x150.jpg\" alt=\"\" width=\"150\" height=\"150\" \/><\/a> <a href=\"http:\/\/www.pro-vo.at\/wp-content\/uploads\/2017\/11\/IMG_8393.jpg\" data-rel=\"lightbox-gallery-HvuNIxkM\" data-rl_title=\"IMG_8393\" data-rl_caption=\"\" title=\"IMG_8393\"><img loading=\"lazy\" decoding=\"async\" class=\"alignnone size-thumbnail wp-image-2694\" src=\"http:\/\/www.pro-vo.at\/wp-content\/uploads\/2017\/11\/IMG_8393-150x150.jpg\" alt=\"\" width=\"150\" height=\"150\" \/><\/a> <a href=\"http:\/\/www.pro-vo.at\/wp-content\/uploads\/2017\/11\/IMG_8395.jpg\" data-rel=\"lightbox-gallery-HvuNIxkM\" data-rl_title=\"IMG_8395\" data-rl_caption=\"\" title=\"IMG_8395\"><img loading=\"lazy\" decoding=\"async\" class=\"alignnone size-thumbnail wp-image-2695\" src=\"http:\/\/www.pro-vo.at\/wp-content\/uploads\/2017\/11\/IMG_8395-150x150.jpg\" alt=\"\" width=\"150\" height=\"150\" \/><\/a> <a href=\"http:\/\/www.pro-vo.at\/wp-content\/uploads\/2017\/11\/IMG_8527.jpg\" data-rel=\"lightbox-gallery-HvuNIxkM\" data-rl_title=\"IMG_8527\" data-rl_caption=\"\" title=\"IMG_8527\"><img loading=\"lazy\" decoding=\"async\" class=\"alignnone size-thumbnail wp-image-2696\" src=\"http:\/\/www.pro-vo.at\/wp-content\/uploads\/2017\/11\/IMG_8527-150x150.jpg\" alt=\"\" width=\"150\" height=\"150\" \/><\/a> <a href=\"http:\/\/www.pro-vo.at\/wp-content\/uploads\/2017\/11\/IMG_8548.jpg\" data-rel=\"lightbox-gallery-HvuNIxkM\" data-rl_title=\"IMG_8548\" data-rl_caption=\"\" title=\"IMG_8548\"><img loading=\"lazy\" decoding=\"async\" class=\"alignnone size-thumbnail wp-image-2697\" src=\"http:\/\/www.pro-vo.at\/wp-content\/uploads\/2017\/11\/IMG_8548-150x150.jpg\" alt=\"\" width=\"150\" height=\"150\" \/><\/a> <a href=\"http:\/\/www.pro-vo.at\/wp-content\/uploads\/2017\/11\/IMG_8552.jpg\" data-rel=\"lightbox-gallery-HvuNIxkM\" data-rl_title=\"IMG_8552\" data-rl_caption=\"\" title=\"IMG_8552\"><img loading=\"lazy\" decoding=\"async\" class=\"alignnone size-thumbnail wp-image-2698\" src=\"http:\/\/www.pro-vo.at\/wp-content\/uploads\/2017\/11\/IMG_8552-150x150.jpg\" alt=\"\" width=\"150\" height=\"150\" \/><\/a> <a href=\"http:\/\/www.pro-vo.at\/wp-content\/uploads\/2017\/11\/IMG_8560.jpg\" data-rel=\"lightbox-gallery-HvuNIxkM\" data-rl_title=\"IMG_8560\" data-rl_caption=\"\" title=\"IMG_8560\"><img loading=\"lazy\" decoding=\"async\" class=\"alignnone size-thumbnail wp-image-2699\" src=\"http:\/\/www.pro-vo.at\/wp-content\/uploads\/2017\/11\/IMG_8560-150x150.jpg\" alt=\"\" width=\"150\" height=\"150\" \/><\/a> <a href=\"http:\/\/www.pro-vo.at\/wp-content\/uploads\/2017\/11\/IMG_8564.jpg\" data-rel=\"lightbox-gallery-HvuNIxkM\" data-rl_title=\"IMG_8564\" data-rl_caption=\"\" title=\"IMG_8564\"><img loading=\"lazy\" decoding=\"async\" class=\"alignnone size-thumbnail wp-image-2700\" src=\"http:\/\/www.pro-vo.at\/wp-content\/uploads\/2017\/11\/IMG_8564-150x150.jpg\" alt=\"\" width=\"150\" height=\"150\" \/><\/a> <a href=\"http:\/\/www.pro-vo.at\/wp-content\/uploads\/2017\/11\/IMG_8565.jpg\" data-rel=\"lightbox-gallery-HvuNIxkM\" data-rl_title=\"IMG_8565\" data-rl_caption=\"\" title=\"IMG_8565\"><img loading=\"lazy\" decoding=\"async\" class=\"alignnone size-thumbnail wp-image-2701\" src=\"http:\/\/www.pro-vo.at\/wp-content\/uploads\/2017\/11\/IMG_8565-150x150.jpg\" alt=\"\" width=\"150\" height=\"150\" \/><\/a> <a href=\"http:\/\/www.pro-vo.at\/wp-content\/uploads\/2017\/11\/IMG_8588.jpg\" data-rel=\"lightbox-gallery-HvuNIxkM\" data-rl_title=\"IMG_8588\" data-rl_caption=\"\" title=\"IMG_8588\"><img loading=\"lazy\" decoding=\"async\" class=\"alignnone size-thumbnail wp-image-2702\" src=\"http:\/\/www.pro-vo.at\/wp-content\/uploads\/2017\/11\/IMG_8588-150x150.jpg\" alt=\"\" width=\"150\" height=\"150\" \/><\/a> <a href=\"http:\/\/www.pro-vo.at\/wp-content\/uploads\/2017\/11\/IMG_8601.jpg\" data-rel=\"lightbox-gallery-HvuNIxkM\" data-rl_title=\"IMG_8601\" data-rl_caption=\"\" title=\"IMG_8601\"><img loading=\"lazy\" decoding=\"async\" class=\"alignnone size-thumbnail wp-image-2703\" src=\"http:\/\/www.pro-vo.at\/wp-content\/uploads\/2017\/11\/IMG_8601-150x150.jpg\" alt=\"\" width=\"150\" height=\"150\" \/><\/a> <a href=\"http:\/\/www.pro-vo.at\/wp-content\/uploads\/2017\/11\/IMG_8609.jpg\" data-rel=\"lightbox-gallery-HvuNIxkM\" data-rl_title=\"IMG_8609\" data-rl_caption=\"\" title=\"IMG_8609\"><img loading=\"lazy\" decoding=\"async\" class=\"alignnone size-thumbnail wp-image-2704\" src=\"http:\/\/www.pro-vo.at\/wp-content\/uploads\/2017\/11\/IMG_8609-150x150.jpg\" alt=\"\" width=\"150\" height=\"150\" \/><\/a> <a href=\"http:\/\/www.pro-vo.at\/wp-content\/uploads\/2017\/11\/IMG_8613.jpg\" data-rel=\"lightbox-gallery-HvuNIxkM\" data-rl_title=\"IMG_8613\" data-rl_caption=\"\" title=\"IMG_8613\"><img loading=\"lazy\" decoding=\"async\" class=\"alignnone size-thumbnail wp-image-2705\" src=\"http:\/\/www.pro-vo.at\/wp-content\/uploads\/2017\/11\/IMG_8613-150x150.jpg\" alt=\"\" width=\"150\" height=\"150\" \/><\/a> <a href=\"http:\/\/www.pro-vo.at\/wp-content\/uploads\/2017\/11\/IMG_8615.jpg\" data-rel=\"lightbox-gallery-HvuNIxkM\" data-rl_title=\"IMG_8615\" data-rl_caption=\"\" title=\"IMG_8615\"><img loading=\"lazy\" decoding=\"async\" class=\"alignnone size-thumbnail wp-image-2706\" src=\"http:\/\/www.pro-vo.at\/wp-content\/uploads\/2017\/11\/IMG_8615-150x150.jpg\" alt=\"\" width=\"150\" height=\"150\" \/><\/a> <a href=\"http:\/\/www.pro-vo.at\/wp-content\/uploads\/2017\/11\/IMG_8631.jpg\" data-rel=\"lightbox-gallery-HvuNIxkM\" data-rl_title=\"IMG_8631\" data-rl_caption=\"\" title=\"IMG_8631\"><img loading=\"lazy\" decoding=\"async\" class=\"alignnone size-thumbnail wp-image-2707\" src=\"http:\/\/www.pro-vo.at\/wp-content\/uploads\/2017\/11\/IMG_8631-150x150.jpg\" alt=\"\" width=\"150\" height=\"150\" \/><\/a> <a href=\"http:\/\/www.pro-vo.at\/wp-content\/uploads\/2017\/11\/IMG_8643.jpg\" data-rel=\"lightbox-gallery-HvuNIxkM\" data-rl_title=\"IMG_8643\" data-rl_caption=\"\" title=\"IMG_8643\"><img loading=\"lazy\" decoding=\"async\" class=\"alignnone size-thumbnail wp-image-2708\" src=\"http:\/\/www.pro-vo.at\/wp-content\/uploads\/2017\/11\/IMG_8643-150x150.jpg\" alt=\"\" width=\"150\" height=\"150\" \/><\/a> <a href=\"http:\/\/www.pro-vo.at\/wp-content\/uploads\/2017\/11\/IMG_8652.jpg\" data-rel=\"lightbox-gallery-HvuNIxkM\" data-rl_title=\"IMG_8652\" data-rl_caption=\"\" title=\"IMG_8652\"><img loading=\"lazy\" decoding=\"async\" class=\"alignnone size-thumbnail wp-image-2709\" src=\"http:\/\/www.pro-vo.at\/wp-content\/uploads\/2017\/11\/IMG_8652-150x150.jpg\" alt=\"\" width=\"150\" height=\"150\" \/><\/a> <a href=\"http:\/\/www.pro-vo.at\/wp-content\/uploads\/2017\/11\/IMG_8654.jpg\" data-rel=\"lightbox-gallery-HvuNIxkM\" data-rl_title=\"IMG_8654\" data-rl_caption=\"\" title=\"IMG_8654\"><img loading=\"lazy\" decoding=\"async\" class=\"alignnone size-thumbnail wp-image-2710\" src=\"http:\/\/www.pro-vo.at\/wp-content\/uploads\/2017\/11\/IMG_8654-150x150.jpg\" alt=\"\" width=\"150\" height=\"150\" \/><\/a> <a href=\"http:\/\/www.pro-vo.at\/wp-content\/uploads\/2017\/11\/IMG_8664.jpg\" data-rel=\"lightbox-gallery-HvuNIxkM\" data-rl_title=\"IMG_8664\" data-rl_caption=\"\" title=\"IMG_8664\"><img loading=\"lazy\" decoding=\"async\" class=\"alignnone size-thumbnail wp-image-2711\" src=\"http:\/\/www.pro-vo.at\/wp-content\/uploads\/2017\/11\/IMG_8664-150x150.jpg\" alt=\"\" width=\"150\" height=\"150\" \/><\/a> <a href=\"http:\/\/www.pro-vo.at\/wp-content\/uploads\/2017\/11\/IMG_8668.jpg\" data-rel=\"lightbox-gallery-HvuNIxkM\" data-rl_title=\"IMG_8668\" data-rl_caption=\"\" title=\"IMG_8668\"><img loading=\"lazy\" decoding=\"async\" class=\"alignnone size-thumbnail wp-image-2712\" src=\"http:\/\/www.pro-vo.at\/wp-content\/uploads\/2017\/11\/IMG_8668-150x150.jpg\" alt=\"\" width=\"150\" height=\"150\" \/><\/a> <a href=\"http:\/\/www.pro-vo.at\/wp-content\/uploads\/2017\/11\/IMG_8673.jpg\" data-rel=\"lightbox-gallery-HvuNIxkM\" data-rl_title=\"IMG_8673\" data-rl_caption=\"\" title=\"IMG_8673\"><img loading=\"lazy\" decoding=\"async\" class=\"alignnone size-thumbnail wp-image-2713\" src=\"http:\/\/www.pro-vo.at\/wp-content\/uploads\/2017\/11\/IMG_8673-150x150.jpg\" alt=\"\" width=\"150\" height=\"150\" \/><\/a> <a href=\"http:\/\/www.pro-vo.at\/wp-content\/uploads\/2017\/11\/IMG_8683.jpg\" data-rel=\"lightbox-gallery-HvuNIxkM\" data-rl_title=\"IMG_8683\" data-rl_caption=\"\" title=\"IMG_8683\"><img loading=\"lazy\" decoding=\"async\" class=\"alignnone size-thumbnail wp-image-2714\" src=\"http:\/\/www.pro-vo.at\/wp-content\/uploads\/2017\/11\/IMG_8683-150x150.jpg\" alt=\"\" width=\"150\" height=\"150\" \/><\/a> <a href=\"http:\/\/www.pro-vo.at\/wp-content\/uploads\/2017\/11\/IMG_8721.jpg\" data-rel=\"lightbox-gallery-HvuNIxkM\" data-rl_title=\"IMG_8721\" data-rl_caption=\"\" title=\"IMG_8721\"><img loading=\"lazy\" decoding=\"async\" class=\"alignnone size-thumbnail wp-image-2715\" src=\"http:\/\/www.pro-vo.at\/wp-content\/uploads\/2017\/11\/IMG_8721-150x150.jpg\" alt=\"\" width=\"150\" height=\"150\" \/><\/a> <a href=\"http:\/\/www.pro-vo.at\/wp-content\/uploads\/2017\/11\/IMG_8743.jpg\" data-rel=\"lightbox-gallery-HvuNIxkM\" data-rl_title=\"IMG_8743\" data-rl_caption=\"\" title=\"IMG_8743\"><img loading=\"lazy\" decoding=\"async\" class=\"alignnone size-thumbnail wp-image-2716\" src=\"http:\/\/www.pro-vo.at\/wp-content\/uploads\/2017\/11\/IMG_8743-150x150.jpg\" alt=\"\" width=\"150\" height=\"150\" \/><\/a> <a href=\"http:\/\/www.pro-vo.at\/wp-content\/uploads\/2017\/11\/IMG_8775.jpg\" data-rel=\"lightbox-gallery-HvuNIxkM\" data-rl_title=\"IMG_8775\" data-rl_caption=\"\" title=\"IMG_8775\"><img loading=\"lazy\" decoding=\"async\" class=\"alignnone size-thumbnail wp-image-2717\" src=\"http:\/\/www.pro-vo.at\/wp-content\/uploads\/2017\/11\/IMG_8775-150x150.jpg\" alt=\"\" width=\"150\" height=\"150\" \/><\/a> <a href=\"http:\/\/www.pro-vo.at\/wp-content\/uploads\/2017\/11\/IMG_8777.jpg\" data-rel=\"lightbox-gallery-HvuNIxkM\" data-rl_title=\"IMG_8777\" data-rl_caption=\"\" title=\"IMG_8777\"><img loading=\"lazy\" decoding=\"async\" class=\"alignnone size-thumbnail wp-image-2718\" src=\"http:\/\/www.pro-vo.at\/wp-content\/uploads\/2017\/11\/IMG_8777-150x150.jpg\" alt=\"\" width=\"150\" height=\"150\" \/><\/a> <a href=\"http:\/\/www.pro-vo.at\/wp-content\/uploads\/2017\/11\/IMG_8780.jpg\" data-rel=\"lightbox-gallery-HvuNIxkM\" data-rl_title=\"IMG_8780\" data-rl_caption=\"\" title=\"IMG_8780\"><img loading=\"lazy\" decoding=\"async\" class=\"alignnone size-thumbnail wp-image-2719\" src=\"http:\/\/www.pro-vo.at\/wp-content\/uploads\/2017\/11\/IMG_8780-150x150.jpg\" alt=\"\" width=\"150\" height=\"150\" \/><\/a> <a href=\"http:\/\/www.pro-vo.at\/wp-content\/uploads\/2017\/11\/IMG_8792.jpg\" data-rel=\"lightbox-gallery-HvuNIxkM\" data-rl_title=\"IMG_8792\" data-rl_caption=\"\" title=\"IMG_8792\"><img loading=\"lazy\" decoding=\"async\" class=\"alignnone size-thumbnail wp-image-2720\" src=\"http:\/\/www.pro-vo.at\/wp-content\/uploads\/2017\/11\/IMG_8792-150x150.jpg\" alt=\"\" width=\"150\" height=\"150\" \/><\/a> <a href=\"http:\/\/www.pro-vo.at\/wp-content\/uploads\/2017\/11\/IMG_8801.jpg\" data-rel=\"lightbox-gallery-HvuNIxkM\" data-rl_title=\"IMG_8801\" data-rl_caption=\"\" title=\"IMG_8801\"><img loading=\"lazy\" decoding=\"async\" class=\"alignnone size-thumbnail wp-image-2721\" src=\"http:\/\/www.pro-vo.at\/wp-content\/uploads\/2017\/11\/IMG_8801-150x150.jpg\" alt=\"\" width=\"150\" height=\"150\" \/><\/a> <a href=\"http:\/\/www.pro-vo.at\/wp-content\/uploads\/2017\/11\/IMG_8816.jpg\" data-rel=\"lightbox-gallery-HvuNIxkM\" data-rl_title=\"IMG_8816\" data-rl_caption=\"\" title=\"IMG_8816\"><img loading=\"lazy\" decoding=\"async\" class=\"alignnone size-thumbnail wp-image-2722\" src=\"http:\/\/www.pro-vo.at\/wp-content\/uploads\/2017\/11\/IMG_8816-150x150.jpg\" alt=\"\" width=\"150\" height=\"150\" \/><\/a> <a href=\"http:\/\/www.pro-vo.at\/wp-content\/uploads\/2017\/11\/IMG_8824.jpg\" data-rel=\"lightbox-gallery-HvuNIxkM\" data-rl_title=\"IMG_8824\" data-rl_caption=\"\" title=\"IMG_8824\"><img loading=\"lazy\" decoding=\"async\" class=\"alignnone size-thumbnail wp-image-2723\" src=\"http:\/\/www.pro-vo.at\/wp-content\/uploads\/2017\/11\/IMG_8824-150x150.jpg\" alt=\"\" width=\"150\" height=\"150\" \/><\/a> <a href=\"http:\/\/www.pro-vo.at\/wp-content\/uploads\/2017\/11\/IMG_8860.jpg\" data-rel=\"lightbox-gallery-HvuNIxkM\" data-rl_title=\"IMG_8860\" data-rl_caption=\"\" title=\"IMG_8860\"><img loading=\"lazy\" decoding=\"async\" class=\"alignnone size-thumbnail wp-image-2724\" src=\"http:\/\/www.pro-vo.at\/wp-content\/uploads\/2017\/11\/IMG_8860-150x150.jpg\" alt=\"\" width=\"150\" height=\"150\" \/><\/a> <a href=\"http:\/\/www.pro-vo.at\/wp-content\/uploads\/2017\/11\/IMG_8871.jpg\" data-rel=\"lightbox-gallery-HvuNIxkM\" data-rl_title=\"IMG_8871\" data-rl_caption=\"\" title=\"IMG_8871\"><img loading=\"lazy\" decoding=\"async\" class=\"alignnone size-thumbnail wp-image-2725\" src=\"http:\/\/www.pro-vo.at\/wp-content\/uploads\/2017\/11\/IMG_8871-150x150.jpg\" alt=\"\" width=\"150\" height=\"150\" \/><\/a> <a href=\"http:\/\/www.pro-vo.at\/wp-content\/uploads\/2017\/11\/IMG_8888.jpg\" data-rel=\"lightbox-gallery-HvuNIxkM\" data-rl_title=\"IMG_8888\" data-rl_caption=\"\" title=\"IMG_8888\"><img loading=\"lazy\" decoding=\"async\" class=\"alignnone size-thumbnail wp-image-2726\" src=\"http:\/\/www.pro-vo.at\/wp-content\/uploads\/2017\/11\/IMG_8888-150x150.jpg\" alt=\"\" width=\"150\" height=\"150\" \/><\/a> <a href=\"http:\/\/www.pro-vo.at\/wp-content\/uploads\/2017\/11\/IMG_8891.jpg\" data-rel=\"lightbox-gallery-HvuNIxkM\" data-rl_title=\"IMG_8891\" data-rl_caption=\"\" title=\"IMG_8891\"><img loading=\"lazy\" decoding=\"async\" class=\"alignnone size-thumbnail wp-image-2727\" src=\"http:\/\/www.pro-vo.at\/wp-content\/uploads\/2017\/11\/IMG_8891-150x150.jpg\" alt=\"\" width=\"150\" height=\"150\" \/><\/a><\/p>\n<p><a href=\"http:\/\/www.pro-vo.at\/index.php\/chronik\/\">Zur\u00fcck zur Chronik<\/a><\/p>\n","protected":false},"excerpt":{"rendered":"<p>Sommerfestival 2009 Samstag, 20. Juni 2009 17 Uhr Ja, das Wetter kann man sich leider nicht aussuchen! Es hat bis 16:30 noch immens gesch\u00fcttet, aber mit tatkr\u00e4ftiger Mithilfe von vielen G\u00e4sten konnte das Fest (mit kleinen Ab\u00e4nderungen) doch noch stattfinden. Ein herzliches Dankesch\u00f6n an alle Musikerinnen und Musiker, an alle &#8222;sichtbaren&#8220; und &#8222;unsichtbaren&#8220; Helfer und &#8230; <a title=\"Sommerfestival 2009\" class=\"read-more\" href=\"https:\/\/www.pro-vo.at\/index.php\/chronik\/sommerfestival-2009\/\" aria-label=\"Mehr Informationen \u00fcber Sommerfestival 2009\">Weiterlesen<\/a><\/p>\n","protected":false},"author":1,"featured_media":0,"parent":28,"menu_order":0,"comment_status":"closed","ping_status":"closed","template":"","meta":{"footnotes":""},"class_list":["post-2678","page","type-page","status-publish"],"_links":{"self":[{"href":"https:\/\/www.pro-vo.at\/index.php\/wp-json\/wp\/v2\/pages\/2678","targetHints":{"allow":["GET"]}}],"collection":[{"href":"https:\/\/www.pro-vo.at\/index.php\/wp-json\/wp\/v2\/pages"}],"about":[{"href":"https:\/\/www.pro-vo.at\/index.php\/wp-json\/wp\/v2\/types\/page"}],"author":[{"embeddable":true,"href":"https:\/\/www.pro-vo.at\/index.php\/wp-json\/wp\/v2\/users\/1"}],"replies":[{"embeddable":true,"href":"https:\/\/www.pro-vo.at\/index.php\/wp-json\/wp\/v2\/comments?post=2678"}],"version-history":[{"count":1,"href":"https:\/\/www.pro-vo.at\/index.php\/wp-json\/wp\/v2\/pages\/2678\/revisions"}],"predecessor-version":[{"id":2728,"href":"https:\/\/www.pro-vo.at\/index.php\/wp-json\/wp\/v2\/pages\/2678\/revisions\/2728"}],"up":[{"embeddable":true,"href":"https:\/\/www.pro-vo.at\/index.php\/wp-json\/wp\/v2\/pages\/28"}],"wp:attachment":[{"href":"https:\/\/www.pro-vo.at\/index.php\/wp-json\/wp\/v2\/media?parent=2678"}],"curies":[{"name":"wp","href":"https:\/\/api.w.org\/{rel}","templated":true}]}}