{"id":2480,"date":"2017-11-11T11:36:33","date_gmt":"2017-11-11T11:36:33","guid":{"rendered":"http:\/\/www.pro-vo.at\/?page_id=2480"},"modified":"2017-11-13T17:00:02","modified_gmt":"2017-11-13T17:00:02","slug":"gui-2006","status":"publish","type":"page","link":"https:\/\/www.pro-vo.at\/index.php\/chronik\/gui-2006\/","title":{"rendered":"Gui 2006"},"content":{"rendered":"<h1>Konzert<\/h1>\n<p>17.6. 2006<br \/>\nSch\u00fclerinnen und Sch\u00fcler von Martha Hammerer<\/p>\n<p><a href=\"http:\/\/www.pro-vo.at\/wp-content\/uploads\/2017\/11\/vor_2006_KA_M.jpg\" data-rel=\"lightbox-gallery-lKXIKV1U\" data-rl_title=\"vor_2006_KA_M\" data-rl_caption=\"\" title=\"vor_2006_KA_M\"><img loading=\"lazy\" decoding=\"async\" class=\"alignnone size-thumbnail wp-image-2481\" src=\"http:\/\/www.pro-vo.at\/wp-content\/uploads\/2017\/11\/vor_2006_KA_M-150x150.jpg\" alt=\"\" width=\"150\" height=\"150\" \/><\/a> <a href=\"http:\/\/www.pro-vo.at\/wp-content\/uploads\/2017\/11\/vor_2006_KA_M1.jpg\" data-rel=\"lightbox-gallery-lKXIKV1U\" data-rl_title=\"vor_2006_KA_M1\" data-rl_caption=\"\" title=\"vor_2006_KA_M1\"><img loading=\"lazy\" decoding=\"async\" class=\"alignnone size-thumbnail wp-image-2482\" src=\"http:\/\/www.pro-vo.at\/wp-content\/uploads\/2017\/11\/vor_2006_KA_M1-150x150.jpg\" alt=\"\" width=\"150\" height=\"150\" \/><\/a> <a href=\"http:\/\/www.pro-vo.at\/wp-content\/uploads\/2017\/11\/vor_2006_KA_M2.jpg\" data-rel=\"lightbox-gallery-lKXIKV1U\" data-rl_title=\"vor_2006_KA_M2\" data-rl_caption=\"\" title=\"vor_2006_KA_M2\"><img loading=\"lazy\" decoding=\"async\" class=\"alignnone size-thumbnail wp-image-2483\" src=\"http:\/\/www.pro-vo.at\/wp-content\/uploads\/2017\/11\/vor_2006_KA_M2-150x150.jpg\" alt=\"\" width=\"150\" height=\"150\" \/><\/a> <a href=\"http:\/\/www.pro-vo.at\/wp-content\/uploads\/2017\/11\/vor_2006_KA_M3.jpg\" data-rel=\"lightbox-gallery-lKXIKV1U\" data-rl_title=\"vor_2006_KA_M3\" data-rl_caption=\"\" title=\"vor_2006_KA_M3\"><img loading=\"lazy\" decoding=\"async\" class=\"alignnone size-thumbnail wp-image-2484\" src=\"http:\/\/www.pro-vo.at\/wp-content\/uploads\/2017\/11\/vor_2006_KA_M3-150x150.jpg\" alt=\"\" width=\"150\" height=\"150\" \/><\/a> <a href=\"http:\/\/www.pro-vo.at\/wp-content\/uploads\/2017\/11\/vor_2006_KA_M4.jpg\" data-rel=\"lightbox-gallery-lKXIKV1U\" data-rl_title=\"vor_2006_KA_M4\" data-rl_caption=\"\" title=\"vor_2006_KA_M4\"><img loading=\"lazy\" decoding=\"async\" class=\"alignnone size-thumbnail wp-image-2485\" src=\"http:\/\/www.pro-vo.at\/wp-content\/uploads\/2017\/11\/vor_2006_KA_M4-150x150.jpg\" alt=\"\" width=\"150\" height=\"150\" \/><\/a> <a href=\"http:\/\/www.pro-vo.at\/wp-content\/uploads\/2017\/11\/vor_2006_KA_M5.jpg\" data-rel=\"lightbox-gallery-lKXIKV1U\" data-rl_title=\"vor_2006_KA_M5\" data-rl_caption=\"\" title=\"vor_2006_KA_M5\"><img loading=\"lazy\" decoding=\"async\" class=\"alignnone size-thumbnail wp-image-2486\" src=\"http:\/\/www.pro-vo.at\/wp-content\/uploads\/2017\/11\/vor_2006_KA_M5-150x150.jpg\" alt=\"\" width=\"150\" height=\"150\" \/><\/a> <a href=\"http:\/\/www.pro-vo.at\/wp-content\/uploads\/2017\/11\/vor_2006_KA_M6.jpg\" data-rel=\"lightbox-gallery-lKXIKV1U\" data-rl_title=\"vor_2006_KA_M6\" data-rl_caption=\"\" title=\"vor_2006_KA_M6\"><img loading=\"lazy\" decoding=\"async\" class=\"alignnone size-thumbnail wp-image-2487\" src=\"http:\/\/www.pro-vo.at\/wp-content\/uploads\/2017\/11\/vor_2006_KA_M6-150x150.jpg\" alt=\"\" width=\"150\" height=\"150\" \/><\/a> <a href=\"http:\/\/www.pro-vo.at\/wp-content\/uploads\/2017\/11\/vor_2006_KA_M7.jpg\" data-rel=\"lightbox-gallery-lKXIKV1U\" data-rl_title=\"vor_2006_KA_M7\" data-rl_caption=\"\" title=\"vor_2006_KA_M7\"><img loading=\"lazy\" decoding=\"async\" class=\"alignnone size-thumbnail wp-image-2488\" src=\"http:\/\/www.pro-vo.at\/wp-content\/uploads\/2017\/11\/vor_2006_KA_M7-150x150.jpg\" alt=\"\" width=\"150\" height=\"150\" \/><\/a> <a href=\"http:\/\/www.pro-vo.at\/wp-content\/uploads\/2017\/11\/vor_2006_KA_M8.jpg\" data-rel=\"lightbox-gallery-lKXIKV1U\" data-rl_title=\"vor_2006_KA_M8\" data-rl_caption=\"\" title=\"vor_2006_KA_M8\"><img loading=\"lazy\" decoding=\"async\" class=\"alignnone size-thumbnail wp-image-2489\" src=\"http:\/\/www.pro-vo.at\/wp-content\/uploads\/2017\/11\/vor_2006_KA_M8-150x150.jpg\" alt=\"\" width=\"150\" height=\"150\" \/><\/a> <a href=\"http:\/\/www.pro-vo.at\/wp-content\/uploads\/2017\/11\/vor_2006_KA_M10.jpg\" data-rel=\"lightbox-gallery-lKXIKV1U\" data-rl_title=\"vor_2006_KA_M10\" data-rl_caption=\"\" title=\"vor_2006_KA_M10\"><img loading=\"lazy\" decoding=\"async\" class=\"alignnone size-thumbnail wp-image-2490\" src=\"http:\/\/www.pro-vo.at\/wp-content\/uploads\/2017\/11\/vor_2006_KA_M10-150x150.jpg\" alt=\"\" width=\"150\" height=\"150\" \/><\/a> <a href=\"http:\/\/www.pro-vo.at\/wp-content\/uploads\/2017\/11\/vor_2006_KA_M11.jpg\" data-rel=\"lightbox-gallery-lKXIKV1U\" data-rl_title=\"vor_2006_KA_M11\" data-rl_caption=\"\" title=\"vor_2006_KA_M11\"><img loading=\"lazy\" decoding=\"async\" class=\"alignnone size-thumbnail wp-image-2491\" src=\"http:\/\/www.pro-vo.at\/wp-content\/uploads\/2017\/11\/vor_2006_KA_M11-150x150.jpg\" alt=\"\" width=\"150\" height=\"150\" \/><\/a><\/p>\n<p>Margareta<br \/>\nF. Carulli: Moderato, C-Dur<\/p>\n<p>Barbara<br \/>\nM. Linnemann: Fliegenf\u00fc\u00dfe<br \/>\nB. Belohlavy: Man k\u00f6nnte sich vorstellen<\/p>\n<p>Kurt<br \/>\nAnon.: Greensleeves<\/p>\n<p>Matthias<br \/>\nP. Attaignant: Tordion<\/p>\n<p>Martina<br \/>\nTen Little Indians<\/p>\n<p>Katharina<br \/>\nTrad.: O Du lieber Augustin<br \/>\nScarborough Fair<\/p>\n<p>G\u00fcnter<br \/>\nAnon.: Pim<\/p>\n<p>Katharina<br \/>\nK. Hergge: Einbrecher!<\/p>\n<p>Anna<br \/>\nJ. Krieger: Menuett<br \/>\nJ.A. Dalza: Piva<\/p>\n<p>Barbara<br \/>\nB. Belohlavy: Kamelf\u00fc\u00dfe (mit Begleitung des Gitarrenensembles)<\/p>\n<p>Barbara , Martina ,\u00a0 Katharina , Anna<br \/>\nEls 7 Salts (Die sieben Spr\u00fcnge)<\/p>\n<p>&nbsp;<\/p>\n<p><a href=\"http:\/\/www.pro-vo.at\/index.php\/chronik\/\">Zur\u00fcck zur Chronik<\/a><\/p>\n","protected":false},"excerpt":{"rendered":"<p>Konzert 17.6. 2006 Sch\u00fclerinnen und Sch\u00fcler von Martha Hammerer Margareta F. Carulli: Moderato, C-Dur Barbara M. Linnemann: Fliegenf\u00fc\u00dfe B. Belohlavy: Man k\u00f6nnte sich vorstellen Kurt Anon.: Greensleeves Matthias P. Attaignant: Tordion Martina Ten Little Indians Katharina Trad.: O Du lieber Augustin Scarborough Fair G\u00fcnter Anon.: Pim Katharina K. Hergge: Einbrecher! Anna J. Krieger: Menuett J.A. &#8230; <a title=\"Gui 2006\" class=\"read-more\" href=\"https:\/\/www.pro-vo.at\/index.php\/chronik\/gui-2006\/\" aria-label=\"Mehr Informationen \u00fcber Gui 2006\">Weiterlesen<\/a><\/p>\n","protected":false},"author":1,"featured_media":0,"parent":28,"menu_order":0,"comment_status":"closed","ping_status":"closed","template":"","meta":{"footnotes":""},"class_list":["post-2480","page","type-page","status-publish"],"_links":{"self":[{"href":"https:\/\/www.pro-vo.at\/index.php\/wp-json\/wp\/v2\/pages\/2480","targetHints":{"allow":["GET"]}}],"collection":[{"href":"https:\/\/www.pro-vo.at\/index.php\/wp-json\/wp\/v2\/pages"}],"about":[{"href":"https:\/\/www.pro-vo.at\/index.php\/wp-json\/wp\/v2\/types\/page"}],"author":[{"embeddable":true,"href":"https:\/\/www.pro-vo.at\/index.php\/wp-json\/wp\/v2\/users\/1"}],"replies":[{"embeddable":true,"href":"https:\/\/www.pro-vo.at\/index.php\/wp-json\/wp\/v2\/comments?post=2480"}],"version-history":[{"count":1,"href":"https:\/\/www.pro-vo.at\/index.php\/wp-json\/wp\/v2\/pages\/2480\/revisions"}],"predecessor-version":[{"id":2492,"href":"https:\/\/www.pro-vo.at\/index.php\/wp-json\/wp\/v2\/pages\/2480\/revisions\/2492"}],"up":[{"embeddable":true,"href":"https:\/\/www.pro-vo.at\/index.php\/wp-json\/wp\/v2\/pages\/28"}],"wp:attachment":[{"href":"https:\/\/www.pro-vo.at\/index.php\/wp-json\/wp\/v2\/media?parent=2480"}],"curies":[{"name":"wp","href":"https:\/\/api.w.org\/{rel}","templated":true}]}}