{"id":2325,"date":"2017-11-09T14:00:03","date_gmt":"2017-11-09T14:00:03","guid":{"rendered":"http:\/\/www.pro-vo.at\/?page_id=2325"},"modified":"2017-11-09T14:00:03","modified_gmt":"2017-11-09T14:00:03","slug":"reiter","status":"publish","type":"page","link":"https:\/\/www.pro-vo.at\/index.php\/chronik\/reiter\/","title":{"rendered":"Reiter"},"content":{"rendered":"<h1>Weihnachts-Konzert<br \/>\nChristine Reiter &#8211; Kodo Yamagishi<\/h1>\n<p>Konzert am Freitag, 13. Dezember 2002 um 19 Uhr<br \/>\nGeburt<br \/>\neine H\u00f6hle bei Bethlehem &#8211; die Feier der ewig neuen Chancen<\/p>\n<p>&nbsp;<\/p>\n<p>&nbsp;<\/p>\n<p><a href=\"http:\/\/www.pro-vo.at\/wp-content\/uploads\/2017\/11\/chris2.jpg\" data-rel=\"lightbox-gallery-ttVBQdH0\" data-rl_title=\"chris2\" data-rl_caption=\"\" title=\"chris2\"><img loading=\"lazy\" decoding=\"async\" class=\"alignnone size-thumbnail wp-image-2326\" src=\"http:\/\/www.pro-vo.at\/wp-content\/uploads\/2017\/11\/chris2-150x150.jpg\" alt=\"\" width=\"150\" height=\"150\" \/><\/a> <a href=\"http:\/\/www.pro-vo.at\/wp-content\/uploads\/2017\/11\/chris3.jpg\" data-rel=\"lightbox-gallery-ttVBQdH0\" data-rl_title=\"chris3\" data-rl_caption=\"\" title=\"chris3\"><img loading=\"lazy\" decoding=\"async\" class=\"alignnone size-thumbnail wp-image-2327\" src=\"http:\/\/www.pro-vo.at\/wp-content\/uploads\/2017\/11\/chris3-150x150.jpg\" alt=\"\" width=\"150\" height=\"150\" \/><\/a> <a href=\"http:\/\/www.pro-vo.at\/wp-content\/uploads\/2017\/11\/chris4.jpg\" data-rel=\"lightbox-gallery-ttVBQdH0\" data-rl_title=\"chris4\" data-rl_caption=\"\" title=\"chris4\"><img loading=\"lazy\" decoding=\"async\" class=\"alignnone size-thumbnail wp-image-2328\" src=\"http:\/\/www.pro-vo.at\/wp-content\/uploads\/2017\/11\/chris4-150x150.jpg\" alt=\"\" width=\"150\" height=\"150\" \/><\/a> <a href=\"http:\/\/www.pro-vo.at\/wp-content\/uploads\/2017\/11\/chris5.jpg\" data-rel=\"lightbox-gallery-ttVBQdH0\" data-rl_title=\"chris5\" data-rl_caption=\"\" title=\"chris5\"><img loading=\"lazy\" decoding=\"async\" class=\"alignnone size-thumbnail wp-image-2329\" src=\"http:\/\/www.pro-vo.at\/wp-content\/uploads\/2017\/11\/chris5-150x150.jpg\" alt=\"\" width=\"150\" height=\"150\" \/><\/a> <a href=\"http:\/\/www.pro-vo.at\/wp-content\/uploads\/2017\/11\/chris6.jpg\" data-rel=\"lightbox-gallery-ttVBQdH0\" data-rl_title=\"chris6\" data-rl_caption=\"\" title=\"chris6\"><img loading=\"lazy\" decoding=\"async\" class=\"alignnone size-thumbnail wp-image-2330\" src=\"http:\/\/www.pro-vo.at\/wp-content\/uploads\/2017\/11\/chris6-150x150.jpg\" alt=\"\" width=\"150\" height=\"150\" \/><\/a><\/p>\n<h3>Christine Reiter Gesang\/Rezitation<\/h3>\n<p>studierte am Mozarteum Salzburg<br \/>\nGesang, Klavier und verschiedene Lehrf\u00e4cher.<br \/>\nIhre letzten Produktionen waren<br \/>\ndie Armida f\u00fcr die Haydnfestspiele Eisenstadt,<br \/>\nCagliari f\u00fcr eine Wiener Blut &#8211; Deutschlandtournee,<br \/>\nmehrere Hauptrollen f\u00fcr die Johann Strauss Gesellschaft Wien,<br \/>\nu.a. beim Klangbogen-Festival Wien 2001.<br \/>\nIm Mai sang und inszenierte sie ein Opernprojekt<br \/>\nim Sage-Theater New York.<br \/>\nZur Zeit tourt sie mit ihrem Solo-Kabarett:<br \/>\n`Das Opernvorsingen\u00b4 durch \u00d6sterreich.<\/p>\n<h3>\nKodo Yamagishi\u00a0Klavier<\/h3>\n<p>geboren in Japan und seit 1988 wohnhaft in Wien,<br \/>\nstudierte an der Musikhochschule Wien<br \/>\nKlavier, Komposition und Dirigieren.<br \/>\nEr nahm an zahlreichen Meisterkursen<br \/>\nim In-und Ausland teil, u.a. bei Fischer-Dieskau.<br \/>\nSeine letzten Engagements waren bei den Sommerfestspielen<br \/>\nin Klosterneuburg (Puccini: Gianii Schicchi),<br \/>\nbei den Haydn-Festspielen in Eisenstadt (Haydn: L\u00b4isola disabitata, Armida)<br \/>\nund bei &#8222;Open-Air&#8220; in Gars am Kamp (Puccini: Turandot, Tosca).<\/p>\n<p>Musik, Texte, Weihnachtspunsch<br \/>\nEintritt: EUR 15,&#8211;<\/p>\n<p><a href=\"http:\/\/www.pro-vo.at\/index.php\/chronik\/\">Zur\u00fcck zur Chronik<\/a><\/p>\n","protected":false},"excerpt":{"rendered":"<p>Weihnachts-Konzert Christine Reiter &#8211; Kodo Yamagishi Konzert am Freitag, 13. Dezember 2002 um 19 Uhr Geburt eine H\u00f6hle bei Bethlehem &#8211; die Feier der ewig neuen Chancen &nbsp; &nbsp; Christine Reiter Gesang\/Rezitation studierte am Mozarteum Salzburg Gesang, Klavier und verschiedene Lehrf\u00e4cher. Ihre letzten Produktionen waren die Armida f\u00fcr die Haydnfestspiele Eisenstadt, Cagliari f\u00fcr eine Wiener &#8230; <a title=\"Reiter\" class=\"read-more\" href=\"https:\/\/www.pro-vo.at\/index.php\/chronik\/reiter\/\" aria-label=\"Mehr Informationen \u00fcber Reiter\">Weiterlesen<\/a><\/p>\n","protected":false},"author":1,"featured_media":0,"parent":28,"menu_order":0,"comment_status":"closed","ping_status":"closed","template":"","meta":{"footnotes":""},"class_list":["post-2325","page","type-page","status-publish"],"_links":{"self":[{"href":"https:\/\/www.pro-vo.at\/index.php\/wp-json\/wp\/v2\/pages\/2325","targetHints":{"allow":["GET"]}}],"collection":[{"href":"https:\/\/www.pro-vo.at\/index.php\/wp-json\/wp\/v2\/pages"}],"about":[{"href":"https:\/\/www.pro-vo.at\/index.php\/wp-json\/wp\/v2\/types\/page"}],"author":[{"embeddable":true,"href":"https:\/\/www.pro-vo.at\/index.php\/wp-json\/wp\/v2\/users\/1"}],"replies":[{"embeddable":true,"href":"https:\/\/www.pro-vo.at\/index.php\/wp-json\/wp\/v2\/comments?post=2325"}],"version-history":[{"count":1,"href":"https:\/\/www.pro-vo.at\/index.php\/wp-json\/wp\/v2\/pages\/2325\/revisions"}],"predecessor-version":[{"id":2331,"href":"https:\/\/www.pro-vo.at\/index.php\/wp-json\/wp\/v2\/pages\/2325\/revisions\/2331"}],"up":[{"embeddable":true,"href":"https:\/\/www.pro-vo.at\/index.php\/wp-json\/wp\/v2\/pages\/28"}],"wp:attachment":[{"href":"https:\/\/www.pro-vo.at\/index.php\/wp-json\/wp\/v2\/media?parent=2325"}],"curies":[{"name":"wp","href":"https:\/\/api.w.org\/{rel}","templated":true}]}}