{"id":1344,"date":"2017-10-13T12:48:59","date_gmt":"2017-10-13T12:48:59","guid":{"rendered":"http:\/\/www.pro-vo.at\/?page_id=1344"},"modified":"2017-10-14T15:54:49","modified_gmt":"2017-10-14T15:54:49","slug":"karin-gayer-flechtwerk","status":"publish","type":"page","link":"https:\/\/www.pro-vo.at\/index.php\/chronik\/karin-gayer-flechtwerk\/","title":{"rendered":"Karin Gayer Flechtwerk"},"content":{"rendered":"<h1>Flechtwerk Karin Gayer<\/h1>\n<p>&nbsp;<\/p>\n<p>Dichterlesung und Buchpr\u00e4sentation<\/p>\n<p>am 25. April 2002<br \/>\num 19 Uhr<\/p>\n<p><a href=\"http:\/\/www.pro-vo.at\/wp-content\/uploads\/2017\/10\/vor_gay.jpg\" data-rel=\"lightbox-gallery-j6uVEp7d\" data-rl_title=\"vor_gay\" data-rl_caption=\"\" title=\"vor_gay\"><img loading=\"lazy\" decoding=\"async\" class=\"alignnone size-thumbnail wp-image-1351\" src=\"http:\/\/www.pro-vo.at\/wp-content\/uploads\/2017\/10\/vor_gay-150x150.jpg\" alt=\"\" width=\"150\" height=\"150\" \/><\/a><\/p>\n<p>NEUE WELT<br \/>\nIn gr\u00fcnen Regentropfen<br \/>\nauf blauen Wassert\u00fcrmen<br \/>\ndie W\u00e4rme deiner<br \/>\nschmalen, z\u00e4hen Hand<br \/>\nin tiefen, feuchten Grotten<br \/>\ngilt es Neues zu entdecken<br \/>\nich la\u00df dich ein<br \/>\nsichtlich sp\u00fcrbar Vibration<br \/>\nin unserer Ann\u00e4herung<br \/>\ndas Entfernen schmerzt<br \/>\ndoch bringt es Schlaf<br \/>\nwir lachen laut auf<br \/>\nin gelber Stimmung<br \/>\nund in der dunkelroten<br \/>\nk\u00fc\u00dft du meine Tr\u00e4nen.<\/p>\n<p><a href=\"http:\/\/www.pro-vo.at\/wp-content\/uploads\/2017\/10\/gay1.jpg\" data-rel=\"lightbox-gallery-j6uVEp7d\" data-rl_title=\"gay1\" data-rl_caption=\"\" title=\"gay1\"><img loading=\"lazy\" decoding=\"async\" class=\"alignnone size-thumbnail wp-image-1345\" src=\"http:\/\/www.pro-vo.at\/wp-content\/uploads\/2017\/10\/gay1-150x150.jpg\" alt=\"\" width=\"150\" height=\"150\" \/><\/a> <a href=\"http:\/\/www.pro-vo.at\/wp-content\/uploads\/2017\/10\/gay2.jpg\" data-rel=\"lightbox-gallery-j6uVEp7d\" data-rl_title=\"gay2\" data-rl_caption=\"\" title=\"gay2\"><img loading=\"lazy\" decoding=\"async\" class=\"alignnone size-thumbnail wp-image-1346\" src=\"http:\/\/www.pro-vo.at\/wp-content\/uploads\/2017\/10\/gay2-150x150.jpg\" alt=\"\" width=\"150\" height=\"150\" \/><\/a> <a href=\"http:\/\/www.pro-vo.at\/wp-content\/uploads\/2017\/10\/gay3.jpg\" data-rel=\"lightbox-gallery-j6uVEp7d\" data-rl_title=\"gay3\" data-rl_caption=\"\" title=\"gay3\"><img loading=\"lazy\" decoding=\"async\" class=\"alignnone size-thumbnail wp-image-1347\" src=\"http:\/\/www.pro-vo.at\/wp-content\/uploads\/2017\/10\/gay3-150x150.jpg\" alt=\"\" width=\"150\" height=\"150\" \/><\/a> <a href=\"http:\/\/www.pro-vo.at\/wp-content\/uploads\/2017\/10\/gay4.jpg\" data-rel=\"lightbox-gallery-j6uVEp7d\" data-rl_title=\"gay4\" data-rl_caption=\"\" title=\"gay4\"><img loading=\"lazy\" decoding=\"async\" class=\"alignnone size-thumbnail wp-image-1348\" src=\"http:\/\/www.pro-vo.at\/wp-content\/uploads\/2017\/10\/gay4-150x150.jpg\" alt=\"\" width=\"150\" height=\"150\" \/><\/a> <a href=\"http:\/\/www.pro-vo.at\/wp-content\/uploads\/2017\/10\/gay5.jpg\" data-rel=\"lightbox-gallery-j6uVEp7d\" data-rl_title=\"gay5\" data-rl_caption=\"\" title=\"gay5\"><img loading=\"lazy\" decoding=\"async\" class=\"alignnone size-thumbnail wp-image-1349\" src=\"http:\/\/www.pro-vo.at\/wp-content\/uploads\/2017\/10\/gay5-150x150.jpg\" alt=\"\" width=\"150\" height=\"150\" \/><\/a> <a href=\"http:\/\/www.pro-vo.at\/wp-content\/uploads\/2017\/10\/gay6.jpg\" data-rel=\"lightbox-gallery-j6uVEp7d\" data-rl_title=\"gay6\" data-rl_caption=\"\" title=\"gay6\"><img loading=\"lazy\" decoding=\"async\" class=\"alignnone size-thumbnail wp-image-1350\" src=\"http:\/\/www.pro-vo.at\/wp-content\/uploads\/2017\/10\/gay6-150x150.jpg\" alt=\"\" width=\"150\" height=\"150\" \/><\/a><\/p>\n<p>&nbsp;<\/p>\n","protected":false},"excerpt":{"rendered":"<p>Flechtwerk Karin Gayer &nbsp; Dichterlesung und Buchpr\u00e4sentation am 25. April 2002 um 19 Uhr NEUE WELT In gr\u00fcnen Regentropfen auf blauen Wassert\u00fcrmen die W\u00e4rme deiner schmalen, z\u00e4hen Hand in tiefen, feuchten Grotten gilt es Neues zu entdecken ich la\u00df dich ein sichtlich sp\u00fcrbar Vibration in unserer Ann\u00e4herung das Entfernen schmerzt doch bringt es Schlaf wir &#8230; <a title=\"Karin Gayer Flechtwerk\" class=\"read-more\" href=\"https:\/\/www.pro-vo.at\/index.php\/chronik\/karin-gayer-flechtwerk\/\" aria-label=\"Mehr Informationen \u00fcber Karin Gayer Flechtwerk\">Weiterlesen<\/a><\/p>\n","protected":false},"author":1,"featured_media":0,"parent":28,"menu_order":0,"comment_status":"closed","ping_status":"closed","template":"","meta":{"footnotes":""},"class_list":["post-1344","page","type-page","status-publish"],"_links":{"self":[{"href":"https:\/\/www.pro-vo.at\/index.php\/wp-json\/wp\/v2\/pages\/1344","targetHints":{"allow":["GET"]}}],"collection":[{"href":"https:\/\/www.pro-vo.at\/index.php\/wp-json\/wp\/v2\/pages"}],"about":[{"href":"https:\/\/www.pro-vo.at\/index.php\/wp-json\/wp\/v2\/types\/page"}],"author":[{"embeddable":true,"href":"https:\/\/www.pro-vo.at\/index.php\/wp-json\/wp\/v2\/users\/1"}],"replies":[{"embeddable":true,"href":"https:\/\/www.pro-vo.at\/index.php\/wp-json\/wp\/v2\/comments?post=1344"}],"version-history":[{"count":2,"href":"https:\/\/www.pro-vo.at\/index.php\/wp-json\/wp\/v2\/pages\/1344\/revisions"}],"predecessor-version":[{"id":1361,"href":"https:\/\/www.pro-vo.at\/index.php\/wp-json\/wp\/v2\/pages\/1344\/revisions\/1361"}],"up":[{"embeddable":true,"href":"https:\/\/www.pro-vo.at\/index.php\/wp-json\/wp\/v2\/pages\/28"}],"wp:attachment":[{"href":"https:\/\/www.pro-vo.at\/index.php\/wp-json\/wp\/v2\/media?parent=1344"}],"curies":[{"name":"wp","href":"https:\/\/api.w.org\/{rel}","templated":true}]}}