{"id":1187,"date":"2017-09-25T08:51:14","date_gmt":"2017-09-25T08:51:14","guid":{"rendered":"http:\/\/www.pro-vo.at\/?page_id=1187"},"modified":"2021-09-01T11:55:52","modified_gmt":"2021-09-01T11:55:52","slug":"der-verein-pro-vo","status":"publish","type":"page","link":"https:\/\/www.pro-vo.at\/index.php\/pro-vo\/der-verein-pro-vo\/","title":{"rendered":"Der Verein pro-vo"},"content":{"rendered":"<h1>Der Verein pro-vo<\/h1>\n<p>Die pro-vo ist ein gemeinn\u00fctziger Verein,<br \/>\nder im Herbst 2000 gegr\u00fcndet wurde.<br \/>\nSeit 2007 befindet sich das Vereinslokal<br \/>\nin der Huglgasse 24,1150 Wien.<\/p>\n<p>In der pro-vo bieten wir hochwertigen\u00a0 <a href=\"http:\/\/www.pro-vo.at\/index.php\/kurse\/musik\/\">Musikunterricht\u00a0<\/a><br \/>\nf\u00fcr alle Altersstufen (Kinder und Erwachsene),<br \/>\nsowie Kurse und Workshops an.<br \/>\nAu\u00dferdem finden regelm\u00e4\u00dfig Konzerte und Klassenabende statt,<br \/>\ndazu im Dezember ein Adventkonzert und zum Schulschluss unser Sommerfestival.<\/p>\n<p>Herbst 2021 im Hof<br \/>\n<img loading=\"lazy\" decoding=\"async\" class=\"alignnone size-thumbnail wp-image-5139\" src=\"http:\/\/www.pro-vo.at\/wp-content\/uploads\/2021\/09\/2021-08-Hof-mit-w-Wein-150x113.jpg\" alt=\"\" width=\"150\" height=\"113\" srcset=\"https:\/\/www.pro-vo.at\/wp-content\/uploads\/2021\/09\/2021-08-Hof-mit-w-Wein-150x113.jpg 150w, https:\/\/www.pro-vo.at\/wp-content\/uploads\/2021\/09\/2021-08-Hof-mit-w-Wein-300x225.jpg 300w, https:\/\/www.pro-vo.at\/wp-content\/uploads\/2021\/09\/2021-08-Hof-mit-w-Wein-768x576.jpg 768w, https:\/\/www.pro-vo.at\/wp-content\/uploads\/2021\/09\/2021-08-Hof-mit-w-Wein-1024x768.jpg 1024w, https:\/\/www.pro-vo.at\/wp-content\/uploads\/2021\/09\/2021-08-Hof-mit-w-Wein.jpg 1440w\" sizes=\"auto, (max-width: 150px) 100vw, 150px\" \/><\/p>\n<p>&nbsp;<\/p>\n<p>&nbsp;<\/p>\n<p>&nbsp;<\/p>\n","protected":false},"excerpt":{"rendered":"<p>Der Verein pro-vo Die pro-vo ist ein gemeinn\u00fctziger Verein, der im Herbst 2000 gegr\u00fcndet wurde. Seit 2007 befindet sich das Vereinslokal in der Huglgasse 24,1150 Wien. In der pro-vo bieten wir hochwertigen\u00a0 Musikunterricht\u00a0 f\u00fcr alle Altersstufen (Kinder und Erwachsene), sowie Kurse und Workshops an. Au\u00dferdem finden regelm\u00e4\u00dfig Konzerte und Klassenabende statt, dazu im Dezember ein &#8230; <a title=\"Der Verein pro-vo\" class=\"read-more\" href=\"https:\/\/www.pro-vo.at\/index.php\/pro-vo\/der-verein-pro-vo\/\" aria-label=\"Mehr Informationen \u00fcber Der Verein pro-vo\">Weiterlesen<\/a><\/p>\n","protected":false},"author":1,"featured_media":0,"parent":19,"menu_order":0,"comment_status":"closed","ping_status":"closed","template":"","meta":{"footnotes":""},"class_list":["post-1187","page","type-page","status-publish"],"_links":{"self":[{"href":"https:\/\/www.pro-vo.at\/index.php\/wp-json\/wp\/v2\/pages\/1187","targetHints":{"allow":["GET"]}}],"collection":[{"href":"https:\/\/www.pro-vo.at\/index.php\/wp-json\/wp\/v2\/pages"}],"about":[{"href":"https:\/\/www.pro-vo.at\/index.php\/wp-json\/wp\/v2\/types\/page"}],"author":[{"embeddable":true,"href":"https:\/\/www.pro-vo.at\/index.php\/wp-json\/wp\/v2\/users\/1"}],"replies":[{"embeddable":true,"href":"https:\/\/www.pro-vo.at\/index.php\/wp-json\/wp\/v2\/comments?post=1187"}],"version-history":[{"count":7,"href":"https:\/\/www.pro-vo.at\/index.php\/wp-json\/wp\/v2\/pages\/1187\/revisions"}],"predecessor-version":[{"id":5140,"href":"https:\/\/www.pro-vo.at\/index.php\/wp-json\/wp\/v2\/pages\/1187\/revisions\/5140"}],"up":[{"embeddable":true,"href":"https:\/\/www.pro-vo.at\/index.php\/wp-json\/wp\/v2\/pages\/19"}],"wp:attachment":[{"href":"https:\/\/www.pro-vo.at\/index.php\/wp-json\/wp\/v2\/media?parent=1187"}],"curies":[{"name":"wp","href":"https:\/\/api.w.org\/{rel}","templated":true}]}}