{"id":105,"date":"2017-06-28T14:32:16","date_gmt":"2017-06-28T14:32:16","guid":{"rendered":"http:\/\/www.pro-vo.at\/?page_id=105"},"modified":"2017-07-24T10:26:44","modified_gmt":"2017-07-24T10:26:44","slug":"maerzstrasse-alt","status":"publish","type":"page","link":"https:\/\/www.pro-vo.at\/index.php\/pro-vo\/maerzstrasse-alt\/","title":{"rendered":"m\u00e4rzstrasse &#8211; alt"},"content":{"rendered":"<h1>M\u00e4rzstrasse &#8211; ALT<\/h1>\n<p>Das erste Lokal der pro-vo.<\/p>\n<p>Das waren die R\u00e4ume in der M\u00e4rzstrasse 40, 1150 Wien. Sie waren bis Ende Mai 2004 das Vereinslokal.<\/p>\n<p>&nbsp;<\/p>\n<p><a href=\"http:\/\/www.pro-vo.at\/wp-content\/uploads\/2017\/07\/eroffn.jpg\" data-rel=\"lightbox-gallery-PRIfWoL4\" data-rl_title=\"eroffn\" data-rl_caption=\"\" title=\"eroffn\"><img loading=\"lazy\" decoding=\"async\" class=\"alignleft wp-image-406 size-thumbnail\" src=\"http:\/\/www.pro-vo.at\/wp-content\/uploads\/2017\/07\/eroffn-150x150.jpg\" alt=\"\" width=\"150\" height=\"150\" \/><\/a><a href=\"http:\/\/www.pro-vo.at\/wp-content\/uploads\/2017\/07\/kon4.jpg\" data-rel=\"lightbox-gallery-PRIfWoL4\" data-rl_title=\"kon4\" data-rl_caption=\"\" title=\"kon4\"><img loading=\"lazy\" decoding=\"async\" class=\"alignleft wp-image-407 size-thumbnail\" src=\"http:\/\/www.pro-vo.at\/wp-content\/uploads\/2017\/07\/kon4-150x150.jpg\" alt=\"\" width=\"150\" height=\"150\" \/><\/a><a href=\"http:\/\/www.pro-vo.at\/wp-content\/uploads\/2017\/07\/kon8.jpg\" data-rel=\"lightbox-gallery-PRIfWoL4\" data-rl_title=\"kon8\" data-rl_caption=\"\" title=\"kon8\"><img loading=\"lazy\" decoding=\"async\" class=\"alignleft wp-image-408 size-thumbnail\" src=\"http:\/\/www.pro-vo.at\/wp-content\/uploads\/2017\/07\/kon8-150x150.jpg\" alt=\"\" width=\"150\" height=\"150\" \/><\/a><a href=\"http:\/\/www.pro-vo.at\/wp-content\/uploads\/2017\/07\/kuchenth.jpg\" data-rel=\"lightbox-gallery-PRIfWoL4\" data-rl_title=\"kuchenth\" data-rl_caption=\"\" title=\"kuchenth\"><img loading=\"lazy\" decoding=\"async\" class=\"alignleft wp-image-409 size-thumbnail\" src=\"http:\/\/www.pro-vo.at\/wp-content\/uploads\/2017\/07\/kuchenth-150x150.jpg\" alt=\"\" width=\"150\" height=\"150\" \/><\/a><a href=\"http:\/\/www.pro-vo.at\/wp-content\/uploads\/2017\/07\/rotesofa.jpg\" data-rel=\"lightbox-gallery-PRIfWoL4\" data-rl_title=\"rotesofa\" data-rl_caption=\"\" title=\"rotesofa\"><img loading=\"lazy\" decoding=\"async\" class=\"alignleft wp-image-410 size-thumbnail\" src=\"http:\/\/www.pro-vo.at\/wp-content\/uploads\/2017\/07\/rotesofa-150x150.jpg\" alt=\"\" width=\"150\" height=\"150\" \/><\/a> <a href=\"http:\/\/www.pro-vo.at\/wp-content\/uploads\/2017\/07\/tischeBod.jpg\" data-rel=\"lightbox-gallery-PRIfWoL4\" data-rl_title=\"tischeBod\" data-rl_caption=\"\" title=\"tischeBod\"><img loading=\"lazy\" decoding=\"async\" class=\"alignleft wp-image-411 size-thumbnail\" src=\"http:\/\/www.pro-vo.at\/wp-content\/uploads\/2017\/07\/tischeBod-150x150.jpg\" alt=\"tischeBod\" width=\"150\" height=\"150\" \/><\/a><a href=\"http:\/\/www.pro-vo.at\/wp-content\/uploads\/2017\/07\/tischeGe.jpg\" data-rel=\"lightbox-gallery-PRIfWoL4\" data-rl_title=\"pro-vo alt: M\u00e4rzstra\u00dfe\" data-rl_caption=\"\" title=\"pro-vo alt: M\u00e4rzstra\u00dfe\"><img loading=\"lazy\" decoding=\"async\" class=\"alignleft size-thumbnail wp-image-412\" src=\"http:\/\/www.pro-vo.at\/wp-content\/uploads\/2017\/07\/tischeGe-150x150.jpg\" alt=\" \" width=\"150\" height=\"150\" \/><\/a><a href=\"http:\/\/www.pro-vo.at\/wp-content\/uploads\/2017\/07\/tischeBod.jpg\" data-rel=\"lightbox-gallery-PRIfWoL4\" data-rl_title=\"tischeBod\" data-rl_caption=\"\" title=\"tischeBod\"><\/a><\/p>\n<p>&nbsp;<\/p>\n<p>&nbsp;<\/p>\n","protected":false},"excerpt":{"rendered":"<p>M\u00e4rzstrasse &#8211; ALT Das erste Lokal der pro-vo. Das waren die R\u00e4ume in der M\u00e4rzstrasse 40, 1150 Wien. Sie waren bis Ende Mai 2004 das Vereinslokal. &nbsp; &nbsp; &nbsp;<\/p>\n","protected":false},"author":2,"featured_media":0,"parent":19,"menu_order":3,"comment_status":"closed","ping_status":"closed","template":"","meta":{"footnotes":""},"class_list":["post-105","page","type-page","status-publish"],"_links":{"self":[{"href":"https:\/\/www.pro-vo.at\/index.php\/wp-json\/wp\/v2\/pages\/105","targetHints":{"allow":["GET"]}}],"collection":[{"href":"https:\/\/www.pro-vo.at\/index.php\/wp-json\/wp\/v2\/pages"}],"about":[{"href":"https:\/\/www.pro-vo.at\/index.php\/wp-json\/wp\/v2\/types\/page"}],"author":[{"embeddable":true,"href":"https:\/\/www.pro-vo.at\/index.php\/wp-json\/wp\/v2\/users\/2"}],"replies":[{"embeddable":true,"href":"https:\/\/www.pro-vo.at\/index.php\/wp-json\/wp\/v2\/comments?post=105"}],"version-history":[{"count":27,"href":"https:\/\/www.pro-vo.at\/index.php\/wp-json\/wp\/v2\/pages\/105\/revisions"}],"predecessor-version":[{"id":478,"href":"https:\/\/www.pro-vo.at\/index.php\/wp-json\/wp\/v2\/pages\/105\/revisions\/478"}],"up":[{"embeddable":true,"href":"https:\/\/www.pro-vo.at\/index.php\/wp-json\/wp\/v2\/pages\/19"}],"wp:attachment":[{"href":"https:\/\/www.pro-vo.at\/index.php\/wp-json\/wp\/v2\/media?parent=105"}],"curies":[{"name":"wp","href":"https:\/\/api.w.org\/{rel}","templated":true}]}}

märzstrasse &#8211; alt

<h1>Märzstrasse &#8211; ALT</h1>
<p>Das erste Lokal der pro-vo.</p>
<p>Das waren die Räume in der Märzstrasse 40, 1150 Wien. Sie waren bis Ende Mai 2004 das Vereinslokal.</p>
<p>&nbsp;</p>
<p><a href="http://www.pro-vo.at/wp-content/uploads/2017/07/eroffn.jpg" data-rel="lightbox-gallery-PRIfWoL4" data-rl_title="eroffn" data-rl_caption="" title="eroffn"><img loading="lazy" decoding="async" class="alignleft wp-image-406 size-thumbnail" src="http://www.pro-vo.at/wp-content/uploads/2017/07/eroffn-150x150.jpg" alt="" width="150" height="150" /></a><a href="http://www.pro-vo.at/wp-content/uploads/2017/07/kon4.jpg" data-rel="lightbox-gallery-PRIfWoL4" data-rl_title="kon4" data-rl_caption="" title="kon4"><img loading="lazy" decoding="async" class="alignleft wp-image-407 size-thumbnail" src="http://www.pro-vo.at/wp-content/uploads/2017/07/kon4-150x150.jpg" alt="" width="150" height="150" /></a><a href="http://www.pro-vo.at/wp-content/uploads/2017/07/kon8.jpg" data-rel="lightbox-gallery-PRIfWoL4" data-rl_title="kon8" data-rl_caption="" title="kon8"><img loading="lazy" decoding="async" class="alignleft wp-image-408 size-thumbnail" src="http://www.pro-vo.at/wp-content/uploads/2017/07/kon8-150x150.jpg" alt="" width="150" height="150" /></a><a href="http://www.pro-vo.at/wp-content/uploads/2017/07/kuchenth.jpg" data-rel="lightbox-gallery-PRIfWoL4" data-rl_title="kuchenth" data-rl_caption="" title="kuchenth"><img loading="lazy" decoding="async" class="alignleft wp-image-409 size-thumbnail" src="http://www.pro-vo.at/wp-content/uploads/2017/07/kuchenth-150x150.jpg" alt="" width="150" height="150" /></a><a href="http://www.pro-vo.at/wp-content/uploads/2017/07/rotesofa.jpg" data-rel="lightbox-gallery-PRIfWoL4" data-rl_title="rotesofa" data-rl_caption="" title="rotesofa"><img loading="lazy" decoding="async" class="alignleft wp-image-410 size-thumbnail" src="http://www.pro-vo.at/wp-content/uploads/2017/07/rotesofa-150x150.jpg" alt="" width="150" height="150" /></a> <a href="http://www.pro-vo.at/wp-content/uploads/2017/07/tischeBod.jpg" data-rel="lightbox-gallery-PRIfWoL4" data-rl_title="tischeBod" data-rl_caption="" title="tischeBod"><img loading="lazy" decoding="async" class="alignleft wp-image-411 size-thumbnail" src="http://www.pro-vo.at/wp-content/uploads/2017/07/tischeBod-150x150.jpg" alt="tischeBod" width="150" height="150" /></a><a href="http://www.pro-vo.at/wp-content/uploads/2017/07/tischeGe.jpg" data-rel="lightbox-gallery-PRIfWoL4" data-rl_title="pro-vo alt: Märzstraße" data-rl_caption="" title="pro-vo alt: Märzstraße"><img loading="lazy" decoding="async" class="alignleft size-thumbnail wp-image-412" src="http://www.pro-vo.at/wp-content/uploads/2017/07/tischeGe-150x150.jpg" alt=" " width="150" height="150" /></a><a href="http://www.pro-vo.at/wp-content/uploads/2017/07/tischeBod.jpg" data-rel="lightbox-gallery-PRIfWoL4" data-rl_title="tischeBod" data-rl_caption="" title="tischeBod"></a></p>
<p>&nbsp;</p>
<p>&nbsp;</p>

<p>Märzstrasse &#8211; ALT Das erste Lokal der pro-vo. Das waren die Räume in der Märzstrasse 40, 1150 Wien. Sie waren bis Ende Mai 2004 das Vereinslokal. &nbsp; &nbsp; &nbsp;</p>
