{"id":1002,"date":"2017-09-18T17:42:01","date_gmt":"2017-09-18T17:42:01","guid":{"rendered":"http:\/\/www.pro-vo.at\/?page_id=1002"},"modified":"2017-09-18T17:56:12","modified_gmt":"2017-09-18T17:56:12","slug":"vernissage-brigitte-romsdorfer","status":"publish","type":"page","link":"https:\/\/www.pro-vo.at\/index.php\/chronik\/vernissage-brigitte-romsdorfer\/","title":{"rendered":"Vernissage Brigitte Romsdorfer"},"content":{"rendered":"<h1>Vernissage Brigitte Romsdorfer<\/h1>\n<p>Brigitte K. Romsdorfer wurde 1949 in Merken\/D\u00fcren BRD geboren und lebt seit 1975 in Wien. Die K\u00fcnstlerin ist verheiratet und besitzt seit 1990 die \u00f6sterreichische Staatsb\u00fcrgerschaft. Im Jahr 1996 entdeckte die autodidaktische Malerin das Spiel der Farben und die Harmonie der Gestaltung. Sie bildet sich seither in verschiedenen Fortbildungskursen weiter und sieht die Malerei als erg\u00e4nzendes Hobby.<\/p>\n<p>&nbsp;<\/p>\n<p><a href=\"http:\/\/www.pro-vo.at\/wp-content\/uploads\/2017\/09\/vor1_br.jpg\" data-rel=\"lightbox-gallery-Om85vIBc\" data-rl_title=\"vor1_br\" data-rl_caption=\"\" title=\"vor1_br\"><img loading=\"lazy\" decoding=\"async\" class=\"alignnone size-thumbnail wp-image-1006\" src=\"http:\/\/www.pro-vo.at\/wp-content\/uploads\/2017\/09\/vor1_br-150x150.jpg\" alt=\"\" width=\"150\" height=\"150\" \/><\/a> <a href=\"http:\/\/www.pro-vo.at\/wp-content\/uploads\/2017\/09\/vor2_br.jpg\" data-rel=\"lightbox-gallery-Om85vIBc\" data-rl_title=\"vor2_br\" data-rl_caption=\"\" title=\"vor2_br\"><img loading=\"lazy\" decoding=\"async\" class=\"alignnone size-thumbnail wp-image-1007\" src=\"http:\/\/www.pro-vo.at\/wp-content\/uploads\/2017\/09\/vor2_br-150x150.jpg\" alt=\"\" width=\"150\" height=\"150\" \/><\/a><\/p>\n<p>&nbsp;<\/p>\n<p>&nbsp;<\/p>\n<p>&nbsp;<\/p>\n<p><a href=\"http:\/\/www.pro-vo.at\/index.php\/chronik\/\">Zur\u00fcck zur Chronik\u00a0<\/a><\/p>\n<p>&nbsp;<\/p>\n","protected":false},"excerpt":{"rendered":"<p>Vernissage Brigitte Romsdorfer Brigitte K. Romsdorfer wurde 1949 in Merken\/D\u00fcren BRD geboren und lebt seit 1975 in Wien. Die K\u00fcnstlerin ist verheiratet und besitzt seit 1990 die \u00f6sterreichische Staatsb\u00fcrgerschaft. Im Jahr 1996 entdeckte die autodidaktische Malerin das Spiel der Farben und die Harmonie der Gestaltung. Sie bildet sich seither in verschiedenen Fortbildungskursen weiter und sieht &#8230; <a title=\"Vernissage Brigitte Romsdorfer\" class=\"read-more\" href=\"https:\/\/www.pro-vo.at\/index.php\/chronik\/vernissage-brigitte-romsdorfer\/\" aria-label=\"Mehr Informationen \u00fcber Vernissage Brigitte Romsdorfer\">Weiterlesen<\/a><\/p>\n","protected":false},"author":1,"featured_media":0,"parent":28,"menu_order":0,"comment_status":"closed","ping_status":"closed","template":"","meta":{"footnotes":""},"class_list":["post-1002","page","type-page","status-publish"],"_links":{"self":[{"href":"https:\/\/www.pro-vo.at\/index.php\/wp-json\/wp\/v2\/pages\/1002","targetHints":{"allow":["GET"]}}],"collection":[{"href":"https:\/\/www.pro-vo.at\/index.php\/wp-json\/wp\/v2\/pages"}],"about":[{"href":"https:\/\/www.pro-vo.at\/index.php\/wp-json\/wp\/v2\/types\/page"}],"author":[{"embeddable":true,"href":"https:\/\/www.pro-vo.at\/index.php\/wp-json\/wp\/v2\/users\/1"}],"replies":[{"embeddable":true,"href":"https:\/\/www.pro-vo.at\/index.php\/wp-json\/wp\/v2\/comments?post=1002"}],"version-history":[{"count":9,"href":"https:\/\/www.pro-vo.at\/index.php\/wp-json\/wp\/v2\/pages\/1002\/revisions"}],"predecessor-version":[{"id":1017,"href":"https:\/\/www.pro-vo.at\/index.php\/wp-json\/wp\/v2\/pages\/1002\/revisions\/1017"}],"up":[{"embeddable":true,"href":"https:\/\/www.pro-vo.at\/index.php\/wp-json\/wp\/v2\/pages\/28"}],"wp:attachment":[{"href":"https:\/\/www.pro-vo.at\/index.php\/wp-json\/wp\/v2\/media?parent=1002"}],"curies":[{"name":"wp","href":"https:\/\/api.w.org\/{rel}","templated":true}]}}